{"id":29057,"date":"2024-06-26T15:01:39","date_gmt":"2024-06-26T14:01:39","guid":{"rendered":"https:\/\/visitaltotamegaebarroso.pt\/events\/chaves-cycle-nos-artistes-2024\/"},"modified":"2024-06-26T15:01:39","modified_gmt":"2024-06-26T14:01:39","slug":"chaves-cycle-nos-artistes-2024","status":"publish","type":"mec-events","link":"https:\/\/visitaltotamegaebarroso.pt\/fr\/events\/chaves-cycle-nos-artistes-2024\/","title":{"rendered":"Chaves | Cycle \u00ab\u00a0Nos artistes\u00a0\u00bb 2024"},"content":{"rendered":"<p>\u00ab\u00a0Eyes on Canvas\u00a0\u00bb, d&rsquo;Alu\u00edzio Loureiro.<br \/>\nVernissage le 3 juillet.<\/p>\n<p>Alu\u00edzio Loureiro est un artiste br\u00e9silien naturalis\u00e9 portugais. Il a rejoint la Sociedade Brasileira de Belas Artes en 1973, o\u00f9 il a \u00e9tudi\u00e9 le dessin artistique. En 1989, d\u00e9j\u00e0 au Portugal, il entame une nouvelle phase, apr\u00e8s avoir r\u00e9alis\u00e9 plusieurs expositions qui lui ont donn\u00e9 un nouvel \u00e9lan dans la recherche de nouvelles voies, toujours dans le but d&rsquo;am\u00e9liorer ses connaissances. M\u00e9decin de profession et de vocation, il se consacre \u00e0 la peinture depuis plusieurs d\u00e9cennies et, depuis qu&rsquo;il est \u00e0 la retraite, il a transform\u00e9 son atelier en sanctuaire, se consacrant enti\u00e8rement \u00e0 la peinture.<\/p>\n<p>Entr\u00e9e libre.<\/p>\n<p>Organis\u00e9 par : Municipalit\u00e9 de Chaves<\/p>\n","protected":false},"excerpt":{"rendered":"<p>\u00ab\u00a0Eyes on Canvas\u00a0\u00bb, d&rsquo;Alu\u00edzio Loureiro. Vernissage le 3 juillet. Alu\u00edzio Loureiro est un artiste br\u00e9silien naturalis\u00e9 portugais. Il a rejoint la Sociedade Brasileira de Belas Artes en 1973, o\u00f9 il a \u00e9tudi\u00e9 le dessin artistique. En 1989, d\u00e9j\u00e0 au Portugal, [&hellip;]<\/p>\n","protected":false},"author":5,"featured_media":29053,"comment_status":"closed","ping_status":"closed","template":"","tags":[],"mec_category":[715],"_links":{"self":[{"href":"https:\/\/visitaltotamegaebarroso.pt\/fr\/wp-json\/wp\/v2\/mec-events\/29057"}],"collection":[{"href":"https:\/\/visitaltotamegaebarroso.pt\/fr\/wp-json\/wp\/v2\/mec-events"}],"about":[{"href":"https:\/\/visitaltotamegaebarroso.pt\/fr\/wp-json\/wp\/v2\/types\/mec-events"}],"author":[{"embeddable":true,"href":"https:\/\/visitaltotamegaebarroso.pt\/fr\/wp-json\/wp\/v2\/users\/5"}],"replies":[{"embeddable":true,"href":"https:\/\/visitaltotamegaebarroso.pt\/fr\/wp-json\/wp\/v2\/comments?post=29057"}],"wp:featuredmedia":[{"embeddable":true,"href":"https:\/\/visitaltotamegaebarroso.pt\/fr\/wp-json\/wp\/v2\/media\/29053"}],"wp:attachment":[{"href":"https:\/\/visitaltotamegaebarroso.pt\/fr\/wp-json\/wp\/v2\/media?parent=29057"}],"wp:term":[{"taxonomy":"post_tag","embeddable":true,"href":"https:\/\/visitaltotamegaebarroso.pt\/fr\/wp-json\/wp\/v2\/tags?post=29057"},{"taxonomy":"mec_category","embeddable":true,"href":"https:\/\/visitaltotamegaebarroso.pt\/fr\/wp-json\/wp\/v2\/mec_category?post=29057"}],"curies":[{"name":"wp","href":"https:\/\/api.w.org\/{rel}","templated":true}]}}

<p>« Eyes on Canvas », d&rsquo;Aluízio Loureiro.<br />
Vernissage le 3 juillet.</p>
<p>Aluízio Loureiro est un artiste brésilien naturalisé portugais. Il a rejoint la Sociedade Brasileira de Belas Artes en 1973, où il a étudié le dessin artistique. En 1989, déjà au Portugal, il entame une nouvelle phase, après avoir réalisé plusieurs expositions qui lui ont donné un nouvel élan dans la recherche de nouvelles voies, toujours dans le but d&rsquo;améliorer ses connaissances. Médecin de profession et de vocation, il se consacre à la peinture depuis plusieurs décennies et, depuis qu&rsquo;il est à la retraite, il a transformé son atelier en sanctuaire, se consacrant entièrement à la peinture.</p>
<p>Entrée libre.</p>
<p>Organisé par : Municipalité de Chaves</p>

<p>« Eyes on Canvas », d&rsquo;Aluízio Loureiro. Vernissage le 3 juillet. Aluízio Loureiro est un artiste brésilien naturalisé portugais. Il a rejoint la Sociedade Brasileira de Belas Artes en 1973, où il a étudié le dessin artistique. En 1989, déjà au Portugal, [&hellip;]</p>
