{"id":29047,"date":"2024-06-26T14:51:33","date_gmt":"2024-06-26T13:51:33","guid":{"rendered":"https:\/\/visitaltotamegaebarroso.pt\/events\/chaves-recital-de-iara-alves-avec-lorchestre-a-vent-de-lacademie-des-arts-de-chaves\/"},"modified":"2024-06-26T14:51:33","modified_gmt":"2024-06-26T13:51:33","slug":"chaves-recital-de-iara-alves-avec-lorchestre-a-vent-de-lacademie-des-arts-de-chaves","status":"publish","type":"mec-events","link":"https:\/\/visitaltotamegaebarroso.pt\/fr\/events\/chaves-recital-de-iara-alves-avec-lorchestre-a-vent-de-lacademie-des-arts-de-chaves\/","title":{"rendered":"Chaves &#8211; R\u00e9cital de Iara Alves, avec l&rsquo;orchestre \u00e0 vent de l&rsquo;Acad\u00e9mie des arts de Chaves"},"content":{"rendered":"<p>Lors de ce concert, l&rsquo;orchestre \u00e0 vent de l&rsquo;Acad\u00e9mie des arts de Chaves aura l&rsquo;honneur d&rsquo;accompagner une ancienne \u00e9l\u00e8ve, Iara Alves, lors de son r\u00e9cital de fin de master. La talentueuse clarinettiste interpr\u00e9tera l&rsquo;\u00e9blouissant deuxi\u00e8me concerto pour clarinette d&rsquo;Oscar Navarro. Une occasion unique d&rsquo;appr\u00e9cier l&rsquo;excellence musicale de Iara Alves et la ma\u00eetrise de l&rsquo;orchestre \u00e0 vent, dans un r\u00e9pertoire qui promet de faire vibrer et d&rsquo;enchanter le public.<\/p>\n<p>Org : Alma.Alta et Academia de Artes de Chaves<\/p>\n<p>Soutien : Municipalit\u00e9 de Chaves<\/p>\n","protected":false},"excerpt":{"rendered":"<p>Lors de ce concert, l&rsquo;orchestre \u00e0 vent de l&rsquo;Acad\u00e9mie des arts de Chaves aura l&rsquo;honneur d&rsquo;accompagner une ancienne \u00e9l\u00e8ve, Iara Alves, lors de son r\u00e9cital de fin de master. La talentueuse clarinettiste interpr\u00e9tera l&rsquo;\u00e9blouissant deuxi\u00e8me concerto pour clarinette d&rsquo;Oscar Navarro. [&hellip;]<\/p>\n","protected":false},"author":5,"featured_media":29043,"comment_status":"closed","ping_status":"closed","template":"","tags":[],"mec_category":[715],"_links":{"self":[{"href":"https:\/\/visitaltotamegaebarroso.pt\/fr\/wp-json\/wp\/v2\/mec-events\/29047"}],"collection":[{"href":"https:\/\/visitaltotamegaebarroso.pt\/fr\/wp-json\/wp\/v2\/mec-events"}],"about":[{"href":"https:\/\/visitaltotamegaebarroso.pt\/fr\/wp-json\/wp\/v2\/types\/mec-events"}],"author":[{"embeddable":true,"href":"https:\/\/visitaltotamegaebarroso.pt\/fr\/wp-json\/wp\/v2\/users\/5"}],"replies":[{"embeddable":true,"href":"https:\/\/visitaltotamegaebarroso.pt\/fr\/wp-json\/wp\/v2\/comments?post=29047"}],"wp:featuredmedia":[{"embeddable":true,"href":"https:\/\/visitaltotamegaebarroso.pt\/fr\/wp-json\/wp\/v2\/media\/29043"}],"wp:attachment":[{"href":"https:\/\/visitaltotamegaebarroso.pt\/fr\/wp-json\/wp\/v2\/media?parent=29047"}],"wp:term":[{"taxonomy":"post_tag","embeddable":true,"href":"https:\/\/visitaltotamegaebarroso.pt\/fr\/wp-json\/wp\/v2\/tags?post=29047"},{"taxonomy":"mec_category","embeddable":true,"href":"https:\/\/visitaltotamegaebarroso.pt\/fr\/wp-json\/wp\/v2\/mec_category?post=29047"}],"curies":[{"name":"wp","href":"https:\/\/api.w.org\/{rel}","templated":true}]}}

Chaves &#8211; Récital de Iara Alves, avec l&rsquo;orchestre à vent de l&rsquo;Académie des arts de Chaves

<p>Lors de ce concert, l&rsquo;orchestre à vent de l&rsquo;Académie des arts de Chaves aura l&rsquo;honneur d&rsquo;accompagner une ancienne élève, Iara Alves, lors de son récital de fin de master. La talentueuse clarinettiste interprétera l&rsquo;éblouissant deuxième concerto pour clarinette d&rsquo;Oscar Navarro. Une occasion unique d&rsquo;apprécier l&rsquo;excellence musicale de Iara Alves et la maîtrise de l&rsquo;orchestre à vent, dans un répertoire qui promet de faire vibrer et d&rsquo;enchanter le public.</p>
<p>Org : Alma.Alta et Academia de Artes de Chaves</p>
<p>Soutien : Municipalité de Chaves</p>

<p>Lors de ce concert, l&rsquo;orchestre à vent de l&rsquo;Académie des arts de Chaves aura l&rsquo;honneur d&rsquo;accompagner une ancienne élève, Iara Alves, lors de son récital de fin de master. La talentueuse clarinettiste interprétera l&rsquo;éblouissant deuxième concerto pour clarinette d&rsquo;Oscar Navarro. [&hellip;]</p>
