{"id":28937,"date":"2024-06-22T10:35:06","date_gmt":"2024-06-22T09:35:06","guid":{"rendered":"https:\/\/visitaltotamegaebarroso.pt\/events\/valpacos-gala-de-solidarite-du-grand-fado\/"},"modified":"2024-06-22T10:35:06","modified_gmt":"2024-06-22T09:35:06","slug":"valpacos-gala-de-solidarite-du-grand-fado","status":"publish","type":"mec-events","link":"https:\/\/visitaltotamegaebarroso.pt\/fr\/events\/valpacos-gala-de-solidarite-du-grand-fado\/","title":{"rendered":"Valpa\u00e7os | Gala de solidarit\u00e9 du grand fado"},"content":{"rendered":"<p>Le 28 juin, \u00e0 21 heures, l&rsquo;auditorium d&rsquo;art et de culture Lu\u00eds Teixeira accueillera le grand gala de solidarit\u00e9 du fado, avec la participation de diff\u00e9rents artistes.<\/p>\n<p>\u00c0 ne pas manquer&#8230;<\/p>\n","protected":false},"excerpt":{"rendered":"<p>Le 28 juin, \u00e0 21 heures, l&rsquo;auditorium d&rsquo;art et de culture Lu\u00eds Teixeira accueillera le grand gala de solidarit\u00e9 du fado, avec la participation de diff\u00e9rents artistes. \u00c0 ne pas manquer&#8230;<\/p>\n","protected":false},"author":5,"featured_media":28933,"comment_status":"closed","ping_status":"closed","template":"","tags":[],"mec_category":[715],"_links":{"self":[{"href":"https:\/\/visitaltotamegaebarroso.pt\/fr\/wp-json\/wp\/v2\/mec-events\/28937"}],"collection":[{"href":"https:\/\/visitaltotamegaebarroso.pt\/fr\/wp-json\/wp\/v2\/mec-events"}],"about":[{"href":"https:\/\/visitaltotamegaebarroso.pt\/fr\/wp-json\/wp\/v2\/types\/mec-events"}],"author":[{"embeddable":true,"href":"https:\/\/visitaltotamegaebarroso.pt\/fr\/wp-json\/wp\/v2\/users\/5"}],"replies":[{"embeddable":true,"href":"https:\/\/visitaltotamegaebarroso.pt\/fr\/wp-json\/wp\/v2\/comments?post=28937"}],"wp:featuredmedia":[{"embeddable":true,"href":"https:\/\/visitaltotamegaebarroso.pt\/fr\/wp-json\/wp\/v2\/media\/28933"}],"wp:attachment":[{"href":"https:\/\/visitaltotamegaebarroso.pt\/fr\/wp-json\/wp\/v2\/media?parent=28937"}],"wp:term":[{"taxonomy":"post_tag","embeddable":true,"href":"https:\/\/visitaltotamegaebarroso.pt\/fr\/wp-json\/wp\/v2\/tags?post=28937"},{"taxonomy":"mec_category","embeddable":true,"href":"https:\/\/visitaltotamegaebarroso.pt\/fr\/wp-json\/wp\/v2\/mec_category?post=28937"}],"curies":[{"name":"wp","href":"https:\/\/api.w.org\/{rel}","templated":true}]}}

Valpaços | Gala de solidarité du grand fado

<p>Le 28 juin, à 21 heures, l&rsquo;auditorium d&rsquo;art et de culture Luís Teixeira accueillera le grand gala de solidarité du fado, avec la participation de différents artistes.</p>
<p>À ne pas manquer&#8230;</p>

<p>Le 28 juin, à 21 heures, l&rsquo;auditorium d&rsquo;art et de culture Luís Teixeira accueillera le grand gala de solidarité du fado, avec la participation de différents artistes. À ne pas manquer&#8230;</p>
