{"id":28882,"date":"2024-06-19T11:51:26","date_gmt":"2024-06-19T10:51:26","guid":{"rendered":"https:\/\/visitaltotamegaebarroso.pt\/events\/ribeira-de-pena-fete-en-lhonneur-de-saint-pierre\/"},"modified":"2024-06-19T11:51:26","modified_gmt":"2024-06-19T10:51:26","slug":"ribeira-de-pena-fete-en-lhonneur-de-saint-pierre","status":"publish","type":"mec-events","link":"https:\/\/visitaltotamegaebarroso.pt\/fr\/events\/ribeira-de-pena-fete-en-lhonneur-de-saint-pierre\/","title":{"rendered":"Ribeira de Pena | F\u00eate en l&rsquo;honneur de Saint Pierre"},"content":{"rendered":"<div>La traditionnelle Festa em Honra de S. Pedro est de retour dans le village de Cerva les 28 et 29 juin ! Cet \u00e9v\u00e9nement, qui c\u00e9l\u00e8bre le saint patron de la ville, promet deux jours pleins de d\u00e9votion, de musique et de divertissement pour tous les habitants et les visiteurs.<\/div>\n<div><\/div>\n<div>Rejoignez-nous pour honorer Saint-Pierre et profiter de deux jours d&rsquo;activit\u00e9s culturelles et religieuses dans une atmosph\u00e8re d&rsquo;unit\u00e9 et de f\u00eate.<\/div>\n<div><\/div>\n<div>Nous vous attendons avec impatience !<\/div>\n","protected":false},"excerpt":{"rendered":"<p>La traditionnelle Festa em Honra de S. Pedro est de retour dans le village de Cerva les 28 et 29 juin ! Cet \u00e9v\u00e9nement, qui c\u00e9l\u00e8bre le saint patron de la ville, promet deux jours pleins de d\u00e9votion, de musique [&hellip;]<\/p>\n","protected":false},"author":5,"featured_media":28878,"comment_status":"closed","ping_status":"closed","template":"","tags":[],"mec_category":[715],"_links":{"self":[{"href":"https:\/\/visitaltotamegaebarroso.pt\/fr\/wp-json\/wp\/v2\/mec-events\/28882"}],"collection":[{"href":"https:\/\/visitaltotamegaebarroso.pt\/fr\/wp-json\/wp\/v2\/mec-events"}],"about":[{"href":"https:\/\/visitaltotamegaebarroso.pt\/fr\/wp-json\/wp\/v2\/types\/mec-events"}],"author":[{"embeddable":true,"href":"https:\/\/visitaltotamegaebarroso.pt\/fr\/wp-json\/wp\/v2\/users\/5"}],"replies":[{"embeddable":true,"href":"https:\/\/visitaltotamegaebarroso.pt\/fr\/wp-json\/wp\/v2\/comments?post=28882"}],"wp:featuredmedia":[{"embeddable":true,"href":"https:\/\/visitaltotamegaebarroso.pt\/fr\/wp-json\/wp\/v2\/media\/28878"}],"wp:attachment":[{"href":"https:\/\/visitaltotamegaebarroso.pt\/fr\/wp-json\/wp\/v2\/media?parent=28882"}],"wp:term":[{"taxonomy":"post_tag","embeddable":true,"href":"https:\/\/visitaltotamegaebarroso.pt\/fr\/wp-json\/wp\/v2\/tags?post=28882"},{"taxonomy":"mec_category","embeddable":true,"href":"https:\/\/visitaltotamegaebarroso.pt\/fr\/wp-json\/wp\/v2\/mec_category?post=28882"}],"curies":[{"name":"wp","href":"https:\/\/api.w.org\/{rel}","templated":true}]}}

Ribeira de Pena | Fête en l&rsquo;honneur de Saint Pierre

<div>La traditionnelle Festa em Honra de S. Pedro est de retour dans le village de Cerva les 28 et 29 juin ! Cet événement, qui célèbre le saint patron de la ville, promet deux jours pleins de dévotion, de musique et de divertissement pour tous les habitants et les visiteurs.</div>
<div></div>
<div>Rejoignez-nous pour honorer Saint-Pierre et profiter de deux jours d&rsquo;activités culturelles et religieuses dans une atmosphère d&rsquo;unité et de fête.</div>
<div></div>
<div>Nous vous attendons avec impatience !</div>

<p>La traditionnelle Festa em Honra de S. Pedro est de retour dans le village de Cerva les 28 et 29 juin ! Cet événement, qui célèbre le saint patron de la ville, promet deux jours pleins de dévotion, de musique [&hellip;]</p>
