{"id":28617,"date":"2024-06-09T10:29:00","date_gmt":"2024-06-09T09:29:00","guid":{"rendered":"https:\/\/visitaltotamegaebarroso.pt\/events\/boticas-marche-et-coucher-de-soleil-de-solidarite-bvb\/"},"modified":"2024-06-09T10:29:00","modified_gmt":"2024-06-09T09:29:00","slug":"boticas-marche-et-coucher-de-soleil-de-solidarite-bvb","status":"publish","type":"mec-events","link":"https:\/\/visitaltotamegaebarroso.pt\/fr\/events\/boticas-marche-et-coucher-de-soleil-de-solidarite-bvb\/","title":{"rendered":"Boticas | Marche et coucher de soleil de solidarit\u00e9  BVB"},"content":{"rendered":"<div>La marche de solidarit\u00e9 et le coucher de soleil organis\u00e9s par les pompiers volontaires de Boticas ont pour but de collecter des fonds pour l&rsquo;achat d&rsquo;un compresseur cardiaque externe.<\/div>\n<div><\/div>\n<div>6 juillet<\/div>\n<div>Lieu : ULF Pompiers Volontaires de Boticas<\/div>\n<div><\/div>\n<div>18:00 &#8211; Marche de solidarit\u00e9<\/div>\n<div>20:00 &#8211; Coucher de soleil avec les DJ Tiago Sevivas, Pascoal, David. P<\/div>\n<div>Inscription : 10 pompiers<\/div>\n<div><\/div>\n<div>Rejoignez cette cause !<\/div>\n","protected":false},"excerpt":{"rendered":"<p>La marche de solidarit\u00e9 et le coucher de soleil organis\u00e9s par les pompiers volontaires de Boticas ont pour but de collecter des fonds pour l&rsquo;achat d&rsquo;un compresseur cardiaque externe. 6 juillet Lieu : ULF Pompiers Volontaires de Boticas 18:00 &#8211; [&hellip;]<\/p>\n","protected":false},"author":5,"featured_media":28613,"comment_status":"closed","ping_status":"closed","template":"","tags":[],"mec_category":[715],"_links":{"self":[{"href":"https:\/\/visitaltotamegaebarroso.pt\/fr\/wp-json\/wp\/v2\/mec-events\/28617"}],"collection":[{"href":"https:\/\/visitaltotamegaebarroso.pt\/fr\/wp-json\/wp\/v2\/mec-events"}],"about":[{"href":"https:\/\/visitaltotamegaebarroso.pt\/fr\/wp-json\/wp\/v2\/types\/mec-events"}],"author":[{"embeddable":true,"href":"https:\/\/visitaltotamegaebarroso.pt\/fr\/wp-json\/wp\/v2\/users\/5"}],"replies":[{"embeddable":true,"href":"https:\/\/visitaltotamegaebarroso.pt\/fr\/wp-json\/wp\/v2\/comments?post=28617"}],"wp:featuredmedia":[{"embeddable":true,"href":"https:\/\/visitaltotamegaebarroso.pt\/fr\/wp-json\/wp\/v2\/media\/28613"}],"wp:attachment":[{"href":"https:\/\/visitaltotamegaebarroso.pt\/fr\/wp-json\/wp\/v2\/media?parent=28617"}],"wp:term":[{"taxonomy":"post_tag","embeddable":true,"href":"https:\/\/visitaltotamegaebarroso.pt\/fr\/wp-json\/wp\/v2\/tags?post=28617"},{"taxonomy":"mec_category","embeddable":true,"href":"https:\/\/visitaltotamegaebarroso.pt\/fr\/wp-json\/wp\/v2\/mec_category?post=28617"}],"curies":[{"name":"wp","href":"https:\/\/api.w.org\/{rel}","templated":true}]}}

Boticas | Marche et coucher de soleil de solidarité  BVB

<div>La marche de solidarité et le coucher de soleil organisés par les pompiers volontaires de Boticas ont pour but de collecter des fonds pour l&rsquo;achat d&rsquo;un compresseur cardiaque externe.</div>
<div></div>
<div>6 juillet</div>
<div>Lieu : ULF Pompiers Volontaires de Boticas</div>
<div></div>
<div>18:00 &#8211; Marche de solidarité</div>
<div>20:00 &#8211; Coucher de soleil avec les DJ Tiago Sevivas, Pascoal, David. P</div>
<div>Inscription : 10 pompiers</div>
<div></div>
<div>Rejoignez cette cause !</div>

<p>La marche de solidarité et le coucher de soleil organisés par les pompiers volontaires de Boticas ont pour but de collecter des fonds pour l&rsquo;achat d&rsquo;un compresseur cardiaque externe. 6 juillet Lieu : ULF Pompiers Volontaires de Boticas 18:00 &#8211; [&hellip;]</p>
