{"id":28550,"date":"2024-06-02T10:26:53","date_gmt":"2024-06-02T09:26:53","guid":{"rendered":"https:\/\/visitaltotamegaebarroso.pt\/events\/chaves-exposition-nos-artistes\/"},"modified":"2024-06-02T10:26:53","modified_gmt":"2024-06-02T09:26:53","slug":"chaves-exposition-nos-artistes","status":"publish","type":"mec-events","link":"https:\/\/visitaltotamegaebarroso.pt\/fr\/events\/chaves-exposition-nos-artistes\/","title":{"rendered":"Chaves | Exposition : nos artistes"},"content":{"rendered":"<p>En juin prochain, la biblioth\u00e8que municipale accueillera une exposition de peinture cr\u00e9ative de Ricardo Costa, qui pr\u00e9sentera une gamme vari\u00e9e d&rsquo;\u0153uvres pleines de couleurs et de lumi\u00e8re. Le vernissage est pr\u00e9vu le mardi 4 juin \u00e0 17h30. Cette pr\u00e9sentation publique est le r\u00e9sultat d&rsquo;un grand encouragement de la part de la famille et des amis.<\/p>\n<p>N\u00e9 \u00e0 Lebu\u00e7\u00e3o, mais vivant \u00e0 Chaves depuis 2002 o\u00f9 il travaille comme agent immobilier, c&rsquo;est un artiste autodidacte qui a commenc\u00e9 par dessiner au fusain, puis est pass\u00e9 \u00e0 la peinture acrylique en 2006.<\/p>\n<p>Il a arr\u00eat\u00e9 de peindre vers 2011, mais s&rsquo;est remis \u00e0 la peinture pendant la p\u00e9riode dramatique du COVID. C&rsquo;est dans l&rsquo;art qu&rsquo;il occupe son temps et son esprit. Il a d\u00e9j\u00e0 organis\u00e9 plusieurs expositions individuelles et collectives.<\/p>\n","protected":false},"excerpt":{"rendered":"<p>En juin prochain, la biblioth\u00e8que municipale accueillera une exposition de peinture cr\u00e9ative de Ricardo Costa, qui pr\u00e9sentera une gamme vari\u00e9e d&rsquo;\u0153uvres pleines de couleurs et de lumi\u00e8re. Le vernissage est pr\u00e9vu le mardi 4 juin \u00e0 17h30. Cette pr\u00e9sentation publique [&hellip;]<\/p>\n","protected":false},"author":5,"featured_media":27967,"comment_status":"closed","ping_status":"closed","template":"","tags":[],"mec_category":[715],"_links":{"self":[{"href":"https:\/\/visitaltotamegaebarroso.pt\/fr\/wp-json\/wp\/v2\/mec-events\/28550"}],"collection":[{"href":"https:\/\/visitaltotamegaebarroso.pt\/fr\/wp-json\/wp\/v2\/mec-events"}],"about":[{"href":"https:\/\/visitaltotamegaebarroso.pt\/fr\/wp-json\/wp\/v2\/types\/mec-events"}],"author":[{"embeddable":true,"href":"https:\/\/visitaltotamegaebarroso.pt\/fr\/wp-json\/wp\/v2\/users\/5"}],"replies":[{"embeddable":true,"href":"https:\/\/visitaltotamegaebarroso.pt\/fr\/wp-json\/wp\/v2\/comments?post=28550"}],"wp:featuredmedia":[{"embeddable":true,"href":"https:\/\/visitaltotamegaebarroso.pt\/fr\/wp-json\/wp\/v2\/media\/27967"}],"wp:attachment":[{"href":"https:\/\/visitaltotamegaebarroso.pt\/fr\/wp-json\/wp\/v2\/media?parent=28550"}],"wp:term":[{"taxonomy":"post_tag","embeddable":true,"href":"https:\/\/visitaltotamegaebarroso.pt\/fr\/wp-json\/wp\/v2\/tags?post=28550"},{"taxonomy":"mec_category","embeddable":true,"href":"https:\/\/visitaltotamegaebarroso.pt\/fr\/wp-json\/wp\/v2\/mec_category?post=28550"}],"curies":[{"name":"wp","href":"https:\/\/api.w.org\/{rel}","templated":true}]}}

<p>En juin prochain, la bibliothèque municipale accueillera une exposition de peinture créative de Ricardo Costa, qui présentera une gamme variée d&rsquo;œuvres pleines de couleurs et de lumière. Le vernissage est prévu le mardi 4 juin à 17h30. Cette présentation publique est le résultat d&rsquo;un grand encouragement de la part de la famille et des amis.</p>
<p>Né à Lebução, mais vivant à Chaves depuis 2002 où il travaille comme agent immobilier, c&rsquo;est un artiste autodidacte qui a commencé par dessiner au fusain, puis est passé à la peinture acrylique en 2006.</p>
<p>Il a arrêté de peindre vers 2011, mais s&rsquo;est remis à la peinture pendant la période dramatique du COVID. C&rsquo;est dans l&rsquo;art qu&rsquo;il occupe son temps et son esprit. Il a déjà organisé plusieurs expositions individuelles et collectives.</p>

<p>En juin prochain, la bibliothèque municipale accueillera une exposition de peinture créative de Ricardo Costa, qui présentera une gamme variée d&rsquo;œuvres pleines de couleurs et de lumière. Le vernissage est prévu le mardi 4 juin à 17h30. Cette présentation publique [&hellip;]</p>
