{"id":28536,"date":"2024-05-26T12:44:13","date_gmt":"2024-05-26T11:44:13","guid":{"rendered":"https:\/\/visitaltotamegaebarroso.pt\/events\/montalegre-championnat-national-de-parapente\/"},"modified":"2024-05-26T12:44:13","modified_gmt":"2024-05-26T11:44:13","slug":"montalegre-championnat-national-de-parapente","status":"publish","type":"mec-events","link":"https:\/\/visitaltotamegaebarroso.pt\/fr\/events\/montalegre-championnat-national-de-parapente\/","title":{"rendered":"Montalegre &#8211; Championnat national de parapente"},"content":{"rendered":"<p>La Serra do Larouco, dans la municipalit\u00e9 de Montalegre, accueille une nouvelle comp\u00e9tition du championnat national de parapente. Elle se d\u00e9roule du 21 au 27 juillet. Il s&rsquo;agit d&rsquo;une \u00e9preuve CAT2 (cat\u00e9gorie 2) de la FAI (F\u00e9d\u00e9ration a\u00e9ronautique internationale) au cours de laquelle le champion national sera d\u00e9sign\u00e9. L&rsquo;\u00e9v\u00e9nement &#8211; organis\u00e9 par Land For et avec le soutien, entre autres, de la municipalit\u00e9 de Montalegre &#8211; a \u00e9galement une classification OPEN (internationale). Il y a 170 coureurs inscrits de 28 pays pour une limite de 150 coureurs. Jusqu&rsquo;\u00e0 pr\u00e9sent, 42 coureurs de 8 pays ont \u00e9t\u00e9 confirm\u00e9s. L&rsquo;organisation attend entre 80 et 90 coureurs.<\/p>\n","protected":false},"excerpt":{"rendered":"<p>La Serra do Larouco, dans la municipalit\u00e9 de Montalegre, accueille une nouvelle comp\u00e9tition du championnat national de parapente. Elle se d\u00e9roule du 21 au 27 juillet. Il s&rsquo;agit d&rsquo;une \u00e9preuve CAT2 (cat\u00e9gorie 2) de la FAI (F\u00e9d\u00e9ration a\u00e9ronautique internationale) au [&hellip;]<\/p>\n","protected":false},"author":5,"featured_media":27427,"comment_status":"closed","ping_status":"closed","template":"","tags":[],"mec_category":[721],"_links":{"self":[{"href":"https:\/\/visitaltotamegaebarroso.pt\/fr\/wp-json\/wp\/v2\/mec-events\/28536"}],"collection":[{"href":"https:\/\/visitaltotamegaebarroso.pt\/fr\/wp-json\/wp\/v2\/mec-events"}],"about":[{"href":"https:\/\/visitaltotamegaebarroso.pt\/fr\/wp-json\/wp\/v2\/types\/mec-events"}],"author":[{"embeddable":true,"href":"https:\/\/visitaltotamegaebarroso.pt\/fr\/wp-json\/wp\/v2\/users\/5"}],"replies":[{"embeddable":true,"href":"https:\/\/visitaltotamegaebarroso.pt\/fr\/wp-json\/wp\/v2\/comments?post=28536"}],"wp:featuredmedia":[{"embeddable":true,"href":"https:\/\/visitaltotamegaebarroso.pt\/fr\/wp-json\/wp\/v2\/media\/27427"}],"wp:attachment":[{"href":"https:\/\/visitaltotamegaebarroso.pt\/fr\/wp-json\/wp\/v2\/media?parent=28536"}],"wp:term":[{"taxonomy":"post_tag","embeddable":true,"href":"https:\/\/visitaltotamegaebarroso.pt\/fr\/wp-json\/wp\/v2\/tags?post=28536"},{"taxonomy":"mec_category","embeddable":true,"href":"https:\/\/visitaltotamegaebarroso.pt\/fr\/wp-json\/wp\/v2\/mec_category?post=28536"}],"curies":[{"name":"wp","href":"https:\/\/api.w.org\/{rel}","templated":true}]}}

<p>La Serra do Larouco, dans la municipalité de Montalegre, accueille une nouvelle compétition du championnat national de parapente. Elle se déroule du 21 au 27 juillet. Il s&rsquo;agit d&rsquo;une épreuve CAT2 (catégorie 2) de la FAI (Fédération aéronautique internationale) au cours de laquelle le champion national sera désigné. L&rsquo;événement &#8211; organisé par Land For et avec le soutien, entre autres, de la municipalité de Montalegre &#8211; a également une classification OPEN (internationale). Il y a 170 coureurs inscrits de 28 pays pour une limite de 150 coureurs. Jusqu&rsquo;à présent, 42 coureurs de 8 pays ont été confirmés. L&rsquo;organisation attend entre 80 et 90 coureurs.</p>

<p>La Serra do Larouco, dans la municipalité de Montalegre, accueille une nouvelle compétition du championnat national de parapente. Elle se déroule du 21 au 27 juillet. Il s&rsquo;agit d&rsquo;une épreuve CAT2 (catégorie 2) de la FAI (Fédération aéronautique internationale) au [&hellip;]</p>
