{"id":28012,"date":"2024-06-03T17:02:03","date_gmt":"2024-06-03T16:02:03","guid":{"rendered":"https:\/\/visitaltotamegaebarroso.pt\/events\/jusquau-07-juin-le-concours-international-de-saut-dobstacles-de-pedras-salgadas-en-promotion-au-ptat\/"},"modified":"2024-06-03T17:02:03","modified_gmt":"2024-06-03T16:02:03","slug":"jusquau-07-juin-le-concours-international-de-saut-dobstacles-de-pedras-salgadas-en-promotion-au-ptat","status":"publish","type":"mec-events","link":"https:\/\/visitaltotamegaebarroso.pt\/fr\/events\/jusquau-07-juin-le-concours-international-de-saut-dobstacles-de-pedras-salgadas-en-promotion-au-ptat\/","title":{"rendered":"Jusqu&rsquo;au 07 juin | Le concours international de saut d&rsquo;obstacles de Pedras Salgadas en promotion au PTAT"},"content":{"rendered":"<p><strong>L&rsquo;office de tourisme de l&rsquo;Alto T\u00e2mega e Barroso (PTAT) fait la promotion du concours international de saut d&rsquo;obstacles de Pedras Salgadas, un \u00e9v\u00e9nement qui se d\u00e9roulera au centre \u00e9questre de la ville d&rsquo;Aguiar entre le 7 et le 9 juin.<\/strong><\/p>\n<p>Jusqu&rsquo;au 7 juin, les visiteurs du PTAT pourront trouver des \u00e9l\u00e9ments de d\u00e9coration et de promotion de cette comp\u00e9tition, qui est l&rsquo;une des plus appr\u00e9ci\u00e9es par les cavaliers.<\/p>\n<p>Le PTAT, situ\u00e9 sur l&rsquo;Alameda do Tabolado \u00e0 Chaves, est ouvert tous les jours de 9h \u00e0 20h.<\/p>\n<p>Nous vous attendons avec impatience !<\/p>\n","protected":false},"excerpt":{"rendered":"<p>L&rsquo;office de tourisme de l&rsquo;Alto T\u00e2mega e Barroso (PTAT) fait la promotion du concours international de saut d&rsquo;obstacles de Pedras Salgadas, un \u00e9v\u00e9nement qui se d\u00e9roulera au centre \u00e9questre de la ville d&rsquo;Aguiar entre le 7 et le 9 juin.<\/p>\n","protected":false},"author":4,"featured_media":28008,"comment_status":"closed","ping_status":"closed","template":"","tags":[],"mec_category":[715],"_links":{"self":[{"href":"https:\/\/visitaltotamegaebarroso.pt\/fr\/wp-json\/wp\/v2\/mec-events\/28012"}],"collection":[{"href":"https:\/\/visitaltotamegaebarroso.pt\/fr\/wp-json\/wp\/v2\/mec-events"}],"about":[{"href":"https:\/\/visitaltotamegaebarroso.pt\/fr\/wp-json\/wp\/v2\/types\/mec-events"}],"author":[{"embeddable":true,"href":"https:\/\/visitaltotamegaebarroso.pt\/fr\/wp-json\/wp\/v2\/users\/4"}],"replies":[{"embeddable":true,"href":"https:\/\/visitaltotamegaebarroso.pt\/fr\/wp-json\/wp\/v2\/comments?post=28012"}],"wp:featuredmedia":[{"embeddable":true,"href":"https:\/\/visitaltotamegaebarroso.pt\/fr\/wp-json\/wp\/v2\/media\/28008"}],"wp:attachment":[{"href":"https:\/\/visitaltotamegaebarroso.pt\/fr\/wp-json\/wp\/v2\/media?parent=28012"}],"wp:term":[{"taxonomy":"post_tag","embeddable":true,"href":"https:\/\/visitaltotamegaebarroso.pt\/fr\/wp-json\/wp\/v2\/tags?post=28012"},{"taxonomy":"mec_category","embeddable":true,"href":"https:\/\/visitaltotamegaebarroso.pt\/fr\/wp-json\/wp\/v2\/mec_category?post=28012"}],"curies":[{"name":"wp","href":"https:\/\/api.w.org\/{rel}","templated":true}]}}

<p><strong>L&rsquo;office de tourisme de l&rsquo;Alto Tâmega e Barroso (PTAT) fait la promotion du concours international de saut d&rsquo;obstacles de Pedras Salgadas, un événement qui se déroulera au centre équestre de la ville d&rsquo;Aguiar entre le 7 et le 9 juin.</strong></p>
<p>Jusqu&rsquo;au 7 juin, les visiteurs du PTAT pourront trouver des éléments de décoration et de promotion de cette compétition, qui est l&rsquo;une des plus appréciées par les cavaliers.</p>
<p>Le PTAT, situé sur l&rsquo;Alameda do Tabolado à Chaves, est ouvert tous les jours de 9h à 20h.</p>
<p>Nous vous attendons avec impatience !</p>

<p>L&rsquo;office de tourisme de l&rsquo;Alto Tâmega e Barroso (PTAT) fait la promotion du concours international de saut d&rsquo;obstacles de Pedras Salgadas, un événement qui se déroulera au centre équestre de la ville d&rsquo;Aguiar entre le 7 et le 9 juin.</p>
