{"id":27342,"date":"2024-05-07T13:01:30","date_gmt":"2024-05-07T12:01:30","guid":{"rendered":"https:\/\/visitaltotamegaebarroso.pt\/events\/vila-pouca-de-aguiar-documents-medievaux-daguiar-de-pena\/"},"modified":"2024-05-07T13:01:30","modified_gmt":"2024-05-07T12:01:30","slug":"vila-pouca-de-aguiar-documents-medievaux-daguiar-de-pena","status":"publish","type":"mec-events","link":"https:\/\/visitaltotamegaebarroso.pt\/fr\/events\/vila-pouca-de-aguiar-documents-medievaux-daguiar-de-pena\/","title":{"rendered":"Vila Pouca de Aguiar | Documents m\u00e9di\u00e9vaux d&rsquo;Aguiar de Pena"},"content":{"rendered":"<p>L&rsquo;exposition ouvre ses portes le 13 mai \u00e0 17 heures.<\/p>\n<p>La base documentaire qui justifie le changement du jour f\u00e9ri\u00e9 municipal au 16 mai.<\/p>\n","protected":false},"excerpt":{"rendered":"<p>L&rsquo;exposition ouvre ses portes le 13 mai \u00e0 17 heures. La base documentaire qui justifie le changement du jour f\u00e9ri\u00e9 municipal au 16 mai.<\/p>\n","protected":false},"author":5,"featured_media":27028,"comment_status":"closed","ping_status":"closed","template":"","tags":[],"mec_category":[715],"_links":{"self":[{"href":"https:\/\/visitaltotamegaebarroso.pt\/fr\/wp-json\/wp\/v2\/mec-events\/27342"}],"collection":[{"href":"https:\/\/visitaltotamegaebarroso.pt\/fr\/wp-json\/wp\/v2\/mec-events"}],"about":[{"href":"https:\/\/visitaltotamegaebarroso.pt\/fr\/wp-json\/wp\/v2\/types\/mec-events"}],"author":[{"embeddable":true,"href":"https:\/\/visitaltotamegaebarroso.pt\/fr\/wp-json\/wp\/v2\/users\/5"}],"replies":[{"embeddable":true,"href":"https:\/\/visitaltotamegaebarroso.pt\/fr\/wp-json\/wp\/v2\/comments?post=27342"}],"wp:featuredmedia":[{"embeddable":true,"href":"https:\/\/visitaltotamegaebarroso.pt\/fr\/wp-json\/wp\/v2\/media\/27028"}],"wp:attachment":[{"href":"https:\/\/visitaltotamegaebarroso.pt\/fr\/wp-json\/wp\/v2\/media?parent=27342"}],"wp:term":[{"taxonomy":"post_tag","embeddable":true,"href":"https:\/\/visitaltotamegaebarroso.pt\/fr\/wp-json\/wp\/v2\/tags?post=27342"},{"taxonomy":"mec_category","embeddable":true,"href":"https:\/\/visitaltotamegaebarroso.pt\/fr\/wp-json\/wp\/v2\/mec_category?post=27342"}],"curies":[{"name":"wp","href":"https:\/\/api.w.org\/{rel}","templated":true}]}}

Vila Pouca de Aguiar | Documents médiévaux d&rsquo;Aguiar de Pena

<p>L&rsquo;exposition ouvre ses portes le 13 mai à 17 heures.</p>
<p>La base documentaire qui justifie le changement du jour férié municipal au 16 mai.</p>

<p>L&rsquo;exposition ouvre ses portes le 13 mai à 17 heures. La base documentaire qui justifie le changement du jour férié municipal au 16 mai.</p>
