{"id":27266,"date":"2024-05-07T15:29:25","date_gmt":"2024-05-07T14:29:25","guid":{"rendered":"https:\/\/visitaltotamegaebarroso.pt\/events\/chaves-entre-courtes-festival\/"},"modified":"2024-05-07T15:29:25","modified_gmt":"2024-05-07T14:29:25","slug":"chaves-entre-courtes-festival","status":"publish","type":"mec-events","link":"https:\/\/visitaltotamegaebarroso.pt\/fr\/events\/chaves-entre-courtes-festival\/","title":{"rendered":"Chaves | Entre Courtes Festival"},"content":{"rendered":"<p>Entre Curtas aura lieu du 15 au 18 mai 2024 au Cineteatro Bento Martins \u00e0 Chaves, Portugal.<\/p>\n<p>Entre Curtas est organis\u00e9 par le Teatro Experimental Flaviense (TEF), une coop\u00e9rative bas\u00e9e au Cineteatro Bento Martins \u00e0 Chaves, au Portugal, qui comprend \u00e9galement le Cineclube de Chaves.<\/p>\n<p>ENTRE LES MONTAGNES et ENTRE LES FRONTI\u00c8RES, Entre Curtas se concentre sur l&rsquo;int\u00e9rieur du territoire, explorant l&rsquo;id\u00e9e d&rsquo;int\u00e9riorit\u00e9 et d&rsquo;isolement, \u00e0 la fois g\u00e9ographique et psychologique, transcendant les barri\u00e8res rurales ou urbaines afin de rapprocher deux environnements aussi proches que la Galice et le Portugal, promouvant ainsi la production cin\u00e9matographique ind\u00e9pendante dans les deux r\u00e9gions.<\/p>\n","protected":false},"excerpt":{"rendered":"<p>Entre Curtas aura lieu du 15 au 18 mai 2024 au Cineteatro Bento Martins \u00e0 Chaves, Portugal. Entre Curtas est organis\u00e9 par le Teatro Experimental Flaviense (TEF), une coop\u00e9rative bas\u00e9e au Cineteatro Bento Martins \u00e0 Chaves, au Portugal, qui comprend [&hellip;]<\/p>\n","protected":false},"author":5,"featured_media":27052,"comment_status":"closed","ping_status":"closed","template":"","tags":[],"mec_category":[715],"_links":{"self":[{"href":"https:\/\/visitaltotamegaebarroso.pt\/fr\/wp-json\/wp\/v2\/mec-events\/27266"}],"collection":[{"href":"https:\/\/visitaltotamegaebarroso.pt\/fr\/wp-json\/wp\/v2\/mec-events"}],"about":[{"href":"https:\/\/visitaltotamegaebarroso.pt\/fr\/wp-json\/wp\/v2\/types\/mec-events"}],"author":[{"embeddable":true,"href":"https:\/\/visitaltotamegaebarroso.pt\/fr\/wp-json\/wp\/v2\/users\/5"}],"replies":[{"embeddable":true,"href":"https:\/\/visitaltotamegaebarroso.pt\/fr\/wp-json\/wp\/v2\/comments?post=27266"}],"wp:featuredmedia":[{"embeddable":true,"href":"https:\/\/visitaltotamegaebarroso.pt\/fr\/wp-json\/wp\/v2\/media\/27052"}],"wp:attachment":[{"href":"https:\/\/visitaltotamegaebarroso.pt\/fr\/wp-json\/wp\/v2\/media?parent=27266"}],"wp:term":[{"taxonomy":"post_tag","embeddable":true,"href":"https:\/\/visitaltotamegaebarroso.pt\/fr\/wp-json\/wp\/v2\/tags?post=27266"},{"taxonomy":"mec_category","embeddable":true,"href":"https:\/\/visitaltotamegaebarroso.pt\/fr\/wp-json\/wp\/v2\/mec_category?post=27266"}],"curies":[{"name":"wp","href":"https:\/\/api.w.org\/{rel}","templated":true}]}}

<p>Entre Curtas aura lieu du 15 au 18 mai 2024 au Cineteatro Bento Martins à Chaves, Portugal.</p>
<p>Entre Curtas est organisé par le Teatro Experimental Flaviense (TEF), une coopérative basée au Cineteatro Bento Martins à Chaves, au Portugal, qui comprend également le Cineclube de Chaves.</p>
<p>ENTRE LES MONTAGNES et ENTRE LES FRONTIÈRES, Entre Curtas se concentre sur l&rsquo;intérieur du territoire, explorant l&rsquo;idée d&rsquo;intériorité et d&rsquo;isolement, à la fois géographique et psychologique, transcendant les barrières rurales ou urbaines afin de rapprocher deux environnements aussi proches que la Galice et le Portugal, promouvant ainsi la production cinématographique indépendante dans les deux régions.</p>

<p>Entre Curtas aura lieu du 15 au 18 mai 2024 au Cineteatro Bento Martins à Chaves, Portugal. Entre Curtas est organisé par le Teatro Experimental Flaviense (TEF), une coopérative basée au Cineteatro Bento Martins à Chaves, au Portugal, qui comprend [&hellip;]</p>
