{"id":27262,"date":"2024-05-07T15:31:21","date_gmt":"2024-05-07T14:31:21","guid":{"rendered":"https:\/\/visitaltotamegaebarroso.pt\/events\/chaves-filles-de-la-patrie-festival-entre-curtas\/"},"modified":"2024-05-07T15:31:21","modified_gmt":"2024-05-07T14:31:21","slug":"chaves-filles-de-la-patrie-festival-entre-curtas","status":"publish","type":"mec-events","link":"https:\/\/visitaltotamegaebarroso.pt\/fr\/events\/chaves-filles-de-la-patrie-festival-entre-curtas\/","title":{"rendered":"Chaves | Filles de la Patrie &#8211; Festival Entre Curtas"},"content":{"rendered":"<p>Fiction, Drame<\/p>\n<p>En 1968, In\u00eas, une homosexuelle de 18 ans, cherche \u00e0 s&rsquo;\u00e9manciper par le biais des mouvements \u00e9tudiants lorsqu&rsquo;elle se voit interdire l&rsquo;acc\u00e8s \u00e0 la facult\u00e9 de droit.<\/p>\n<p>Organisation :<\/p>\n<p>Th\u00e9\u00e2tre exp\u00e9rimental Flaviense<\/p>\n","protected":false},"excerpt":{"rendered":"<p>Fiction, Drame En 1968, In\u00eas, une homosexuelle de 18 ans, cherche \u00e0 s&rsquo;\u00e9manciper par le biais des mouvements \u00e9tudiants lorsqu&rsquo;elle se voit interdire l&rsquo;acc\u00e8s \u00e0 la facult\u00e9 de droit. Organisation : Th\u00e9\u00e2tre exp\u00e9rimental Flaviense<\/p>\n","protected":false},"author":5,"featured_media":27059,"comment_status":"closed","ping_status":"closed","template":"","tags":[],"mec_category":[715],"_links":{"self":[{"href":"https:\/\/visitaltotamegaebarroso.pt\/fr\/wp-json\/wp\/v2\/mec-events\/27262"}],"collection":[{"href":"https:\/\/visitaltotamegaebarroso.pt\/fr\/wp-json\/wp\/v2\/mec-events"}],"about":[{"href":"https:\/\/visitaltotamegaebarroso.pt\/fr\/wp-json\/wp\/v2\/types\/mec-events"}],"author":[{"embeddable":true,"href":"https:\/\/visitaltotamegaebarroso.pt\/fr\/wp-json\/wp\/v2\/users\/5"}],"replies":[{"embeddable":true,"href":"https:\/\/visitaltotamegaebarroso.pt\/fr\/wp-json\/wp\/v2\/comments?post=27262"}],"wp:featuredmedia":[{"embeddable":true,"href":"https:\/\/visitaltotamegaebarroso.pt\/fr\/wp-json\/wp\/v2\/media\/27059"}],"wp:attachment":[{"href":"https:\/\/visitaltotamegaebarroso.pt\/fr\/wp-json\/wp\/v2\/media?parent=27262"}],"wp:term":[{"taxonomy":"post_tag","embeddable":true,"href":"https:\/\/visitaltotamegaebarroso.pt\/fr\/wp-json\/wp\/v2\/tags?post=27262"},{"taxonomy":"mec_category","embeddable":true,"href":"https:\/\/visitaltotamegaebarroso.pt\/fr\/wp-json\/wp\/v2\/mec_category?post=27262"}],"curies":[{"name":"wp","href":"https:\/\/api.w.org\/{rel}","templated":true}]}}

<p>Fiction, Drame</p>
<p>En 1968, Inês, une homosexuelle de 18 ans, cherche à s&rsquo;émanciper par le biais des mouvements étudiants lorsqu&rsquo;elle se voit interdire l&rsquo;accès à la faculté de droit.</p>
<p>Organisation :</p>
<p>Théâtre expérimental Flaviense</p>

<p>Fiction, Drame En 1968, Inês, une homosexuelle de 18 ans, cherche à s&rsquo;émanciper par le biais des mouvements étudiants lorsqu&rsquo;elle se voit interdire l&rsquo;accès à la faculté de droit. Organisation : Théâtre expérimental Flaviense</p>
