{"id":27226,"date":"2024-05-07T16:01:02","date_gmt":"2024-05-07T15:01:02","guid":{"rendered":"https:\/\/visitaltotamegaebarroso.pt\/events\/chaves-palma-entre-curtas-festival\/"},"modified":"2024-05-07T16:01:02","modified_gmt":"2024-05-07T15:01:02","slug":"chaves-palma-entre-curtas-festival","status":"publish","type":"mec-events","link":"https:\/\/visitaltotamegaebarroso.pt\/fr\/events\/chaves-palma-entre-curtas-festival\/","title":{"rendered":"Chaves | Palma &#8211; Entre Curtas Festival"},"content":{"rendered":"<p>Fiction, Drame Fantastique<\/p>\n<p>Face au choc d&rsquo;une mort inattendue, Sara se retrouve pi\u00e9g\u00e9e dans un labyrinthe de douleur, de solitude et d&rsquo;abandon. Alors qu&rsquo;elle se fraye un chemin dans ce labyrinthe, elle cherche du r\u00e9confort dans la justification de la fatalit\u00e9 qui l&rsquo;a tant \u00e9branl\u00e9e. Mais ce qu&rsquo;elle trouve n&rsquo;est pas tout \u00e0 fait ce \u00e0 quoi elle s&rsquo;attendait.<\/p>\n<p>Organisation :<\/p>\n<p>Th\u00e9\u00e2tre exp\u00e9rimental Flaviense<\/p>\n","protected":false},"excerpt":{"rendered":"<p>Fiction, Drame Fantastique Face au choc d&rsquo;une mort inattendue, Sara se retrouve pi\u00e9g\u00e9e dans un labyrinthe de douleur, de solitude et d&rsquo;abandon. Alors qu&rsquo;elle se fraye un chemin dans ce labyrinthe, elle cherche du r\u00e9confort dans la justification de la [&hellip;]<\/p>\n","protected":false},"author":5,"featured_media":27125,"comment_status":"closed","ping_status":"closed","template":"","tags":[],"mec_category":[715],"_links":{"self":[{"href":"https:\/\/visitaltotamegaebarroso.pt\/fr\/wp-json\/wp\/v2\/mec-events\/27226"}],"collection":[{"href":"https:\/\/visitaltotamegaebarroso.pt\/fr\/wp-json\/wp\/v2\/mec-events"}],"about":[{"href":"https:\/\/visitaltotamegaebarroso.pt\/fr\/wp-json\/wp\/v2\/types\/mec-events"}],"author":[{"embeddable":true,"href":"https:\/\/visitaltotamegaebarroso.pt\/fr\/wp-json\/wp\/v2\/users\/5"}],"replies":[{"embeddable":true,"href":"https:\/\/visitaltotamegaebarroso.pt\/fr\/wp-json\/wp\/v2\/comments?post=27226"}],"wp:featuredmedia":[{"embeddable":true,"href":"https:\/\/visitaltotamegaebarroso.pt\/fr\/wp-json\/wp\/v2\/media\/27125"}],"wp:attachment":[{"href":"https:\/\/visitaltotamegaebarroso.pt\/fr\/wp-json\/wp\/v2\/media?parent=27226"}],"wp:term":[{"taxonomy":"post_tag","embeddable":true,"href":"https:\/\/visitaltotamegaebarroso.pt\/fr\/wp-json\/wp\/v2\/tags?post=27226"},{"taxonomy":"mec_category","embeddable":true,"href":"https:\/\/visitaltotamegaebarroso.pt\/fr\/wp-json\/wp\/v2\/mec_category?post=27226"}],"curies":[{"name":"wp","href":"https:\/\/api.w.org\/{rel}","templated":true}]}}

<p>Fiction, Drame Fantastique</p>
<p>Face au choc d&rsquo;une mort inattendue, Sara se retrouve piégée dans un labyrinthe de douleur, de solitude et d&rsquo;abandon. Alors qu&rsquo;elle se fraye un chemin dans ce labyrinthe, elle cherche du réconfort dans la justification de la fatalité qui l&rsquo;a tant ébranlée. Mais ce qu&rsquo;elle trouve n&rsquo;est pas tout à fait ce à quoi elle s&rsquo;attendait.</p>
<p>Organisation :</p>
<p>Théâtre expérimental Flaviense</p>

<p>Fiction, Drame Fantastique Face au choc d&rsquo;une mort inattendue, Sara se retrouve piégée dans un labyrinthe de douleur, de solitude et d&rsquo;abandon. Alors qu&rsquo;elle se fraye un chemin dans ce labyrinthe, elle cherche du réconfort dans la justification de la [&hellip;]</p>
