{"id":26776,"date":"2024-04-15T15:25:35","date_gmt":"2024-04-15T14:25:35","guid":{"rendered":"https:\/\/visitaltotamegaebarroso.pt\/events\/valpacos-cinema-loisirs\/"},"modified":"2024-04-15T15:25:35","modified_gmt":"2024-04-15T14:25:35","slug":"valpacos-cinema-loisirs","status":"publish","type":"mec-events","link":"https:\/\/visitaltotamegaebarroso.pt\/fr\/events\/valpacos-cinema-loisirs\/","title":{"rendered":"Valpa\u00e7os | Cin\u00e9ma : Loisirs"},"content":{"rendered":"<p>Cin\u00e9ma (M12) | \u00c0 l&rsquo;occasion du Mois de la pr\u00e9vention de la maltraitance des enfants, la Commission de protection des enfants et des adolescents de Valpa\u00e7os projette le film \u00ab\u00a0Recreio\u00a0\u00bb mercredi prochain, 18 avril, \u00e0 l&rsquo;auditorium d&rsquo;art et de culture Lu\u00eds Teixeira.<br \/>\n\u00c0 ne pas manquer, \u00e0 21 heures<br \/>\n\u00ab\u00a0Une immersion dans le monde de la scolarisation d&rsquo;une ma\u00eetrise impressionnante.<\/p>\n","protected":false},"excerpt":{"rendered":"<p>Cin\u00e9ma (M12) | \u00c0 l&rsquo;occasion du Mois de la pr\u00e9vention de la maltraitance des enfants, la Commission de protection des enfants et des adolescents de Valpa\u00e7os projette le film \u00ab\u00a0Recreio\u00a0\u00bb mercredi prochain, 18 avril, \u00e0 l&rsquo;auditorium d&rsquo;art et de culture [&hellip;]<\/p>\n","protected":false},"author":5,"featured_media":26722,"comment_status":"closed","ping_status":"closed","template":"","tags":[],"mec_category":[715],"_links":{"self":[{"href":"https:\/\/visitaltotamegaebarroso.pt\/fr\/wp-json\/wp\/v2\/mec-events\/26776"}],"collection":[{"href":"https:\/\/visitaltotamegaebarroso.pt\/fr\/wp-json\/wp\/v2\/mec-events"}],"about":[{"href":"https:\/\/visitaltotamegaebarroso.pt\/fr\/wp-json\/wp\/v2\/types\/mec-events"}],"author":[{"embeddable":true,"href":"https:\/\/visitaltotamegaebarroso.pt\/fr\/wp-json\/wp\/v2\/users\/5"}],"replies":[{"embeddable":true,"href":"https:\/\/visitaltotamegaebarroso.pt\/fr\/wp-json\/wp\/v2\/comments?post=26776"}],"wp:featuredmedia":[{"embeddable":true,"href":"https:\/\/visitaltotamegaebarroso.pt\/fr\/wp-json\/wp\/v2\/media\/26722"}],"wp:attachment":[{"href":"https:\/\/visitaltotamegaebarroso.pt\/fr\/wp-json\/wp\/v2\/media?parent=26776"}],"wp:term":[{"taxonomy":"post_tag","embeddable":true,"href":"https:\/\/visitaltotamegaebarroso.pt\/fr\/wp-json\/wp\/v2\/tags?post=26776"},{"taxonomy":"mec_category","embeddable":true,"href":"https:\/\/visitaltotamegaebarroso.pt\/fr\/wp-json\/wp\/v2\/mec_category?post=26776"}],"curies":[{"name":"wp","href":"https:\/\/api.w.org\/{rel}","templated":true}]}}

Valpaços | Cinéma : Loisirs

<p>Cinéma (M12) | À l&rsquo;occasion du Mois de la prévention de la maltraitance des enfants, la Commission de protection des enfants et des adolescents de Valpaços projette le film « Recreio » mercredi prochain, 18 avril, à l&rsquo;auditorium d&rsquo;art et de culture Luís Teixeira.<br />
À ne pas manquer, à 21 heures<br />
« Une immersion dans le monde de la scolarisation d&rsquo;une maîtrise impressionnante.</p>

<p>Cinéma (M12) | À l&rsquo;occasion du Mois de la prévention de la maltraitance des enfants, la Commission de protection des enfants et des adolescents de Valpaços projette le film « Recreio » mercredi prochain, 18 avril, à l&rsquo;auditorium d&rsquo;art et de culture [&hellip;]</p>
