{"id":26764,"date":"2024-04-15T15:37:51","date_gmt":"2024-04-15T14:37:51","guid":{"rendered":"https:\/\/visitaltotamegaebarroso.pt\/events\/montalegre-visite-guidee-projet-feu\/"},"modified":"2024-04-15T15:37:51","modified_gmt":"2024-04-15T14:37:51","slug":"montalegre-visite-guidee-projet-feu","status":"publish","type":"mec-events","link":"https:\/\/visitaltotamegaebarroso.pt\/fr\/events\/montalegre-visite-guidee-projet-feu\/","title":{"rendered":"Montalegre | Visite guid\u00e9e \u00ab\u00a0Projet Feu\u00a0\u00bb"},"content":{"rendered":"<p>Dans le cadre de la c\u00e9l\u00e9bration de la \u00a0\u00bb Journ\u00e9e internationale des monuments et des sites \u00ab\u00a0, le 18 avril, date fix\u00e9e en 1982 par le Conseil international des monuments et des sites (ICOMOS), l&rsquo;Ecomuseu de Barroso, comme les ann\u00e9es pr\u00e9c\u00e9dentes, c\u00e9l\u00e8bre cette journ\u00e9e en invitant les personnes int\u00e9ress\u00e9es \u00e0 s&rsquo;inscrire \u00e0 une visite guid\u00e9e de l&rsquo;exposition \u00a0\u00bb Projeto Inc\u00eandios \u00a0\u00bb (\u00e0 l&rsquo;Ecomuseu de Barroso &#8211; Espa\u00e7o Padre Fontes), anim\u00e9e par l&rsquo;auteur de l&rsquo;exposition, Miguel Mosquera, le 21 avril \u00e0 15 heures.<\/p>\n<p>Pour s&rsquo;inscrire, il suffit d&rsquo;envoyer un e-mail \u00e0 : geral@ecomuseu.org avec vos coordonn\u00e9es (nom, num\u00e9ro de t\u00e9l\u00e9phone et lieu de r\u00e9sidence), d&rsquo;appeler le +351 276 510 203 ou de vous rendre au si\u00e8ge de l&rsquo;Ecomuseu de Barroso, \u00e0 Montalegre.<\/p>\n<p>L&rsquo;inscription (date limite &#8211; 18 avril) est gratuite, obligatoire et limit\u00e9e.<\/p>\n","protected":false},"excerpt":{"rendered":"<p>Dans le cadre de la c\u00e9l\u00e9bration de la \u00a0\u00bb Journ\u00e9e internationale des monuments et des sites \u00ab\u00a0, le 18 avril, date fix\u00e9e en 1982 par le Conseil international des monuments et des sites (ICOMOS), l&rsquo;Ecomuseu de Barroso, comme les ann\u00e9es [&hellip;]<\/p>\n","protected":false},"author":5,"featured_media":26740,"comment_status":"closed","ping_status":"closed","template":"","tags":[],"mec_category":[715],"_links":{"self":[{"href":"https:\/\/visitaltotamegaebarroso.pt\/fr\/wp-json\/wp\/v2\/mec-events\/26764"}],"collection":[{"href":"https:\/\/visitaltotamegaebarroso.pt\/fr\/wp-json\/wp\/v2\/mec-events"}],"about":[{"href":"https:\/\/visitaltotamegaebarroso.pt\/fr\/wp-json\/wp\/v2\/types\/mec-events"}],"author":[{"embeddable":true,"href":"https:\/\/visitaltotamegaebarroso.pt\/fr\/wp-json\/wp\/v2\/users\/5"}],"replies":[{"embeddable":true,"href":"https:\/\/visitaltotamegaebarroso.pt\/fr\/wp-json\/wp\/v2\/comments?post=26764"}],"wp:featuredmedia":[{"embeddable":true,"href":"https:\/\/visitaltotamegaebarroso.pt\/fr\/wp-json\/wp\/v2\/media\/26740"}],"wp:attachment":[{"href":"https:\/\/visitaltotamegaebarroso.pt\/fr\/wp-json\/wp\/v2\/media?parent=26764"}],"wp:term":[{"taxonomy":"post_tag","embeddable":true,"href":"https:\/\/visitaltotamegaebarroso.pt\/fr\/wp-json\/wp\/v2\/tags?post=26764"},{"taxonomy":"mec_category","embeddable":true,"href":"https:\/\/visitaltotamegaebarroso.pt\/fr\/wp-json\/wp\/v2\/mec_category?post=26764"}],"curies":[{"name":"wp","href":"https:\/\/api.w.org\/{rel}","templated":true}]}}

Montalegre | Visite guidée « Projet Feu »

<p>Dans le cadre de la célébration de la  » Journée internationale des monuments et des sites « , le 18 avril, date fixée en 1982 par le Conseil international des monuments et des sites (ICOMOS), l&rsquo;Ecomuseu de Barroso, comme les années précédentes, célèbre cette journée en invitant les personnes intéressées à s&rsquo;inscrire à une visite guidée de l&rsquo;exposition  » Projeto Incêndios  » (à l&rsquo;Ecomuseu de Barroso &#8211; Espaço Padre Fontes), animée par l&rsquo;auteur de l&rsquo;exposition, Miguel Mosquera, le 21 avril à 15 heures.</p>
<p>Pour s&rsquo;inscrire, il suffit d&rsquo;envoyer un e-mail à : geral@ecomuseu.org avec vos coordonnées (nom, numéro de téléphone et lieu de résidence), d&rsquo;appeler le +351 276 510 203 ou de vous rendre au siège de l&rsquo;Ecomuseu de Barroso, à Montalegre.</p>
<p>L&rsquo;inscription (date limite &#8211; 18 avril) est gratuite, obligatoire et limitée.</p>

<p>Dans le cadre de la célébration de la  » Journée internationale des monuments et des sites « , le 18 avril, date fixée en 1982 par le Conseil international des monuments et des sites (ICOMOS), l&rsquo;Ecomuseu de Barroso, comme les années [&hellip;]</p>
