{"id":26403,"date":"2024-04-07T12:59:58","date_gmt":"2024-04-07T11:59:58","guid":{"rendered":"https:\/\/visitaltotamegaebarroso.pt\/events\/chaves-nos-artistes-2024\/"},"modified":"2024-04-07T12:59:58","modified_gmt":"2024-04-07T11:59:58","slug":"chaves-nos-artistes-2024","status":"publish","type":"mec-events","link":"https:\/\/visitaltotamegaebarroso.pt\/fr\/events\/chaves-nos-artistes-2024\/","title":{"rendered":"Chaves | \u00ab\u00a0Nos artistes\u00a0\u00bb 2024"},"content":{"rendered":"<p>Ant\u00f3nio Jos\u00e9 Montenegro de Ara\u00fajo Coelho Pizarro est n\u00e9 \u00e0 Coimbra le 9 f\u00e9vrier 1960 et vit \u00e0 Chaves, au Portugal. Dipl\u00f4m\u00e9 en beaux-arts &#8211; peinture (E.S.A.P.) \u00e0 Porto. Disciple de Nadir Afonso. Depuis 1979, il a particip\u00e9 \u00e0 environ 70 expositions individuelles et collectives dans des galeries d&rsquo;art portugaises et \u00e9trang\u00e8res, des foires d&rsquo;art et des biennales au Portugal, en Belgique, en Italie, en Allemagne et en Espagne, notamment la Biennale de Cerveira, Europ\u00e1lia en Belgique, la Biennale internationale d&rsquo;art contemporain de Gaia et la Biennale internationale de Tr\u00e1s-os-Montes.<\/p>\n<p>Organis\u00e9 par : Municipalit\u00e9 de Chaves<\/p>\n","protected":false},"excerpt":{"rendered":"<p>Ant\u00f3nio Jos\u00e9 Montenegro de Ara\u00fajo Coelho Pizarro est n\u00e9 \u00e0 Coimbra le 9 f\u00e9vrier 1960 et vit \u00e0 Chaves, au Portugal. Dipl\u00f4m\u00e9 en beaux-arts &#8211; peinture (E.S.A.P.) \u00e0 Porto. Disciple de Nadir Afonso. Depuis 1979, il a particip\u00e9 \u00e0 environ [&hellip;]<\/p>\n","protected":false},"author":5,"featured_media":26399,"comment_status":"closed","ping_status":"closed","template":"","tags":[],"mec_category":[715],"_links":{"self":[{"href":"https:\/\/visitaltotamegaebarroso.pt\/fr\/wp-json\/wp\/v2\/mec-events\/26403"}],"collection":[{"href":"https:\/\/visitaltotamegaebarroso.pt\/fr\/wp-json\/wp\/v2\/mec-events"}],"about":[{"href":"https:\/\/visitaltotamegaebarroso.pt\/fr\/wp-json\/wp\/v2\/types\/mec-events"}],"author":[{"embeddable":true,"href":"https:\/\/visitaltotamegaebarroso.pt\/fr\/wp-json\/wp\/v2\/users\/5"}],"replies":[{"embeddable":true,"href":"https:\/\/visitaltotamegaebarroso.pt\/fr\/wp-json\/wp\/v2\/comments?post=26403"}],"wp:featuredmedia":[{"embeddable":true,"href":"https:\/\/visitaltotamegaebarroso.pt\/fr\/wp-json\/wp\/v2\/media\/26399"}],"wp:attachment":[{"href":"https:\/\/visitaltotamegaebarroso.pt\/fr\/wp-json\/wp\/v2\/media?parent=26403"}],"wp:term":[{"taxonomy":"post_tag","embeddable":true,"href":"https:\/\/visitaltotamegaebarroso.pt\/fr\/wp-json\/wp\/v2\/tags?post=26403"},{"taxonomy":"mec_category","embeddable":true,"href":"https:\/\/visitaltotamegaebarroso.pt\/fr\/wp-json\/wp\/v2\/mec_category?post=26403"}],"curies":[{"name":"wp","href":"https:\/\/api.w.org\/{rel}","templated":true}]}}

<p>António José Montenegro de Araújo Coelho Pizarro est né à Coimbra le 9 février 1960 et vit à Chaves, au Portugal. Diplômé en beaux-arts &#8211; peinture (E.S.A.P.) à Porto. Disciple de Nadir Afonso. Depuis 1979, il a participé à environ 70 expositions individuelles et collectives dans des galeries d&rsquo;art portugaises et étrangères, des foires d&rsquo;art et des biennales au Portugal, en Belgique, en Italie, en Allemagne et en Espagne, notamment la Biennale de Cerveira, Europália en Belgique, la Biennale internationale d&rsquo;art contemporain de Gaia et la Biennale internationale de Trás-os-Montes.</p>
<p>Organisé par : Municipalité de Chaves</p>

<p>António José Montenegro de Araújo Coelho Pizarro est né à Coimbra le 9 février 1960 et vit à Chaves, au Portugal. Diplômé en beaux-arts &#8211; peinture (E.S.A.P.) à Porto. Disciple de Nadir Afonso. Depuis 1979, il a participé à environ [&hellip;]</p>
