{"id":26231,"date":"2024-03-23T14:51:23","date_gmt":"2024-03-23T14:51:23","guid":{"rendered":"https:\/\/visitaltotamegaebarroso.pt\/events\/chaves-25-avril-course-de-la-liberte\/"},"modified":"2024-03-23T14:51:23","modified_gmt":"2024-03-23T14:51:23","slug":"chaves-25-avril-course-de-la-liberte","status":"publish","type":"mec-events","link":"https:\/\/visitaltotamegaebarroso.pt\/fr\/events\/chaves-25-avril-course-de-la-liberte\/","title":{"rendered":"Chaves | 25 avril Course de la libert\u00e9"},"content":{"rendered":"<p>Dans le cadre des c\u00e9l\u00e9brations du 50e anniversaire du 25 avril, la municipalit\u00e9 promeut la traditionnelle course de la libert\u00e9, \u00e0 laquelle il faut s&rsquo;inscrire avant le 19 avril.<\/p>\n<p>L&rsquo;initiative b\u00e9n\u00e9ficie du soutien de l&rsquo;association d&rsquo;athl\u00e9tisme de Vila Real et comprend une course de 10 km pour les athl\u00e8tes f\u00e9d\u00e9r\u00e9s et non f\u00e9d\u00e9r\u00e9s n\u00e9s en 2006 et avant, une course de 1 km pour les athl\u00e8tes plus jeunes, pour les athl\u00e8tes f\u00e9d\u00e9r\u00e9s et non f\u00e9d\u00e9r\u00e9s n\u00e9s en 2012 et avant, ainsi qu&rsquo;une marche de 7 km pour tous les groupes d&rsquo;\u00e2ge et \u00e0 des fins non-comp\u00e9titives.<\/p>\n<p>Cet \u00e9v\u00e9nement, qui aura lieu le 25 avril 2024, commencera \u00e0 10 heures, avec un d\u00e9part et une arriv\u00e9e \u00e0 l&rsquo;Alameda do Trajano &#8211; derri\u00e8re la piscine municipale. Elle comprend des prix en esp\u00e8ces pour les vainqueurs du classement g\u00e9n\u00e9ral et les vainqueurs des diff\u00e9rentes cat\u00e9gories, un prix pour l&rsquo;\u00e9quipe la plus nombreuse, d&rsquo;une valeur de 150 euros, et un prix de participation d&rsquo;une valeur de 150 euros qui sera \u00e9galement tir\u00e9 au sort parmi tous les participants qui termineront la course.<\/p>\n<p>L&rsquo;inscription est gratuite et peut se faire en ligne: <strong><a style=\"color: #00ccff;\" href=\"ttps:\/\/waitastart.com\/corrida-da-liberdade-24\/\">ici<\/a><\/strong><\/p>\n","protected":false},"excerpt":{"rendered":"<p>Dans le cadre des c\u00e9l\u00e9brations du 50e anniversaire du 25 avril, la municipalit\u00e9 promeut la traditionnelle course de la libert\u00e9, \u00e0 laquelle il faut s&rsquo;inscrire avant le 19 avril. L&rsquo;initiative b\u00e9n\u00e9ficie du soutien de l&rsquo;association d&rsquo;athl\u00e9tisme de Vila Real et [&hellip;]<\/p>\n","protected":false},"author":5,"featured_media":26227,"comment_status":"closed","ping_status":"closed","template":"","tags":[],"mec_category":[721],"_links":{"self":[{"href":"https:\/\/visitaltotamegaebarroso.pt\/fr\/wp-json\/wp\/v2\/mec-events\/26231"}],"collection":[{"href":"https:\/\/visitaltotamegaebarroso.pt\/fr\/wp-json\/wp\/v2\/mec-events"}],"about":[{"href":"https:\/\/visitaltotamegaebarroso.pt\/fr\/wp-json\/wp\/v2\/types\/mec-events"}],"author":[{"embeddable":true,"href":"https:\/\/visitaltotamegaebarroso.pt\/fr\/wp-json\/wp\/v2\/users\/5"}],"replies":[{"embeddable":true,"href":"https:\/\/visitaltotamegaebarroso.pt\/fr\/wp-json\/wp\/v2\/comments?post=26231"}],"wp:featuredmedia":[{"embeddable":true,"href":"https:\/\/visitaltotamegaebarroso.pt\/fr\/wp-json\/wp\/v2\/media\/26227"}],"wp:attachment":[{"href":"https:\/\/visitaltotamegaebarroso.pt\/fr\/wp-json\/wp\/v2\/media?parent=26231"}],"wp:term":[{"taxonomy":"post_tag","embeddable":true,"href":"https:\/\/visitaltotamegaebarroso.pt\/fr\/wp-json\/wp\/v2\/tags?post=26231"},{"taxonomy":"mec_category","embeddable":true,"href":"https:\/\/visitaltotamegaebarroso.pt\/fr\/wp-json\/wp\/v2\/mec_category?post=26231"}],"curies":[{"name":"wp","href":"https:\/\/api.w.org\/{rel}","templated":true}]}}

Chaves | 25 avril Course de la liberté

<p>Dans le cadre des célébrations du 50e anniversaire du 25 avril, la municipalité promeut la traditionnelle course de la liberté, à laquelle il faut s&rsquo;inscrire avant le 19 avril.</p>
<p>L&rsquo;initiative bénéficie du soutien de l&rsquo;association d&rsquo;athlétisme de Vila Real et comprend une course de 10 km pour les athlètes fédérés et non fédérés nés en 2006 et avant, une course de 1 km pour les athlètes plus jeunes, pour les athlètes fédérés et non fédérés nés en 2012 et avant, ainsi qu&rsquo;une marche de 7 km pour tous les groupes d&rsquo;âge et à des fins non-compétitives.</p>
<p>Cet événement, qui aura lieu le 25 avril 2024, commencera à 10 heures, avec un départ et une arrivée à l&rsquo;Alameda do Trajano &#8211; derrière la piscine municipale. Elle comprend des prix en espèces pour les vainqueurs du classement général et les vainqueurs des différentes catégories, un prix pour l&rsquo;équipe la plus nombreuse, d&rsquo;une valeur de 150 euros, et un prix de participation d&rsquo;une valeur de 150 euros qui sera également tiré au sort parmi tous les participants qui termineront la course.</p>
<p>L&rsquo;inscription est gratuite et peut se faire en ligne: <strong><a style="color: #00ccff;" href="ttps://waitastart.com/corrida-da-liberdade-24/">ici</a></strong></p>

<p>Dans le cadre des célébrations du 50e anniversaire du 25 avril, la municipalité promeut la traditionnelle course de la liberté, à laquelle il faut s&rsquo;inscrire avant le 19 avril. L&rsquo;initiative bénéficie du soutien de l&rsquo;association d&rsquo;athlétisme de Vila Real et [&hellip;]</p>
