{"id":26204,"date":"2024-03-22T12:48:30","date_gmt":"2024-03-22T12:48:30","guid":{"rendered":"https:\/\/visitaltotamegaebarroso.pt\/events\/23-au-31-mars-loffice-de-tourisme-de-lalto-tamega-e-barroso-accueille-lexposition-eau-et-paques\/"},"modified":"2024-03-22T12:48:30","modified_gmt":"2024-03-22T12:48:30","slug":"23-au-31-mars-loffice-de-tourisme-de-lalto-tamega-e-barroso-accueille-lexposition-eau-et-paques","status":"publish","type":"mec-events","link":"https:\/\/visitaltotamegaebarroso.pt\/fr\/events\/23-au-31-mars-loffice-de-tourisme-de-lalto-tamega-e-barroso-accueille-lexposition-eau-et-paques\/","title":{"rendered":"23 au 31 mars | L&rsquo;office de tourisme de l&rsquo;Alto T\u00e2mega e Barroso accueille l&rsquo;exposition \u00ab\u00a0Eau et P\u00e2ques"},"content":{"rendered":"<p><strong>Demain, 23 mars, l&rsquo;office de tourisme de l&rsquo;Alto T\u00e2mega e Barroso inaugurera l&rsquo;exposition temporaire \u00a0\u00bb Eau et P\u00e2ques \u00ab\u00a0, qui sera pr\u00e9sent\u00e9e jusqu&rsquo;au 31 mars.<\/strong><\/p>\n<p>Les pi\u00e8ces (Pias de Cabeceira) ont \u00e9t\u00e9 offertes par la Casa Museu dos Candeias et visent \u00e0 mettre en \u00e9vidence la tradition religieuse pratiqu\u00e9e dans les foyers de l&rsquo;Alto T\u00e2mega e Barroso, r\u00e9v\u00e9lant ainsi l&rsquo;importance sacr\u00e9e que l&rsquo;EAU a eue, et continue d&rsquo;avoir, pour les familles de la r\u00e9gion.<\/p>\n<p>Venez nous rendre visite !<\/p>\n","protected":false},"excerpt":{"rendered":"<p>Demain, 23 mars, l&rsquo;office de tourisme de l&rsquo;Alto T\u00e2mega e Barroso inaugurera l&rsquo;exposition temporaire \u00a0\u00bb Eau et P\u00e2ques \u00ab\u00a0, qui sera pr\u00e9sent\u00e9e jusqu&rsquo;au 31 mars. Les pi\u00e8ces (Pias de Cabeceira) ont \u00e9t\u00e9 offertes par la Casa Museu dos Candeias et [&hellip;]<\/p>\n","protected":false},"author":3,"featured_media":26201,"comment_status":"closed","ping_status":"closed","template":"","tags":[],"mec_category":[715],"_links":{"self":[{"href":"https:\/\/visitaltotamegaebarroso.pt\/fr\/wp-json\/wp\/v2\/mec-events\/26204"}],"collection":[{"href":"https:\/\/visitaltotamegaebarroso.pt\/fr\/wp-json\/wp\/v2\/mec-events"}],"about":[{"href":"https:\/\/visitaltotamegaebarroso.pt\/fr\/wp-json\/wp\/v2\/types\/mec-events"}],"author":[{"embeddable":true,"href":"https:\/\/visitaltotamegaebarroso.pt\/fr\/wp-json\/wp\/v2\/users\/3"}],"replies":[{"embeddable":true,"href":"https:\/\/visitaltotamegaebarroso.pt\/fr\/wp-json\/wp\/v2\/comments?post=26204"}],"wp:featuredmedia":[{"embeddable":true,"href":"https:\/\/visitaltotamegaebarroso.pt\/fr\/wp-json\/wp\/v2\/media\/26201"}],"wp:attachment":[{"href":"https:\/\/visitaltotamegaebarroso.pt\/fr\/wp-json\/wp\/v2\/media?parent=26204"}],"wp:term":[{"taxonomy":"post_tag","embeddable":true,"href":"https:\/\/visitaltotamegaebarroso.pt\/fr\/wp-json\/wp\/v2\/tags?post=26204"},{"taxonomy":"mec_category","embeddable":true,"href":"https:\/\/visitaltotamegaebarroso.pt\/fr\/wp-json\/wp\/v2\/mec_category?post=26204"}],"curies":[{"name":"wp","href":"https:\/\/api.w.org\/{rel}","templated":true}]}}

23 au 31 mars | L&rsquo;office de tourisme de l&rsquo;Alto Tâmega e Barroso accueille l&rsquo;exposition « Eau et Pâques

<p><strong>Demain, 23 mars, l&rsquo;office de tourisme de l&rsquo;Alto Tâmega e Barroso inaugurera l&rsquo;exposition temporaire  » Eau et Pâques « , qui sera présentée jusqu&rsquo;au 31 mars.</strong></p>
<p>Les pièces (Pias de Cabeceira) ont été offertes par la Casa Museu dos Candeias et visent à mettre en évidence la tradition religieuse pratiquée dans les foyers de l&rsquo;Alto Tâmega e Barroso, révélant ainsi l&rsquo;importance sacrée que l&rsquo;EAU a eue, et continue d&rsquo;avoir, pour les familles de la région.</p>
<p>Venez nous rendre visite !</p>

<p>Demain, 23 mars, l&rsquo;office de tourisme de l&rsquo;Alto Tâmega e Barroso inaugurera l&rsquo;exposition temporaire  » Eau et Pâques « , qui sera présentée jusqu&rsquo;au 31 mars. Les pièces (Pias de Cabeceira) ont été offertes par la Casa Museu dos Candeias et [&hellip;]</p>
