{"id":26195,"date":"2024-03-21T13:01:34","date_gmt":"2024-03-21T13:01:34","guid":{"rendered":"https:\/\/visitaltotamegaebarroso.pt\/events\/chaves-miracle-dans-le-couvent-de-st-mary-jane\/"},"modified":"2024-03-21T13:01:34","modified_gmt":"2024-03-21T13:01:34","slug":"chaves-miracle-dans-le-couvent-de-st-mary-jane","status":"publish","type":"mec-events","link":"https:\/\/visitaltotamegaebarroso.pt\/fr\/events\/chaves-miracle-dans-le-couvent-de-st-mary-jane\/","title":{"rendered":"Chaves | Miracle dans le couvent de St Mary Jane"},"content":{"rendered":"<p>Une com\u00e9die de l&rsquo;auteur Jean &#8211; Pierre Martinez<\/p>\n<p>Atelier th\u00e9\u00e2tre &#8211; \u00ab\u00a0Th\u00e9\u00e2tre pour tous\u00a0\u00bb<\/p>\n<p>Dans la boutique du couvent, l&rsquo;\u00e9lixir de Sainte Marie-Joana perd de sa splendeur et menace l&rsquo;\u00e9conomie de la communaut\u00e9. \u00c0 la mort de s\u0153ur Ana, s\u0153ur In\u00eas, novice r\u00e9volutionnaire, reprend la distillerie et renouvelle la formule de l&rsquo;\u00e9lixir avec une herbe myst\u00e9rieuse, obtenant un grand succ\u00e8s.<\/p>\n<p>Billet : 5 \u20ac. Dur\u00e9e : 90 min. | M\/12 ;<\/p>\n<p>R\u00e9alisation : Rufino Martins<\/p>\n<p>Organisme : Teatro Experimental Flaviense<\/p>\n<p>Soutien : Municipalit\u00e9 de Chaves<\/p>\n","protected":false},"excerpt":{"rendered":"<p>Une com\u00e9die de l&rsquo;auteur Jean &#8211; Pierre Martinez Atelier th\u00e9\u00e2tre &#8211; \u00ab\u00a0Th\u00e9\u00e2tre pour tous\u00a0\u00bb Dans la boutique du couvent, l&rsquo;\u00e9lixir de Sainte Marie-Joana perd de sa splendeur et menace l&rsquo;\u00e9conomie de la communaut\u00e9. \u00c0 la mort de s\u0153ur Ana, s\u0153ur [&hellip;]<\/p>\n","protected":false},"author":5,"featured_media":26191,"comment_status":"closed","ping_status":"closed","template":"","tags":[],"mec_category":[715],"_links":{"self":[{"href":"https:\/\/visitaltotamegaebarroso.pt\/fr\/wp-json\/wp\/v2\/mec-events\/26195"}],"collection":[{"href":"https:\/\/visitaltotamegaebarroso.pt\/fr\/wp-json\/wp\/v2\/mec-events"}],"about":[{"href":"https:\/\/visitaltotamegaebarroso.pt\/fr\/wp-json\/wp\/v2\/types\/mec-events"}],"author":[{"embeddable":true,"href":"https:\/\/visitaltotamegaebarroso.pt\/fr\/wp-json\/wp\/v2\/users\/5"}],"replies":[{"embeddable":true,"href":"https:\/\/visitaltotamegaebarroso.pt\/fr\/wp-json\/wp\/v2\/comments?post=26195"}],"wp:featuredmedia":[{"embeddable":true,"href":"https:\/\/visitaltotamegaebarroso.pt\/fr\/wp-json\/wp\/v2\/media\/26191"}],"wp:attachment":[{"href":"https:\/\/visitaltotamegaebarroso.pt\/fr\/wp-json\/wp\/v2\/media?parent=26195"}],"wp:term":[{"taxonomy":"post_tag","embeddable":true,"href":"https:\/\/visitaltotamegaebarroso.pt\/fr\/wp-json\/wp\/v2\/tags?post=26195"},{"taxonomy":"mec_category","embeddable":true,"href":"https:\/\/visitaltotamegaebarroso.pt\/fr\/wp-json\/wp\/v2\/mec_category?post=26195"}],"curies":[{"name":"wp","href":"https:\/\/api.w.org\/{rel}","templated":true}]}}

<p>Une comédie de l&rsquo;auteur Jean &#8211; Pierre Martinez</p>
<p>Atelier théâtre &#8211; « Théâtre pour tous »</p>
<p>Dans la boutique du couvent, l&rsquo;élixir de Sainte Marie-Joana perd de sa splendeur et menace l&rsquo;économie de la communauté. À la mort de sœur Ana, sœur Inês, novice révolutionnaire, reprend la distillerie et renouvelle la formule de l&rsquo;élixir avec une herbe mystérieuse, obtenant un grand succès.</p>
<p>Billet : 5 €. Durée : 90 min. | M/12 ;</p>
<p>Réalisation : Rufino Martins</p>
<p>Organisme : Teatro Experimental Flaviense</p>
<p>Soutien : Municipalité de Chaves</p>

<p>Une comédie de l&rsquo;auteur Jean &#8211; Pierre Martinez Atelier théâtre &#8211; « Théâtre pour tous » Dans la boutique du couvent, l&rsquo;élixir de Sainte Marie-Joana perd de sa splendeur et menace l&rsquo;économie de la communauté. À la mort de sœur Ana, sœur [&hellip;]</p>
