{"id":26131,"date":"2024-03-19T09:42:09","date_gmt":"2024-03-19T09:42:09","guid":{"rendered":"https:\/\/visitaltotamegaebarroso.pt\/events\/chaves-l-parade-de-la-journee-mondiale-de-leau\/"},"modified":"2024-03-19T09:42:09","modified_gmt":"2024-03-19T09:42:09","slug":"chaves-l-parade-de-la-journee-mondiale-de-leau","status":"publish","type":"mec-events","link":"https:\/\/visitaltotamegaebarroso.pt\/fr\/events\/chaves-l-parade-de-la-journee-mondiale-de-leau\/","title":{"rendered":"Chaves l Parade de la Journ\u00e9e mondiale de l&rsquo;eau"},"content":{"rendered":"<p>Chaves marque la Journ\u00e9e mondiale de l&rsquo;eau le 22 mars par un d\u00e9fil\u00e9 des \u00e9coliers de la municipalit\u00e9 dans les rues principales de la ville. Le d\u00e9fil\u00e9 a pour but d&rsquo;attirer l&rsquo;attention sur l&rsquo;importance de ce pr\u00e9cieux liquide et d&rsquo;appeler \u00e0 son utilisation durable, l&rsquo;eau \u00e9tant la source de la vie.<\/p>\n<p>Dix-neuf cents \u00e9l\u00e8ves des \u00e9coles maternelles et primaires publiques et priv\u00e9es de la municipalit\u00e9, accompagn\u00e9s de leurs enseignants et des institutions priv\u00e9es de solidarit\u00e9 sociale (IPSS), participeront \u00e0 l&rsquo;initiative.<\/p>\n<p>Le cort\u00e8ge partira \u00e0 14h30 du centre culturel de Chaves (ancienne gare) et parcourra les rues du centre historique de la ville pour se terminer \u00e0 la fontaine du peuple, dans les Termas de Chaves, au bord du fleuve T\u00e2mega.<\/p>\n<p>Il s&rsquo;agit d&rsquo;une autre initiative importante que la municipalit\u00e9 promeut autour de la n\u00e9cessit\u00e9 d&rsquo;impliquer les habitants de Flavi dans une gestion plus consciente et plus responsable de l&rsquo;eau.<\/p>\n<p>Faire en sorte que les jeunes transmettent ce message aux adultes, en les incitant \u00e0 adopter un comportement encore plus responsable en mati\u00e8re d&rsquo;utilisation de l&rsquo;eau, est l&rsquo;un des meilleurs moyens de prot\u00e9ger ce bien commun pour l&rsquo;avenir de tous.<\/p>\n","protected":false},"excerpt":{"rendered":"<p>Chaves marque la Journ\u00e9e mondiale de l&rsquo;eau le 22 mars par un d\u00e9fil\u00e9 des \u00e9coliers de la municipalit\u00e9 dans les rues principales de la ville. Le d\u00e9fil\u00e9 a pour but d&rsquo;attirer l&rsquo;attention sur l&rsquo;importance de ce pr\u00e9cieux liquide et d&rsquo;appeler [&hellip;]<\/p>\n","protected":false},"author":5,"featured_media":26127,"comment_status":"closed","ping_status":"closed","template":"","tags":[],"mec_category":[715],"_links":{"self":[{"href":"https:\/\/visitaltotamegaebarroso.pt\/fr\/wp-json\/wp\/v2\/mec-events\/26131"}],"collection":[{"href":"https:\/\/visitaltotamegaebarroso.pt\/fr\/wp-json\/wp\/v2\/mec-events"}],"about":[{"href":"https:\/\/visitaltotamegaebarroso.pt\/fr\/wp-json\/wp\/v2\/types\/mec-events"}],"author":[{"embeddable":true,"href":"https:\/\/visitaltotamegaebarroso.pt\/fr\/wp-json\/wp\/v2\/users\/5"}],"replies":[{"embeddable":true,"href":"https:\/\/visitaltotamegaebarroso.pt\/fr\/wp-json\/wp\/v2\/comments?post=26131"}],"wp:featuredmedia":[{"embeddable":true,"href":"https:\/\/visitaltotamegaebarroso.pt\/fr\/wp-json\/wp\/v2\/media\/26127"}],"wp:attachment":[{"href":"https:\/\/visitaltotamegaebarroso.pt\/fr\/wp-json\/wp\/v2\/media?parent=26131"}],"wp:term":[{"taxonomy":"post_tag","embeddable":true,"href":"https:\/\/visitaltotamegaebarroso.pt\/fr\/wp-json\/wp\/v2\/tags?post=26131"},{"taxonomy":"mec_category","embeddable":true,"href":"https:\/\/visitaltotamegaebarroso.pt\/fr\/wp-json\/wp\/v2\/mec_category?post=26131"}],"curies":[{"name":"wp","href":"https:\/\/api.w.org\/{rel}","templated":true}]}}

Chaves l Parade de la Journée mondiale de l&rsquo;eau

<p>Chaves marque la Journée mondiale de l&rsquo;eau le 22 mars par un défilé des écoliers de la municipalité dans les rues principales de la ville. Le défilé a pour but d&rsquo;attirer l&rsquo;attention sur l&rsquo;importance de ce précieux liquide et d&rsquo;appeler à son utilisation durable, l&rsquo;eau étant la source de la vie.</p>
<p>Dix-neuf cents élèves des écoles maternelles et primaires publiques et privées de la municipalité, accompagnés de leurs enseignants et des institutions privées de solidarité sociale (IPSS), participeront à l&rsquo;initiative.</p>
<p>Le cortège partira à 14h30 du centre culturel de Chaves (ancienne gare) et parcourra les rues du centre historique de la ville pour se terminer à la fontaine du peuple, dans les Termas de Chaves, au bord du fleuve Tâmega.</p>
<p>Il s&rsquo;agit d&rsquo;une autre initiative importante que la municipalité promeut autour de la nécessité d&rsquo;impliquer les habitants de Flavi dans une gestion plus consciente et plus responsable de l&rsquo;eau.</p>
<p>Faire en sorte que les jeunes transmettent ce message aux adultes, en les incitant à adopter un comportement encore plus responsable en matière d&rsquo;utilisation de l&rsquo;eau, est l&rsquo;un des meilleurs moyens de protéger ce bien commun pour l&rsquo;avenir de tous.</p>

<p>Chaves marque la Journée mondiale de l&rsquo;eau le 22 mars par un défilé des écoliers de la municipalité dans les rues principales de la ville. Le défilé a pour but d&rsquo;attirer l&rsquo;attention sur l&rsquo;importance de ce précieux liquide et d&rsquo;appeler [&hellip;]</p>
