{"id":25978,"date":"2024-03-14T11:50:49","date_gmt":"2024-03-14T11:50:49","guid":{"rendered":"https:\/\/visitaltotamegaebarroso.pt\/events\/montalegre-l-marche\/"},"modified":"2024-03-14T11:50:49","modified_gmt":"2024-03-14T11:50:49","slug":"montalegre-l-marche","status":"publish","type":"mec-events","link":"https:\/\/visitaltotamegaebarroso.pt\/fr\/events\/montalegre-l-marche\/","title":{"rendered":"Montalegre l Marche"},"content":{"rendered":"<p>La municipalit\u00e9 de Montalegre, en collaboration avec l&rsquo;association des p\u00e8lerins Flavienses, invite tout le monde \u00e0 participer \u00e0 cette marche autour de la ville de Montalegre, un parcours d&rsquo;environ 13 kilom\u00e8tres.<\/p>\n","protected":false},"excerpt":{"rendered":"<p>La municipalit\u00e9 de Montalegre, en collaboration avec l&rsquo;association des p\u00e8lerins Flavienses, invite tout le monde \u00e0 participer \u00e0 cette marche autour de la ville de Montalegre, un parcours d&rsquo;environ 13 kilom\u00e8tres.<\/p>\n","protected":false},"author":5,"featured_media":25974,"comment_status":"closed","ping_status":"closed","template":"","tags":[],"mec_category":[721],"_links":{"self":[{"href":"https:\/\/visitaltotamegaebarroso.pt\/fr\/wp-json\/wp\/v2\/mec-events\/25978"}],"collection":[{"href":"https:\/\/visitaltotamegaebarroso.pt\/fr\/wp-json\/wp\/v2\/mec-events"}],"about":[{"href":"https:\/\/visitaltotamegaebarroso.pt\/fr\/wp-json\/wp\/v2\/types\/mec-events"}],"author":[{"embeddable":true,"href":"https:\/\/visitaltotamegaebarroso.pt\/fr\/wp-json\/wp\/v2\/users\/5"}],"replies":[{"embeddable":true,"href":"https:\/\/visitaltotamegaebarroso.pt\/fr\/wp-json\/wp\/v2\/comments?post=25978"}],"wp:featuredmedia":[{"embeddable":true,"href":"https:\/\/visitaltotamegaebarroso.pt\/fr\/wp-json\/wp\/v2\/media\/25974"}],"wp:attachment":[{"href":"https:\/\/visitaltotamegaebarroso.pt\/fr\/wp-json\/wp\/v2\/media?parent=25978"}],"wp:term":[{"taxonomy":"post_tag","embeddable":true,"href":"https:\/\/visitaltotamegaebarroso.pt\/fr\/wp-json\/wp\/v2\/tags?post=25978"},{"taxonomy":"mec_category","embeddable":true,"href":"https:\/\/visitaltotamegaebarroso.pt\/fr\/wp-json\/wp\/v2\/mec_category?post=25978"}],"curies":[{"name":"wp","href":"https:\/\/api.w.org\/{rel}","templated":true}]}}

<p>La municipalité de Montalegre, en collaboration avec l&rsquo;association des pèlerins Flavienses, invite tout le monde à participer à cette marche autour de la ville de Montalegre, un parcours d&rsquo;environ 13 kilomètres.</p>
