{"id":25958,"date":"2024-03-14T11:17:46","date_gmt":"2024-03-14T11:17:46","guid":{"rendered":"https:\/\/visitaltotamegaebarroso.pt\/events\/montalegre-l-reflets-didentite\/"},"modified":"2024-03-14T11:17:46","modified_gmt":"2024-03-14T11:17:46","slug":"montalegre-l-reflets-didentite","status":"publish","type":"mec-events","link":"https:\/\/visitaltotamegaebarroso.pt\/fr\/events\/montalegre-l-reflets-didentite\/","title":{"rendered":"Montalegre l Reflets d&rsquo;identit\u00e9"},"content":{"rendered":"<p>Dans le cadre de la Semaine des partenaires de la Route des mines et des sites d&rsquo;int\u00e9r\u00eat minier et g\u00e9ologique du Portugal, l&rsquo;exposition \u00ab\u00a0Retalhos d&rsquo;Identidade(s)\u00a0\u00bb (Pi\u00e8ces d&rsquo;identit\u00e9) sera pr\u00e9sent\u00e9e du 22 mars au 30 juin \u00e0 l&rsquo;Ecomuseu de Barroso &#8211; Centre d&rsquo;interpr\u00e9tation des mines de Borralha.<\/p>\n<p>En plus de l&rsquo;exposition, du 18 au 24 mars, vous pourrez participer aux activit\u00e9s propos\u00e9es par le centre \u00e0 Minas da Borralha.<\/p>\n<p>09h00 \u00e0 13h00 &#8211; 14h00 \u00e0 17h00<\/p>\n<p>Pour plus d&rsquo;informations, voir :<\/p>\n<p>https:\/\/roteirodasminas.dgeg.gov.pt\/&#8230;\/programa-semana&#8230;<\/p>\n<p>roteirodasminas.dgeg.gov.pt<\/p>\n","protected":false},"excerpt":{"rendered":"<p>Dans le cadre de la Semaine des partenaires de la Route des mines et des sites d&rsquo;int\u00e9r\u00eat minier et g\u00e9ologique du Portugal, l&rsquo;exposition \u00ab\u00a0Retalhos d&rsquo;Identidade(s)\u00a0\u00bb (Pi\u00e8ces d&rsquo;identit\u00e9) sera pr\u00e9sent\u00e9e du 22 mars au 30 juin \u00e0 l&rsquo;Ecomuseu de Barroso &#8211; [&hellip;]<\/p>\n","protected":false},"author":5,"featured_media":25954,"comment_status":"closed","ping_status":"closed","template":"","tags":[],"mec_category":[715],"_links":{"self":[{"href":"https:\/\/visitaltotamegaebarroso.pt\/fr\/wp-json\/wp\/v2\/mec-events\/25958"}],"collection":[{"href":"https:\/\/visitaltotamegaebarroso.pt\/fr\/wp-json\/wp\/v2\/mec-events"}],"about":[{"href":"https:\/\/visitaltotamegaebarroso.pt\/fr\/wp-json\/wp\/v2\/types\/mec-events"}],"author":[{"embeddable":true,"href":"https:\/\/visitaltotamegaebarroso.pt\/fr\/wp-json\/wp\/v2\/users\/5"}],"replies":[{"embeddable":true,"href":"https:\/\/visitaltotamegaebarroso.pt\/fr\/wp-json\/wp\/v2\/comments?post=25958"}],"wp:featuredmedia":[{"embeddable":true,"href":"https:\/\/visitaltotamegaebarroso.pt\/fr\/wp-json\/wp\/v2\/media\/25954"}],"wp:attachment":[{"href":"https:\/\/visitaltotamegaebarroso.pt\/fr\/wp-json\/wp\/v2\/media?parent=25958"}],"wp:term":[{"taxonomy":"post_tag","embeddable":true,"href":"https:\/\/visitaltotamegaebarroso.pt\/fr\/wp-json\/wp\/v2\/tags?post=25958"},{"taxonomy":"mec_category","embeddable":true,"href":"https:\/\/visitaltotamegaebarroso.pt\/fr\/wp-json\/wp\/v2\/mec_category?post=25958"}],"curies":[{"name":"wp","href":"https:\/\/api.w.org\/{rel}","templated":true}]}}

Montalegre l Reflets d&rsquo;identité

<p>Dans le cadre de la Semaine des partenaires de la Route des mines et des sites d&rsquo;intérêt minier et géologique du Portugal, l&rsquo;exposition « Retalhos d&rsquo;Identidade(s) » (Pièces d&rsquo;identité) sera présentée du 22 mars au 30 juin à l&rsquo;Ecomuseu de Barroso &#8211; Centre d&rsquo;interprétation des mines de Borralha.</p>
<p>En plus de l&rsquo;exposition, du 18 au 24 mars, vous pourrez participer aux activités proposées par le centre à Minas da Borralha.</p>
<p>09h00 à 13h00 &#8211; 14h00 à 17h00</p>
<p>Pour plus d&rsquo;informations, voir :</p>
<p>https://roteirodasminas.dgeg.gov.pt/&#8230;/programa-semana&#8230;</p>
<p>roteirodasminas.dgeg.gov.pt</p>

<p>Dans le cadre de la Semaine des partenaires de la Route des mines et des sites d&rsquo;intérêt minier et géologique du Portugal, l&rsquo;exposition « Retalhos d&rsquo;Identidade(s) » (Pièces d&rsquo;identité) sera présentée du 22 mars au 30 juin à l&rsquo;Ecomuseu de Barroso &#8211; [&hellip;]</p>
