{"id":25545,"date":"2024-03-04T11:43:00","date_gmt":"2024-03-04T11:43:00","guid":{"rendered":"https:\/\/visitaltotamegaebarroso.pt\/events\/chaves-2eme-demi-finale-pre-fest-contest\/"},"modified":"2024-03-04T11:43:00","modified_gmt":"2024-03-04T11:43:00","slug":"chaves-2eme-demi-finale-pre-fest-contest","status":"publish","type":"mec-events","link":"https:\/\/visitaltotamegaebarroso.pt\/fr\/events\/chaves-2eme-demi-finale-pre-fest-contest\/","title":{"rendered":"Chaves | 2\u00e8me demi-finale &#8211; Pre Fest Contest"},"content":{"rendered":"<p>La 2\u00e8me demi-finale &#8211; Pre Fest Contest (concert de groupes de garage) aura lieu le 16 mars au Teatro Experimental Flaviense, \u00e0 Chaves, deux groupes suppl\u00e9mentaires pour la finale de \ud835\udde3\ud835\udde5\ud835\uddd8 \ud835\uddd9\ud835\uddd8\ud835\udde6\ud835\udde7 \ud835\uddd6\ud835\udde2\ud835\udde1\ud835\udde7\ud835\uddd8\ud835\udde6\ud835\udde7, ce qui permettra \u00e0 deux groupes de se qualifier pour le Vinho Folar &amp; Rock \u0301n \u0301roll \u00e0 Rio 2024. La finale du concours est pr\u00e9vue le 27 avril \u00e0 Santa Valha, dans la municipalit\u00e9 de Valpa\u00e7os.<\/p>\n","protected":false},"excerpt":{"rendered":"<p>La 2\u00e8me demi-finale &#8211; Pre Fest Contest (concert de groupes de garage) aura lieu le 16 mars au Teatro Experimental Flaviense, \u00e0 Chaves, deux groupes suppl\u00e9mentaires pour la finale de \ud835\udde3\ud835\udde5\ud835\uddd8 \ud835\uddd9\ud835\uddd8\ud835\udde6\ud835\udde7 \ud835\uddd6\ud835\udde2\ud835\udde1\ud835\udde7\ud835\uddd8\ud835\udde6\ud835\udde7, ce qui permettra \u00e0 deux groupes de se qualifier pour le Vinho Folar &#038; Rock \u0301n \u0301roll \u00e0 Rio 2024. La finale du concours est pr\u00e9vue le 27 avril \u00e0 Santa Valha, dans la municipalit\u00e9 de Valpa\u00e7os.<\/p>\n","protected":false},"author":4,"featured_media":25540,"comment_status":"closed","ping_status":"closed","template":"","tags":[],"mec_category":[715],"_links":{"self":[{"href":"https:\/\/visitaltotamegaebarroso.pt\/fr\/wp-json\/wp\/v2\/mec-events\/25545"}],"collection":[{"href":"https:\/\/visitaltotamegaebarroso.pt\/fr\/wp-json\/wp\/v2\/mec-events"}],"about":[{"href":"https:\/\/visitaltotamegaebarroso.pt\/fr\/wp-json\/wp\/v2\/types\/mec-events"}],"author":[{"embeddable":true,"href":"https:\/\/visitaltotamegaebarroso.pt\/fr\/wp-json\/wp\/v2\/users\/4"}],"replies":[{"embeddable":true,"href":"https:\/\/visitaltotamegaebarroso.pt\/fr\/wp-json\/wp\/v2\/comments?post=25545"}],"wp:featuredmedia":[{"embeddable":true,"href":"https:\/\/visitaltotamegaebarroso.pt\/fr\/wp-json\/wp\/v2\/media\/25540"}],"wp:attachment":[{"href":"https:\/\/visitaltotamegaebarroso.pt\/fr\/wp-json\/wp\/v2\/media?parent=25545"}],"wp:term":[{"taxonomy":"post_tag","embeddable":true,"href":"https:\/\/visitaltotamegaebarroso.pt\/fr\/wp-json\/wp\/v2\/tags?post=25545"},{"taxonomy":"mec_category","embeddable":true,"href":"https:\/\/visitaltotamegaebarroso.pt\/fr\/wp-json\/wp\/v2\/mec_category?post=25545"}],"curies":[{"name":"wp","href":"https:\/\/api.w.org\/{rel}","templated":true}]}}

Chaves | 2ème demi-finale &#8211; Pre Fest Contest

<p>La 2ème demi-finale &#8211; Pre Fest Contest (concert de groupes de garage) aura lieu le 16 mars au Teatro Experimental Flaviense, à Chaves, deux groupes supplémentaires pour la finale de 𝗣𝗥𝗘 𝗙𝗘𝗦𝗧 𝗖𝗢𝗡𝗧𝗘𝗦𝗧, ce qui permettra à deux groupes de se qualifier pour le Vinho Folar &amp; Rock ́n ́roll à Rio 2024. La finale du concours est prévue le 27 avril à Santa Valha, dans la municipalité de Valpaços.</p>

<p>La 2ème demi-finale &#8211; Pre Fest Contest (concert de groupes de garage) aura lieu le 16 mars au Teatro Experimental Flaviense, à Chaves, deux groupes supplémentaires pour la finale de 𝗣𝗥𝗘 𝗙𝗘𝗦𝗧 𝗖𝗢𝗡𝗧𝗘𝗦𝗧, ce qui permettra à deux groupes de se qualifier pour le Vinho Folar &#038; Rock ́n ́roll à Rio 2024. La finale du concours est prévue le 27 avril à Santa Valha, dans la municipalité de Valpaços.</p>
