{"id":24965,"date":"2024-01-07T15:51:52","date_gmt":"2024-01-07T15:51:52","guid":{"rendered":"https:\/\/visitaltotamegaebarroso.pt\/events\/nuit-et-brouillard\/"},"modified":"2024-01-07T15:51:52","modified_gmt":"2024-01-07T15:51:52","slug":"nuit-et-brouillard","status":"publish","type":"mec-events","link":"https:\/\/visitaltotamegaebarroso.pt\/fr\/events\/nuit-et-brouillard\/","title":{"rendered":"Nuit et brouillard"},"content":{"rendered":"<p>\u00ab\u00a0Nuit et brouillard\u00a0\u00bb est un film documentaire fran\u00e7ais r\u00e9alis\u00e9 par Alain Resnais et command\u00e9 par le Comit\u00e9 d&rsquo;histoire de la Seconde Guerre mondiale pour comm\u00e9morer le dixi\u00e8me anniversaire de la lib\u00e9ration des camps de concentration de la Seconde Guerre mondiale. C&rsquo;est le premier film avec des images r\u00e9elles de l&rsquo;Holocauste qui a ouvert la porte \u00e0 la r\u00e9alit\u00e9 derri\u00e8re les barreaux. Un documentaire accompagn\u00e9 d&rsquo;un d\u00e9bat, en partenariat avec Amnistia de Chaves.<\/p>\n<p>Dur\u00e9e : 35min documentaire + d\u00e9bat.<\/p>\n<p>Genre : Documentaire \/ Holocauste ;<\/p>\n<p>Classification par \u00e2ge : M\/16. Billet : Non-membres : \u20ac3.50, membres : gratuit (avec les cotisations \u00e0 jour).<\/p>\n<p>Organisation : Cineclube de Chaves \/ Teatro Experimental Flaviense et Amnistia de Chaves<\/p>\n<p>Soutien : Federa\u00e7\u00e3o de Cineclubes de Portugal et municipalit\u00e9 de Chaves<\/p>\n","protected":false},"excerpt":{"rendered":"<p>\u00ab\u00a0Nuit et brouillard\u00a0\u00bb est un film documentaire fran\u00e7ais r\u00e9alis\u00e9 par Alain Resnais et command\u00e9 par le Comit\u00e9 d&rsquo;histoire de la Seconde Guerre mondiale pour comm\u00e9morer le dixi\u00e8me anniversaire de la lib\u00e9ration des camps de concentration de la Seconde Guerre mondiale. [&hellip;]<\/p>\n","protected":false},"author":5,"featured_media":24961,"comment_status":"closed","ping_status":"closed","template":"","tags":[],"mec_category":[715],"_links":{"self":[{"href":"https:\/\/visitaltotamegaebarroso.pt\/fr\/wp-json\/wp\/v2\/mec-events\/24965"}],"collection":[{"href":"https:\/\/visitaltotamegaebarroso.pt\/fr\/wp-json\/wp\/v2\/mec-events"}],"about":[{"href":"https:\/\/visitaltotamegaebarroso.pt\/fr\/wp-json\/wp\/v2\/types\/mec-events"}],"author":[{"embeddable":true,"href":"https:\/\/visitaltotamegaebarroso.pt\/fr\/wp-json\/wp\/v2\/users\/5"}],"replies":[{"embeddable":true,"href":"https:\/\/visitaltotamegaebarroso.pt\/fr\/wp-json\/wp\/v2\/comments?post=24965"}],"wp:featuredmedia":[{"embeddable":true,"href":"https:\/\/visitaltotamegaebarroso.pt\/fr\/wp-json\/wp\/v2\/media\/24961"}],"wp:attachment":[{"href":"https:\/\/visitaltotamegaebarroso.pt\/fr\/wp-json\/wp\/v2\/media?parent=24965"}],"wp:term":[{"taxonomy":"post_tag","embeddable":true,"href":"https:\/\/visitaltotamegaebarroso.pt\/fr\/wp-json\/wp\/v2\/tags?post=24965"},{"taxonomy":"mec_category","embeddable":true,"href":"https:\/\/visitaltotamegaebarroso.pt\/fr\/wp-json\/wp\/v2\/mec_category?post=24965"}],"curies":[{"name":"wp","href":"https:\/\/api.w.org\/{rel}","templated":true}]}}

<p>« Nuit et brouillard » est un film documentaire français réalisé par Alain Resnais et commandé par le Comité d&rsquo;histoire de la Seconde Guerre mondiale pour commémorer le dixième anniversaire de la libération des camps de concentration de la Seconde Guerre mondiale. C&rsquo;est le premier film avec des images réelles de l&rsquo;Holocauste qui a ouvert la porte à la réalité derrière les barreaux. Un documentaire accompagné d&rsquo;un débat, en partenariat avec Amnistia de Chaves.</p>
<p>Durée : 35min documentaire + débat.</p>
<p>Genre : Documentaire / Holocauste ;</p>
<p>Classification par âge : M/16. Billet : Non-membres : €3.50, membres : gratuit (avec les cotisations à jour).</p>
<p>Organisation : Cineclube de Chaves / Teatro Experimental Flaviense et Amnistia de Chaves</p>
<p>Soutien : Federação de Cineclubes de Portugal et municipalité de Chaves</p>

<p>« Nuit et brouillard » est un film documentaire français réalisé par Alain Resnais et commandé par le Comité d&rsquo;histoire de la Seconde Guerre mondiale pour commémorer le dixième anniversaire de la libération des camps de concentration de la Seconde Guerre mondiale. [&hellip;]</p>
