{"id":24808,"date":"2024-01-03T11:37:07","date_gmt":"2024-01-03T11:37:07","guid":{"rendered":"https:\/\/visitaltotamegaebarroso.pt\/events\/viii-transcavado\/"},"modified":"2024-01-03T11:37:07","modified_gmt":"2024-01-03T11:37:07","slug":"viii-transcavado","status":"publish","type":"mec-events","link":"https:\/\/visitaltotamegaebarroso.pt\/fr\/events\/viii-transcavado\/","title":{"rendered":"VIII Transc\u00e1vado"},"content":{"rendered":"<p>La huiti\u00e8me \u00e9dition de la Transc\u00e1vado &#8211; qui se tiendra les 28 et 29 septembre &#8211; revient pour promouvoir le territoire en tant qu&rsquo;important produit de tourisme sportif. Rappelons que cette ann\u00e9e, l&rsquo;\u00e9v\u00e9nement relie Montalegre (Nascente do C\u00e1vado) \u00e0 Esposende (Foz) et traverse neuf municipalit\u00e9s (Montalegre, Terras de Bouro, Vieira do Minho, P\u00f3voa de Lanhoso, Amares, Vila Verde, Braga, Barcelos et Esposende) appartenant aux districts de Braga et de Vila Real.<\/p>\n<p>COURSE \ud83d\udd34<\/p>\n<p>28 septembre \u27b0 150 km<\/p>\n<p>COURSE LENTE \ud83d\udd35<\/p>\n<p>28 septembre \u27b0 70 km<\/p>\n<p>29 septembre\u27b0 80 km<\/p>\n","protected":false},"excerpt":{"rendered":"<p>La huiti\u00e8me \u00e9dition de la Transc\u00e1vado &#8211; qui se tiendra les 28 et 29 septembre &#8211; revient pour promouvoir le territoire en tant qu&rsquo;important produit de tourisme sportif. Rappelons que cette ann\u00e9e, l&rsquo;\u00e9v\u00e9nement relie Montalegre (Nascente do C\u00e1vado) \u00e0 Esposende [&hellip;]<\/p>\n","protected":false},"author":5,"featured_media":24804,"comment_status":"closed","ping_status":"closed","template":"","tags":[],"mec_category":[721],"_links":{"self":[{"href":"https:\/\/visitaltotamegaebarroso.pt\/fr\/wp-json\/wp\/v2\/mec-events\/24808"}],"collection":[{"href":"https:\/\/visitaltotamegaebarroso.pt\/fr\/wp-json\/wp\/v2\/mec-events"}],"about":[{"href":"https:\/\/visitaltotamegaebarroso.pt\/fr\/wp-json\/wp\/v2\/types\/mec-events"}],"author":[{"embeddable":true,"href":"https:\/\/visitaltotamegaebarroso.pt\/fr\/wp-json\/wp\/v2\/users\/5"}],"replies":[{"embeddable":true,"href":"https:\/\/visitaltotamegaebarroso.pt\/fr\/wp-json\/wp\/v2\/comments?post=24808"}],"wp:featuredmedia":[{"embeddable":true,"href":"https:\/\/visitaltotamegaebarroso.pt\/fr\/wp-json\/wp\/v2\/media\/24804"}],"wp:attachment":[{"href":"https:\/\/visitaltotamegaebarroso.pt\/fr\/wp-json\/wp\/v2\/media?parent=24808"}],"wp:term":[{"taxonomy":"post_tag","embeddable":true,"href":"https:\/\/visitaltotamegaebarroso.pt\/fr\/wp-json\/wp\/v2\/tags?post=24808"},{"taxonomy":"mec_category","embeddable":true,"href":"https:\/\/visitaltotamegaebarroso.pt\/fr\/wp-json\/wp\/v2\/mec_category?post=24808"}],"curies":[{"name":"wp","href":"https:\/\/api.w.org\/{rel}","templated":true}]}}

VIII Transcávado

<p>La huitième édition de la Transcávado &#8211; qui se tiendra les 28 et 29 septembre &#8211; revient pour promouvoir le territoire en tant qu&rsquo;important produit de tourisme sportif. Rappelons que cette année, l&rsquo;événement relie Montalegre (Nascente do Cávado) à Esposende (Foz) et traverse neuf municipalités (Montalegre, Terras de Bouro, Vieira do Minho, Póvoa de Lanhoso, Amares, Vila Verde, Braga, Barcelos et Esposende) appartenant aux districts de Braga et de Vila Real.</p>
<p>COURSE 🔴</p>
<p>28 septembre ➰ 150 km</p>
<p>COURSE LENTE 🔵</p>
<p>28 septembre ➰ 70 km</p>
<p>29 septembre➰ 80 km</p>

<p>La huitième édition de la Transcávado &#8211; qui se tiendra les 28 et 29 septembre &#8211; revient pour promouvoir le territoire en tant qu&rsquo;important produit de tourisme sportif. Rappelons que cette année, l&rsquo;événement relie Montalegre (Nascente do Cávado) à Esposende [&hellip;]</p>
