{"id":24690,"date":"2023-12-17T11:33:01","date_gmt":"2023-12-17T11:33:01","guid":{"rendered":"https:\/\/visitaltotamegaebarroso.pt\/events\/creche-vivante-salto\/"},"modified":"2023-12-17T11:33:01","modified_gmt":"2023-12-17T11:33:01","slug":"creche-vivante-salto","status":"publish","type":"mec-events","link":"https:\/\/visitaltotamegaebarroso.pt\/fr\/events\/creche-vivante-salto\/","title":{"rendered":"Cr\u00e8che vivante &#8211; Salto"},"content":{"rendered":"<p>Le jour de No\u00ebl, la ville de Salto, dans la municipalit\u00e9 de Montalegre, organise une nouvelle \u00e9dition de la \u00ab\u00a0Cr\u00e8che vivante\u00a0\u00bb. Les visiteurs pourront observer les artisans exercer diff\u00e9rents m\u00e9tiers : le forgeron, le cordonnier, le scieur, les paysans, le tisserand, le boulanger, le marchand, le cycle du lin, entre autres sc\u00e8nes d&rsquo;\u00e9poque, et, bien s\u00fbr, la famille de Nazareth. Elle se d\u00e9roule entre 15 et 17 heures.<\/p>\n","protected":false},"excerpt":{"rendered":"<p>Le jour de No\u00ebl, la ville de Salto, dans la municipalit\u00e9 de Montalegre, organise une nouvelle \u00e9dition de la \u00ab\u00a0Cr\u00e8che vivante\u00a0\u00bb. Les visiteurs pourront observer les artisans exercer diff\u00e9rents m\u00e9tiers : le forgeron, le cordonnier, le scieur, les paysans, le [&hellip;]<\/p>\n","protected":false},"author":5,"featured_media":24686,"comment_status":"closed","ping_status":"closed","template":"","tags":[],"mec_category":[715],"_links":{"self":[{"href":"https:\/\/visitaltotamegaebarroso.pt\/fr\/wp-json\/wp\/v2\/mec-events\/24690"}],"collection":[{"href":"https:\/\/visitaltotamegaebarroso.pt\/fr\/wp-json\/wp\/v2\/mec-events"}],"about":[{"href":"https:\/\/visitaltotamegaebarroso.pt\/fr\/wp-json\/wp\/v2\/types\/mec-events"}],"author":[{"embeddable":true,"href":"https:\/\/visitaltotamegaebarroso.pt\/fr\/wp-json\/wp\/v2\/users\/5"}],"replies":[{"embeddable":true,"href":"https:\/\/visitaltotamegaebarroso.pt\/fr\/wp-json\/wp\/v2\/comments?post=24690"}],"wp:featuredmedia":[{"embeddable":true,"href":"https:\/\/visitaltotamegaebarroso.pt\/fr\/wp-json\/wp\/v2\/media\/24686"}],"wp:attachment":[{"href":"https:\/\/visitaltotamegaebarroso.pt\/fr\/wp-json\/wp\/v2\/media?parent=24690"}],"wp:term":[{"taxonomy":"post_tag","embeddable":true,"href":"https:\/\/visitaltotamegaebarroso.pt\/fr\/wp-json\/wp\/v2\/tags?post=24690"},{"taxonomy":"mec_category","embeddable":true,"href":"https:\/\/visitaltotamegaebarroso.pt\/fr\/wp-json\/wp\/v2\/mec_category?post=24690"}],"curies":[{"name":"wp","href":"https:\/\/api.w.org\/{rel}","templated":true}]}}

Crèche vivante &#8211; Salto

<p>Le jour de Noël, la ville de Salto, dans la municipalité de Montalegre, organise une nouvelle édition de la « Crèche vivante ». Les visiteurs pourront observer les artisans exercer différents métiers : le forgeron, le cordonnier, le scieur, les paysans, le tisserand, le boulanger, le marchand, le cycle du lin, entre autres scènes d&rsquo;époque, et, bien sûr, la famille de Nazareth. Elle se déroule entre 15 et 17 heures.</p>

<p>Le jour de Noël, la ville de Salto, dans la municipalité de Montalegre, organise une nouvelle édition de la « Crèche vivante ». Les visiteurs pourront observer les artisans exercer différents métiers : le forgeron, le cordonnier, le scieur, les paysans, le [&hellip;]</p>
