{"id":24663,"date":"2023-12-16T16:52:57","date_gmt":"2023-12-16T16:52:57","guid":{"rendered":"https:\/\/visitaltotamegaebarroso.pt\/events\/nos-artistes-2023\/"},"modified":"2023-12-16T16:52:57","modified_gmt":"2023-12-16T16:52:57","slug":"nos-artistes-2023","status":"publish","type":"mec-events","link":"https:\/\/visitaltotamegaebarroso.pt\/fr\/events\/nos-artistes-2023\/","title":{"rendered":"Nos artistes &#8211; 2023"},"content":{"rendered":"<p>Il s&rsquo;agit de l&rsquo;exposition collective de cl\u00f4ture du cycle d&rsquo;expositions \u00ab\u00a0Nos artistes\u00a0\u00bb 2023, avec la participation de tous les artistes qui ont expos\u00e9 leurs \u0153uvres de peinture, de photographie, de c\u00e9ramique, de dessin et de techniques mixtes tout au long de l&rsquo;ann\u00e9e. Au cours de cette exposition, le catalogue de ce cycle d&rsquo;expositions sera lanc\u00e9.<\/p>\n<p>Du lundi au vendredi de 9h30 \u00e0 13h00 et de 14h00 \u00e0 18h00. Samedi de 9h30 \u00e0 13h &#8211; Ferm\u00e9 le dimanche.<\/p>\n<p>Organis\u00e9 par : Municipalit\u00e9 de Chaves<\/p>\n","protected":false},"excerpt":{"rendered":"<p>Il s&rsquo;agit de l&rsquo;exposition collective de cl\u00f4ture du cycle d&rsquo;expositions \u00ab\u00a0Nos artistes\u00a0\u00bb 2023, avec la participation de tous les artistes qui ont expos\u00e9 leurs \u0153uvres de peinture, de photographie, de c\u00e9ramique, de dessin et de techniques mixtes tout au long [&hellip;]<\/p>\n","protected":false},"author":5,"featured_media":24659,"comment_status":"closed","ping_status":"closed","template":"","tags":[],"mec_category":[715],"_links":{"self":[{"href":"https:\/\/visitaltotamegaebarroso.pt\/fr\/wp-json\/wp\/v2\/mec-events\/24663"}],"collection":[{"href":"https:\/\/visitaltotamegaebarroso.pt\/fr\/wp-json\/wp\/v2\/mec-events"}],"about":[{"href":"https:\/\/visitaltotamegaebarroso.pt\/fr\/wp-json\/wp\/v2\/types\/mec-events"}],"author":[{"embeddable":true,"href":"https:\/\/visitaltotamegaebarroso.pt\/fr\/wp-json\/wp\/v2\/users\/5"}],"replies":[{"embeddable":true,"href":"https:\/\/visitaltotamegaebarroso.pt\/fr\/wp-json\/wp\/v2\/comments?post=24663"}],"wp:featuredmedia":[{"embeddable":true,"href":"https:\/\/visitaltotamegaebarroso.pt\/fr\/wp-json\/wp\/v2\/media\/24659"}],"wp:attachment":[{"href":"https:\/\/visitaltotamegaebarroso.pt\/fr\/wp-json\/wp\/v2\/media?parent=24663"}],"wp:term":[{"taxonomy":"post_tag","embeddable":true,"href":"https:\/\/visitaltotamegaebarroso.pt\/fr\/wp-json\/wp\/v2\/tags?post=24663"},{"taxonomy":"mec_category","embeddable":true,"href":"https:\/\/visitaltotamegaebarroso.pt\/fr\/wp-json\/wp\/v2\/mec_category?post=24663"}],"curies":[{"name":"wp","href":"https:\/\/api.w.org\/{rel}","templated":true}]}}

<p>Il s&rsquo;agit de l&rsquo;exposition collective de clôture du cycle d&rsquo;expositions « Nos artistes » 2023, avec la participation de tous les artistes qui ont exposé leurs œuvres de peinture, de photographie, de céramique, de dessin et de techniques mixtes tout au long de l&rsquo;année. Au cours de cette exposition, le catalogue de ce cycle d&rsquo;expositions sera lancé.</p>
<p>Du lundi au vendredi de 9h30 à 13h00 et de 14h00 à 18h00. Samedi de 9h30 à 13h &#8211; Fermé le dimanche.</p>
<p>Organisé par : Municipalité de Chaves</p>

<p>Il s&rsquo;agit de l&rsquo;exposition collective de clôture du cycle d&rsquo;expositions « Nos artistes » 2023, avec la participation de tous les artistes qui ont exposé leurs œuvres de peinture, de photographie, de céramique, de dessin et de techniques mixtes tout au long [&hellip;]</p>
