{"id":24568,"date":"2023-12-16T14:45:40","date_gmt":"2023-12-16T14:45:40","guid":{"rendered":"https:\/\/visitaltotamegaebarroso.pt\/events\/larbre-a-souhaits\/"},"modified":"2023-12-16T14:45:40","modified_gmt":"2023-12-16T14:45:40","slug":"larbre-a-souhaits","status":"publish","type":"mec-events","link":"https:\/\/visitaltotamegaebarroso.pt\/fr\/events\/larbre-a-souhaits\/","title":{"rendered":"L&rsquo;arbre \u00e0 souhaits"},"content":{"rendered":"<p>Lorsque Z\u00e9, le P\u00e8re No\u00ebl du centre commercial, d\u00e9couvre que les jeunes employ\u00e9s \u00e9conomisent de l&rsquo;argent pour acheter des cadeaux \u00ab\u00a0sp\u00e9ciaux\u00a0\u00bb \u00e0 leur famille, il leur propose d&rsquo;\u00e9crire chacun un \u00ab\u00a0v\u0153u sp\u00e9cial\u00a0\u00bb, de le mettre dans une enveloppe et de l&rsquo;accrocher \u00e0 l&rsquo;arbre de No\u00ebl. L&rsquo;arbre devient rapidement un v\u00e9ritable \u00ab\u00a0arbre \u00e0 souhaits\u00a0\u00bb. La fa\u00e7on dont ces souhaits se r\u00e9alisent donne lieu \u00e0 une histoire de No\u00ebl m\u00e9morable pour tous.<\/p>\n<p>22 d\u00e9cembre 21h30 \/ 23 d\u00e9cembre 16h00<\/p>\n<p>Pi\u00e8ce de th\u00e9\u00e2tre musical recommand\u00e9e pour les 4 ans et plus.<\/p>\n<p>Billets et plus d&rsquo;informations sur<\/p>\n<p><a href=\"http:\/\/www.indieror.pt\/natal23\"><span style=\"color: #00ccff;\"><strong>www.indieror.pt\/natal23<\/strong><\/span><\/a><\/p>\n<p>Billets : 7\u20ac<\/p>\n","protected":false},"excerpt":{"rendered":"<p>Lorsque Z\u00e9, le P\u00e8re No\u00ebl du centre commercial, d\u00e9couvre que les jeunes employ\u00e9s \u00e9conomisent de l&rsquo;argent pour acheter des cadeaux \u00ab\u00a0sp\u00e9ciaux\u00a0\u00bb \u00e0 leur famille, il leur propose d&rsquo;\u00e9crire chacun un \u00ab\u00a0v\u0153u sp\u00e9cial\u00a0\u00bb, de le mettre dans une enveloppe et de [&hellip;]<\/p>\n","protected":false},"author":5,"featured_media":24564,"comment_status":"closed","ping_status":"closed","template":"","tags":[],"mec_category":[715],"_links":{"self":[{"href":"https:\/\/visitaltotamegaebarroso.pt\/fr\/wp-json\/wp\/v2\/mec-events\/24568"}],"collection":[{"href":"https:\/\/visitaltotamegaebarroso.pt\/fr\/wp-json\/wp\/v2\/mec-events"}],"about":[{"href":"https:\/\/visitaltotamegaebarroso.pt\/fr\/wp-json\/wp\/v2\/types\/mec-events"}],"author":[{"embeddable":true,"href":"https:\/\/visitaltotamegaebarroso.pt\/fr\/wp-json\/wp\/v2\/users\/5"}],"replies":[{"embeddable":true,"href":"https:\/\/visitaltotamegaebarroso.pt\/fr\/wp-json\/wp\/v2\/comments?post=24568"}],"wp:featuredmedia":[{"embeddable":true,"href":"https:\/\/visitaltotamegaebarroso.pt\/fr\/wp-json\/wp\/v2\/media\/24564"}],"wp:attachment":[{"href":"https:\/\/visitaltotamegaebarroso.pt\/fr\/wp-json\/wp\/v2\/media?parent=24568"}],"wp:term":[{"taxonomy":"post_tag","embeddable":true,"href":"https:\/\/visitaltotamegaebarroso.pt\/fr\/wp-json\/wp\/v2\/tags?post=24568"},{"taxonomy":"mec_category","embeddable":true,"href":"https:\/\/visitaltotamegaebarroso.pt\/fr\/wp-json\/wp\/v2\/mec_category?post=24568"}],"curies":[{"name":"wp","href":"https:\/\/api.w.org\/{rel}","templated":true}]}}

L&rsquo;arbre à souhaits

<p>Lorsque Zé, le Père Noël du centre commercial, découvre que les jeunes employés économisent de l&rsquo;argent pour acheter des cadeaux « spéciaux » à leur famille, il leur propose d&rsquo;écrire chacun un « vœu spécial », de le mettre dans une enveloppe et de l&rsquo;accrocher à l&rsquo;arbre de Noël. L&rsquo;arbre devient rapidement un véritable « arbre à souhaits ». La façon dont ces souhaits se réalisent donne lieu à une histoire de Noël mémorable pour tous.</p>
<p>22 décembre 21h30 / 23 décembre 16h00</p>
<p>Pièce de théâtre musical recommandée pour les 4 ans et plus.</p>
<p>Billets et plus d&rsquo;informations sur</p>
<p><a href="http://www.indieror.pt/natal23"><span style="color: #00ccff;"><strong>www.indieror.pt/natal23</strong></span></a></p>
<p>Billets : 7€</p>

<p>Lorsque Zé, le Père Noël du centre commercial, découvre que les jeunes employés économisent de l&rsquo;argent pour acheter des cadeaux « spéciaux » à leur famille, il leur propose d&rsquo;écrire chacun un « vœu spécial », de le mettre dans une enveloppe et de [&hellip;]</p>
