{"id":24399,"date":"2023-11-28T16:14:50","date_gmt":"2023-11-28T16:14:50","guid":{"rendered":"https:\/\/visitaltotamegaebarroso.pt\/events\/noel-des-personnes-agees-dans-la-commune-de-boticas-2023\/"},"modified":"2023-11-28T16:14:50","modified_gmt":"2023-11-28T16:14:50","slug":"noel-des-personnes-agees-dans-la-commune-de-boticas-2023","status":"publish","type":"mec-events","link":"https:\/\/visitaltotamegaebarroso.pt\/fr\/events\/noel-des-personnes-agees-dans-la-commune-de-boticas-2023\/","title":{"rendered":"No\u00ebl des personnes \u00e2g\u00e9es dans la commune de Boticas 2023"},"content":{"rendered":"<p><strong>Le vendredi 8 d\u00e9cembre, le pavillon polyvalent de Boticas accueillera une nouvelle \u00e9dition du No\u00ebl des personnes \u00e2g\u00e9es de Boticas. Les participants seront accueillis \u00e0 10 heures, suivies d&rsquo;une messe \u00e0 11 heures. Le d\u00e9jeuner sera servi \u00e0 12 heures et l&rsquo;apr\u00e8s-midi sera riche en divertissements.<\/strong><\/p>\n<p>Si vous avez plus de 60 ans et que vous souhaitez vous inscrire \u00e0 cette initiative, vous pouvez le faire \u00e0 la mairie, \u00e0 la Santa Casa da Miseric\u00f3rdia, au conseil paroissial concern\u00e9 ou au bureau d&rsquo;aide aux citoyens.<\/p>\n","protected":false},"excerpt":{"rendered":"<p>Le vendredi 8 d\u00e9cembre, le pavillon polyvalent de Boticas accueillera une nouvelle \u00e9dition du No\u00ebl des personnes \u00e2g\u00e9es de Boticas. Les participants seront accueillis \u00e0 10 heures, suivies d&rsquo;une messe \u00e0 11 heures. Le d\u00e9jeuner sera servi \u00e0 12 heures [&hellip;]<\/p>\n","protected":false},"author":4,"featured_media":24394,"comment_status":"closed","ping_status":"closed","template":"","tags":[],"mec_category":[723],"_links":{"self":[{"href":"https:\/\/visitaltotamegaebarroso.pt\/fr\/wp-json\/wp\/v2\/mec-events\/24399"}],"collection":[{"href":"https:\/\/visitaltotamegaebarroso.pt\/fr\/wp-json\/wp\/v2\/mec-events"}],"about":[{"href":"https:\/\/visitaltotamegaebarroso.pt\/fr\/wp-json\/wp\/v2\/types\/mec-events"}],"author":[{"embeddable":true,"href":"https:\/\/visitaltotamegaebarroso.pt\/fr\/wp-json\/wp\/v2\/users\/4"}],"replies":[{"embeddable":true,"href":"https:\/\/visitaltotamegaebarroso.pt\/fr\/wp-json\/wp\/v2\/comments?post=24399"}],"wp:featuredmedia":[{"embeddable":true,"href":"https:\/\/visitaltotamegaebarroso.pt\/fr\/wp-json\/wp\/v2\/media\/24394"}],"wp:attachment":[{"href":"https:\/\/visitaltotamegaebarroso.pt\/fr\/wp-json\/wp\/v2\/media?parent=24399"}],"wp:term":[{"taxonomy":"post_tag","embeddable":true,"href":"https:\/\/visitaltotamegaebarroso.pt\/fr\/wp-json\/wp\/v2\/tags?post=24399"},{"taxonomy":"mec_category","embeddable":true,"href":"https:\/\/visitaltotamegaebarroso.pt\/fr\/wp-json\/wp\/v2\/mec_category?post=24399"}],"curies":[{"name":"wp","href":"https:\/\/api.w.org\/{rel}","templated":true}]}}

Noël des personnes âgées dans la commune de Boticas 2023

<p><strong>Le vendredi 8 décembre, le pavillon polyvalent de Boticas accueillera une nouvelle édition du Noël des personnes âgées de Boticas. Les participants seront accueillis à 10 heures, suivies d&rsquo;une messe à 11 heures. Le déjeuner sera servi à 12 heures et l&rsquo;après-midi sera riche en divertissements.</strong></p>
<p>Si vous avez plus de 60 ans et que vous souhaitez vous inscrire à cette initiative, vous pouvez le faire à la mairie, à la Santa Casa da Misericórdia, au conseil paroissial concerné ou au bureau d&rsquo;aide aux citoyens.</p>

<p>Le vendredi 8 décembre, le pavillon polyvalent de Boticas accueillera une nouvelle édition du Noël des personnes âgées de Boticas. Les participants seront accueillis à 10 heures, suivies d&rsquo;une messe à 11 heures. Le déjeuner sera servi à 12 heures [&hellip;]</p>
