{"id":24316,"date":"2023-11-24T14:57:14","date_gmt":"2023-11-24T14:57:14","guid":{"rendered":"https:\/\/visitaltotamegaebarroso.pt\/events\/en-parlant-de-musique-lorchestre-symphonique-de-braga-invite-joao-martinho\/"},"modified":"2023-11-24T14:57:14","modified_gmt":"2023-11-24T14:57:14","slug":"en-parlant-de-musique-lorchestre-symphonique-de-braga-invite-joao-martinho","status":"publish","type":"mec-events","link":"https:\/\/visitaltotamegaebarroso.pt\/fr\/events\/en-parlant-de-musique-lorchestre-symphonique-de-braga-invite-joao-martinho\/","title":{"rendered":"En parlant de musique &#8211; L&rsquo;orchestre symphonique de Braga invite Jo\u00e3o Martinho"},"content":{"rendered":"<p>L&rsquo;auditorium d&rsquo;art et de culture Lu\u00eds Teixeira accueillera un spectacle musical de l&rsquo;Orquestra Sinfonietta de Braga dimanche prochain, 26 novembre, \u00e0 18 heures, avec la participation sp\u00e9ciale du soliste Jo\u00e3o Martinho.<\/p>\n","protected":false},"excerpt":{"rendered":"<p>L&rsquo;auditorium d&rsquo;art et de culture Lu\u00eds Teixeira accueillera un spectacle musical de l&rsquo;Orquestra Sinfonietta de Braga dimanche prochain, 26 novembre, \u00e0 18 heures, avec la participation sp\u00e9ciale du soliste Jo\u00e3o Martinho.<\/p>\n","protected":false},"author":5,"featured_media":24312,"comment_status":"closed","ping_status":"closed","template":"","tags":[],"mec_category":[715],"_links":{"self":[{"href":"https:\/\/visitaltotamegaebarroso.pt\/fr\/wp-json\/wp\/v2\/mec-events\/24316"}],"collection":[{"href":"https:\/\/visitaltotamegaebarroso.pt\/fr\/wp-json\/wp\/v2\/mec-events"}],"about":[{"href":"https:\/\/visitaltotamegaebarroso.pt\/fr\/wp-json\/wp\/v2\/types\/mec-events"}],"author":[{"embeddable":true,"href":"https:\/\/visitaltotamegaebarroso.pt\/fr\/wp-json\/wp\/v2\/users\/5"}],"replies":[{"embeddable":true,"href":"https:\/\/visitaltotamegaebarroso.pt\/fr\/wp-json\/wp\/v2\/comments?post=24316"}],"wp:featuredmedia":[{"embeddable":true,"href":"https:\/\/visitaltotamegaebarroso.pt\/fr\/wp-json\/wp\/v2\/media\/24312"}],"wp:attachment":[{"href":"https:\/\/visitaltotamegaebarroso.pt\/fr\/wp-json\/wp\/v2\/media?parent=24316"}],"wp:term":[{"taxonomy":"post_tag","embeddable":true,"href":"https:\/\/visitaltotamegaebarroso.pt\/fr\/wp-json\/wp\/v2\/tags?post=24316"},{"taxonomy":"mec_category","embeddable":true,"href":"https:\/\/visitaltotamegaebarroso.pt\/fr\/wp-json\/wp\/v2\/mec_category?post=24316"}],"curies":[{"name":"wp","href":"https:\/\/api.w.org\/{rel}","templated":true}]}}

En parlant de musique &#8211; L&rsquo;orchestre symphonique de Braga invite João Martinho

<p>L&rsquo;auditorium d&rsquo;art et de culture Luís Teixeira accueillera un spectacle musical de l&rsquo;Orquestra Sinfonietta de Braga dimanche prochain, 26 novembre, à 18 heures, avec la participation spéciale du soliste João Martinho.</p>
