{"id":23572,"date":"2023-11-02T12:57:38","date_gmt":"2023-11-02T12:57:38","guid":{"rendered":"https:\/\/visitaltotamegaebarroso.pt\/events\/ii-cours-de-tissage-avance-50-heures\/"},"modified":"2023-11-02T12:57:38","modified_gmt":"2023-11-02T12:57:38","slug":"ii-cours-de-tissage-avance-50-heures","status":"publish","type":"mec-events","link":"https:\/\/visitaltotamegaebarroso.pt\/fr\/events\/ii-cours-de-tissage-avance-50-heures\/","title":{"rendered":"II Cours de tissage avanc\u00e9 &#8211; 50 heures"},"content":{"rendered":"<p>Suite au succ\u00e8s du premier cours de tissage, l&rsquo;Ecomuseu de Barroso &#8211; Casa do Capit\u00e3o, \u00e0 Salto, organise \u00e0 nouveau un cours de tissage, du 11 novembre au 9 d\u00e9cembre, cette fois-ci ax\u00e9 sur les techniques de tissage avanc\u00e9es.<\/p>\n<p>Comme l&rsquo;\u00e9dition inaugurale, le deuxi\u00e8me cours de tissage sera dirig\u00e9 techniquement et scientifiquement par le ma\u00eetre tisserand Fernando Rei et inclura \u00e9galement la participation de tisserands locaux. D&rsquo;une dur\u00e9e pr\u00e9vue de 50 heures, r\u00e9parties dans le temps, le cours sera l&rsquo;occasion de c\u00e9l\u00e9brer la culture et l&rsquo;identit\u00e9 locales, bas\u00e9es sur le monde du tissage.<\/p>\n<p>L&rsquo;inscription est obligatoire et la participation est limit\u00e9e \u00e0 un maximum de 15 personnes. Le projet b\u00e9n\u00e9ficie du soutien de la municipalit\u00e9 de Montalegre, par l&rsquo;interm\u00e9diaire de l&rsquo;Ecomuseu de Barroso, et du conseil paroissial de Salto.<\/p>\n","protected":false},"excerpt":{"rendered":"<p>Suite au succ\u00e8s du premier cours de tissage, l&rsquo;Ecomuseu de Barroso &#8211; Casa do Capit\u00e3o, \u00e0 Salto, organise \u00e0 nouveau un cours de tissage, du 11 novembre au 9 d\u00e9cembre, cette fois-ci ax\u00e9 sur les techniques de tissage avanc\u00e9es. Comme [&hellip;]<\/p>\n","protected":false},"author":5,"featured_media":23568,"comment_status":"closed","ping_status":"closed","template":"","tags":[],"mec_category":[715],"_links":{"self":[{"href":"https:\/\/visitaltotamegaebarroso.pt\/fr\/wp-json\/wp\/v2\/mec-events\/23572"}],"collection":[{"href":"https:\/\/visitaltotamegaebarroso.pt\/fr\/wp-json\/wp\/v2\/mec-events"}],"about":[{"href":"https:\/\/visitaltotamegaebarroso.pt\/fr\/wp-json\/wp\/v2\/types\/mec-events"}],"author":[{"embeddable":true,"href":"https:\/\/visitaltotamegaebarroso.pt\/fr\/wp-json\/wp\/v2\/users\/5"}],"replies":[{"embeddable":true,"href":"https:\/\/visitaltotamegaebarroso.pt\/fr\/wp-json\/wp\/v2\/comments?post=23572"}],"wp:featuredmedia":[{"embeddable":true,"href":"https:\/\/visitaltotamegaebarroso.pt\/fr\/wp-json\/wp\/v2\/media\/23568"}],"wp:attachment":[{"href":"https:\/\/visitaltotamegaebarroso.pt\/fr\/wp-json\/wp\/v2\/media?parent=23572"}],"wp:term":[{"taxonomy":"post_tag","embeddable":true,"href":"https:\/\/visitaltotamegaebarroso.pt\/fr\/wp-json\/wp\/v2\/tags?post=23572"},{"taxonomy":"mec_category","embeddable":true,"href":"https:\/\/visitaltotamegaebarroso.pt\/fr\/wp-json\/wp\/v2\/mec_category?post=23572"}],"curies":[{"name":"wp","href":"https:\/\/api.w.org\/{rel}","templated":true}]}}

II Cours de tissage avancé &#8211; 50 heures

<p>Suite au succès du premier cours de tissage, l&rsquo;Ecomuseu de Barroso &#8211; Casa do Capitão, à Salto, organise à nouveau un cours de tissage, du 11 novembre au 9 décembre, cette fois-ci axé sur les techniques de tissage avancées.</p>
<p>Comme l&rsquo;édition inaugurale, le deuxième cours de tissage sera dirigé techniquement et scientifiquement par le maître tisserand Fernando Rei et inclura également la participation de tisserands locaux. D&rsquo;une durée prévue de 50 heures, réparties dans le temps, le cours sera l&rsquo;occasion de célébrer la culture et l&rsquo;identité locales, basées sur le monde du tissage.</p>
<p>L&rsquo;inscription est obligatoire et la participation est limitée à un maximum de 15 personnes. Le projet bénéficie du soutien de la municipalité de Montalegre, par l&rsquo;intermédiaire de l&rsquo;Ecomuseu de Barroso, et du conseil paroissial de Salto.</p>

<p>Suite au succès du premier cours de tissage, l&rsquo;Ecomuseu de Barroso &#8211; Casa do Capitão, à Salto, organise à nouveau un cours de tissage, du 11 novembre au 9 décembre, cette fois-ci axé sur les techniques de tissage avancées. Comme [&hellip;]</p>
