{"id":23480,"date":"2023-10-24T17:09:10","date_gmt":"2023-10-24T16:09:10","guid":{"rendered":"https:\/\/visitaltotamegaebarroso.pt\/events\/les-3-mousquetaires-dartagnan\/"},"modified":"2023-10-24T17:28:15","modified_gmt":"2023-10-24T16:28:15","slug":"les-3-mousquetaires-dartagnan","status":"publish","type":"mec-events","link":"https:\/\/visitaltotamegaebarroso.pt\/fr\/events\/les-3-mousquetaires-dartagnan\/","title":{"rendered":"Les 3 mousquetaires &#8211; D&rsquo;Artagnan"},"content":{"rendered":"<p>La prochaine avant-premi\u00e8re au cin\u00e9ma municipal de Ribeira de Pena sera le film \u00ab\u00a0Les trois mousquetaires : D&rsquo;artagnan\u00a0\u00bb, le 4 novembre \u00e0 21h30.<\/p>\n<p>Dans cette nouvelle aventure, D&rsquo;artagnan, Gascon, est laiss\u00e9 pour mort apr\u00e8s avoir tent\u00e9 de sauver une jeune fille. Il suit ses agresseurs jusqu&rsquo;\u00e0 Paris, o\u00f9 il se retrouve impliqu\u00e9 dans une affaire bien plus importante : la France risque d&rsquo;entrer en guerre. Dartagnan rejoint Athos, Porthos et Aramis, trois mousquetaires du roi Louis XIII, avec lesquels il affronte les conspirations du cardinal de Richelieu. Gascon finira par tomber amoureux de Constance Bonacieux, et c&rsquo;est cet amour qui le conduira \u00e0 rencontrer son ennemie mortelle, Milady de Winter.<\/p>\n<p>Ne manquez pas la nouvelle aventure de D&rsquo;artagnan et des Trois Mousquetaires.<\/p>\n<p>On compte sur vous !<\/p>\n<p>\u00c2ge : plus de 12 ans<\/p>\n","protected":false},"excerpt":{"rendered":"<p>La prochaine avant-premi\u00e8re au cin\u00e9ma municipal de Ribeira de Pena sera le film \u00ab\u00a0Les trois mousquetaires : D&rsquo;artagnan\u00a0\u00bb, le 4 novembre \u00e0 21h30. Dans cette nouvelle aventure, D&rsquo;artagnan, Gascon, est laiss\u00e9 pour mort apr\u00e8s avoir tent\u00e9 de sauver une jeune [&hellip;]<\/p>\n","protected":false},"author":5,"featured_media":23476,"comment_status":"closed","ping_status":"closed","template":"","tags":[],"mec_category":[715],"_links":{"self":[{"href":"https:\/\/visitaltotamegaebarroso.pt\/fr\/wp-json\/wp\/v2\/mec-events\/23480"}],"collection":[{"href":"https:\/\/visitaltotamegaebarroso.pt\/fr\/wp-json\/wp\/v2\/mec-events"}],"about":[{"href":"https:\/\/visitaltotamegaebarroso.pt\/fr\/wp-json\/wp\/v2\/types\/mec-events"}],"author":[{"embeddable":true,"href":"https:\/\/visitaltotamegaebarroso.pt\/fr\/wp-json\/wp\/v2\/users\/5"}],"replies":[{"embeddable":true,"href":"https:\/\/visitaltotamegaebarroso.pt\/fr\/wp-json\/wp\/v2\/comments?post=23480"}],"wp:featuredmedia":[{"embeddable":true,"href":"https:\/\/visitaltotamegaebarroso.pt\/fr\/wp-json\/wp\/v2\/media\/23476"}],"wp:attachment":[{"href":"https:\/\/visitaltotamegaebarroso.pt\/fr\/wp-json\/wp\/v2\/media?parent=23480"}],"wp:term":[{"taxonomy":"post_tag","embeddable":true,"href":"https:\/\/visitaltotamegaebarroso.pt\/fr\/wp-json\/wp\/v2\/tags?post=23480"},{"taxonomy":"mec_category","embeddable":true,"href":"https:\/\/visitaltotamegaebarroso.pt\/fr\/wp-json\/wp\/v2\/mec_category?post=23480"}],"curies":[{"name":"wp","href":"https:\/\/api.w.org\/{rel}","templated":true}]}}

<p>La prochaine avant-première au cinéma municipal de Ribeira de Pena sera le film « Les trois mousquetaires : D&rsquo;artagnan », le 4 novembre à 21h30.</p>
<p>Dans cette nouvelle aventure, D&rsquo;artagnan, Gascon, est laissé pour mort après avoir tenté de sauver une jeune fille. Il suit ses agresseurs jusqu&rsquo;à Paris, où il se retrouve impliqué dans une affaire bien plus importante : la France risque d&rsquo;entrer en guerre. Dartagnan rejoint Athos, Porthos et Aramis, trois mousquetaires du roi Louis XIII, avec lesquels il affronte les conspirations du cardinal de Richelieu. Gascon finira par tomber amoureux de Constance Bonacieux, et c&rsquo;est cet amour qui le conduira à rencontrer son ennemie mortelle, Milady de Winter.</p>
<p>Ne manquez pas la nouvelle aventure de D&rsquo;artagnan et des Trois Mousquetaires.</p>
<p>On compte sur vous !</p>
<p>Âge : plus de 12 ans</p>

<p>La prochaine avant-première au cinéma municipal de Ribeira de Pena sera le film « Les trois mousquetaires : D&rsquo;artagnan », le 4 novembre à 21h30. Dans cette nouvelle aventure, D&rsquo;artagnan, Gascon, est laissé pour mort après avoir tenté de sauver une jeune [&hellip;]</p>
