{"id":23306,"date":"2023-10-11T11:27:47","date_gmt":"2023-10-11T10:27:47","guid":{"rendered":"https:\/\/visitaltotamegaebarroso.pt\/events\/munientibus-concert-de-lorchestre-a-vent-de-aachaves\/"},"modified":"2023-10-11T11:27:47","modified_gmt":"2023-10-11T10:27:47","slug":"munientibus-concert-de-lorchestre-a-vent-de-aachaves","status":"publish","type":"mec-events","link":"https:\/\/visitaltotamegaebarroso.pt\/fr\/events\/munientibus-concert-de-lorchestre-a-vent-de-aachaves\/","title":{"rendered":"Munientibus &#8211; Concert de l&rsquo;orchestre \u00e0 vent de AACHAVES"},"content":{"rendered":"<p>La magie de la musique \u00e0 vent plonge ses racines dans l&rsquo;Antiquit\u00e9, mais c&rsquo;est dans la premi\u00e8re moiti\u00e9 du XXe si\u00e8cle que l&rsquo;orchestre \u00e0 vent s&rsquo;est impos\u00e9 comme une v\u00e9ritable muse pour les compositeurs. C&rsquo;est \u00e0 cette \u00e9poque que les compositeurs ont commenc\u00e9 \u00e0 s&rsquo;int\u00e9resser s\u00e9rieusement \u00e0 cette formation, reconnaissant son potentiel inexploit\u00e9 et ses ressources captivantes.<\/p>\n<p>Voici l&rsquo;histoire de ces pionniers et de leurs \u0153uvres, qui ont laiss\u00e9 une empreinte ind\u00e9l\u00e9bile sur l&rsquo;\u00e9criture pour orchestre \u00e0 vent. Avec leurs \u0153uvres novatrices, ces compositeurs ont sem\u00e9 les graines de l&rsquo;\u00e9volution. Aujourd&rsquo;hui, lorsque nous explorons l&rsquo;h\u00e9ritage laiss\u00e9 par ces sommit\u00e9s, nous trouvons plus que de la musique \u00e0 vent : nous trouvons un h\u00e9ritage d&rsquo;innovation qui se r\u00e9percute dans chaque pi\u00e8ce jou\u00e9e par un orchestre \u00e0 vent contemporain.<\/p>\n<p>La tradition de l&rsquo;orchestre \u00e0 vent s&rsquo;associe \u00e0 la tradition de la Feira dos Santos pour un concert m\u00e9morable. Chef d&rsquo;orchestre Luciano Pereira<\/p>\n<p>&nbsp;<\/p>\n<p>Org : Alma.Alta et Academia de Artes de Chaves<\/p>\n<p>Soutien : Municipalit\u00e9 de Chaves<\/p>\n","protected":false},"excerpt":{"rendered":"<p>La magie de la musique \u00e0 vent plonge ses racines dans l&rsquo;Antiquit\u00e9, mais c&rsquo;est dans la premi\u00e8re moiti\u00e9 du XXe si\u00e8cle que l&rsquo;orchestre \u00e0 vent s&rsquo;est impos\u00e9 comme une v\u00e9ritable muse pour les compositeurs. C&rsquo;est \u00e0 cette \u00e9poque que les [&hellip;]<\/p>\n","protected":false},"author":5,"featured_media":23302,"comment_status":"closed","ping_status":"closed","template":"","tags":[],"mec_category":[715],"_links":{"self":[{"href":"https:\/\/visitaltotamegaebarroso.pt\/fr\/wp-json\/wp\/v2\/mec-events\/23306"}],"collection":[{"href":"https:\/\/visitaltotamegaebarroso.pt\/fr\/wp-json\/wp\/v2\/mec-events"}],"about":[{"href":"https:\/\/visitaltotamegaebarroso.pt\/fr\/wp-json\/wp\/v2\/types\/mec-events"}],"author":[{"embeddable":true,"href":"https:\/\/visitaltotamegaebarroso.pt\/fr\/wp-json\/wp\/v2\/users\/5"}],"replies":[{"embeddable":true,"href":"https:\/\/visitaltotamegaebarroso.pt\/fr\/wp-json\/wp\/v2\/comments?post=23306"}],"wp:featuredmedia":[{"embeddable":true,"href":"https:\/\/visitaltotamegaebarroso.pt\/fr\/wp-json\/wp\/v2\/media\/23302"}],"wp:attachment":[{"href":"https:\/\/visitaltotamegaebarroso.pt\/fr\/wp-json\/wp\/v2\/media?parent=23306"}],"wp:term":[{"taxonomy":"post_tag","embeddable":true,"href":"https:\/\/visitaltotamegaebarroso.pt\/fr\/wp-json\/wp\/v2\/tags?post=23306"},{"taxonomy":"mec_category","embeddable":true,"href":"https:\/\/visitaltotamegaebarroso.pt\/fr\/wp-json\/wp\/v2\/mec_category?post=23306"}],"curies":[{"name":"wp","href":"https:\/\/api.w.org\/{rel}","templated":true}]}}

Munientibus &#8211; Concert de l&rsquo;orchestre à vent de AACHAVES

<p>La magie de la musique à vent plonge ses racines dans l&rsquo;Antiquité, mais c&rsquo;est dans la première moitié du XXe siècle que l&rsquo;orchestre à vent s&rsquo;est imposé comme une véritable muse pour les compositeurs. C&rsquo;est à cette époque que les compositeurs ont commencé à s&rsquo;intéresser sérieusement à cette formation, reconnaissant son potentiel inexploité et ses ressources captivantes.</p>
<p>Voici l&rsquo;histoire de ces pionniers et de leurs œuvres, qui ont laissé une empreinte indélébile sur l&rsquo;écriture pour orchestre à vent. Avec leurs œuvres novatrices, ces compositeurs ont semé les graines de l&rsquo;évolution. Aujourd&rsquo;hui, lorsque nous explorons l&rsquo;héritage laissé par ces sommités, nous trouvons plus que de la musique à vent : nous trouvons un héritage d&rsquo;innovation qui se répercute dans chaque pièce jouée par un orchestre à vent contemporain.</p>
<p>La tradition de l&rsquo;orchestre à vent s&rsquo;associe à la tradition de la Feira dos Santos pour un concert mémorable. Chef d&rsquo;orchestre Luciano Pereira</p>
<p>&nbsp;</p>
<p>Org : Alma.Alta et Academia de Artes de Chaves</p>
<p>Soutien : Municipalité de Chaves</p>

<p>La magie de la musique à vent plonge ses racines dans l&rsquo;Antiquité, mais c&rsquo;est dans la première moitié du XXe siècle que l&rsquo;orchestre à vent s&rsquo;est imposé comme une véritable muse pour les compositeurs. C&rsquo;est à cette époque que les [&hellip;]</p>
