{"id":22777,"date":"2023-09-25T15:54:32","date_gmt":"2023-09-25T14:54:32","guid":{"rendered":"https:\/\/visitaltotamegaebarroso.pt\/events\/grosses-vacances\/"},"modified":"2023-09-25T15:54:32","modified_gmt":"2023-09-25T14:54:32","slug":"grosses-vacances","status":"publish","type":"mec-events","link":"https:\/\/visitaltotamegaebarroso.pt\/fr\/events\/grosses-vacances\/","title":{"rendered":"Grosses vacances"},"content":{"rendered":"<p>Le projet Grosses Vacances, dont l&rsquo;objectif principal est d&rsquo;occuper le temps libre des enfants et des jeunes de la municipalit\u00e9 de Valpa\u00e7os, est de retour pour une nouvelle \u00e9dition.<\/p>\n<p>Cette initiative vise \u00e0 offrir une gamme vari\u00e9e d&rsquo;activit\u00e9s sportives, culturelles et \u00e9ducatives en toute s\u00e9curit\u00e9, en favorisant la socialisation des plus jeunes.<\/p>\n<p>Elle d\u00e9butera le 3 juillet \u00e0 Carrazedo de Montenegro, Vilarandelo et Erv\u00f5es et le 7 juillet \u00e0 Valpa\u00e7os.<\/p>\n<p>Inscription via le lien https:\/\/valpacos.pt\/pages\/397 , au guichet de la mairie de Valpa\u00e7os ou aupr\u00e8s du conseil paroissial concern\u00e9.<\/p>\n","protected":false},"excerpt":{"rendered":"<p>Le projet Grosses Vacances, dont l&rsquo;objectif principal est d&rsquo;occuper le temps libre des enfants et des jeunes de la municipalit\u00e9 de Valpa\u00e7os, est de retour pour une nouvelle \u00e9dition. Cette initiative vise \u00e0 offrir une gamme vari\u00e9e d&rsquo;activit\u00e9s sportives, culturelles [&hellip;]<\/p>\n","protected":false},"author":5,"featured_media":22665,"comment_status":"closed","ping_status":"closed","template":"","tags":[],"mec_category":[721],"_links":{"self":[{"href":"https:\/\/visitaltotamegaebarroso.pt\/fr\/wp-json\/wp\/v2\/mec-events\/22777"}],"collection":[{"href":"https:\/\/visitaltotamegaebarroso.pt\/fr\/wp-json\/wp\/v2\/mec-events"}],"about":[{"href":"https:\/\/visitaltotamegaebarroso.pt\/fr\/wp-json\/wp\/v2\/types\/mec-events"}],"author":[{"embeddable":true,"href":"https:\/\/visitaltotamegaebarroso.pt\/fr\/wp-json\/wp\/v2\/users\/5"}],"replies":[{"embeddable":true,"href":"https:\/\/visitaltotamegaebarroso.pt\/fr\/wp-json\/wp\/v2\/comments?post=22777"}],"wp:featuredmedia":[{"embeddable":true,"href":"https:\/\/visitaltotamegaebarroso.pt\/fr\/wp-json\/wp\/v2\/media\/22665"}],"wp:attachment":[{"href":"https:\/\/visitaltotamegaebarroso.pt\/fr\/wp-json\/wp\/v2\/media?parent=22777"}],"wp:term":[{"taxonomy":"post_tag","embeddable":true,"href":"https:\/\/visitaltotamegaebarroso.pt\/fr\/wp-json\/wp\/v2\/tags?post=22777"},{"taxonomy":"mec_category","embeddable":true,"href":"https:\/\/visitaltotamegaebarroso.pt\/fr\/wp-json\/wp\/v2\/mec_category?post=22777"}],"curies":[{"name":"wp","href":"https:\/\/api.w.org\/{rel}","templated":true}]}}

<p>Le projet Grosses Vacances, dont l&rsquo;objectif principal est d&rsquo;occuper le temps libre des enfants et des jeunes de la municipalité de Valpaços, est de retour pour une nouvelle édition.</p>
<p>Cette initiative vise à offrir une gamme variée d&rsquo;activités sportives, culturelles et éducatives en toute sécurité, en favorisant la socialisation des plus jeunes.</p>
<p>Elle débutera le 3 juillet à Carrazedo de Montenegro, Vilarandelo et Ervões et le 7 juillet à Valpaços.</p>
<p>Inscription via le lien https://valpacos.pt/pages/397 , au guichet de la mairie de Valpaços ou auprès du conseil paroissial concerné.</p>

<p>Le projet Grosses Vacances, dont l&rsquo;objectif principal est d&rsquo;occuper le temps libre des enfants et des jeunes de la municipalité de Valpaços, est de retour pour une nouvelle édition. Cette initiative vise à offrir une gamme variée d&rsquo;activités sportives, culturelles [&hellip;]</p>
