{"id":22771,"date":"2023-09-25T17:06:17","date_gmt":"2023-09-25T16:06:17","guid":{"rendered":"https:\/\/visitaltotamegaebarroso.pt\/events\/gp-mondial-denduro-portugal-2023\/"},"modified":"2023-09-25T17:06:17","modified_gmt":"2023-09-25T16:06:17","slug":"gp-mondial-denduro-portugal-2023","status":"publish","type":"mec-events","link":"https:\/\/visitaltotamegaebarroso.pt\/fr\/events\/gp-mondial-denduro-portugal-2023\/","title":{"rendered":"GP mondial d&rsquo;enduro Portugal 2023"},"content":{"rendered":"<p>Le GP mondial d&rsquo;enduro Portugal 2023 se d\u00e9roulera du 29 septembre au 1er octobre \u00e0 Valpa\u00e7os.<\/p>\n","protected":false},"excerpt":{"rendered":"<p>Le GP mondial d&rsquo;enduro Portugal 2023 se d\u00e9roulera du 29 septembre au 1er octobre \u00e0 Valpa\u00e7os.<\/p>\n","protected":false},"author":5,"featured_media":22722,"comment_status":"closed","ping_status":"closed","template":"","tags":[],"mec_category":[721],"_links":{"self":[{"href":"https:\/\/visitaltotamegaebarroso.pt\/fr\/wp-json\/wp\/v2\/mec-events\/22771"}],"collection":[{"href":"https:\/\/visitaltotamegaebarroso.pt\/fr\/wp-json\/wp\/v2\/mec-events"}],"about":[{"href":"https:\/\/visitaltotamegaebarroso.pt\/fr\/wp-json\/wp\/v2\/types\/mec-events"}],"author":[{"embeddable":true,"href":"https:\/\/visitaltotamegaebarroso.pt\/fr\/wp-json\/wp\/v2\/users\/5"}],"replies":[{"embeddable":true,"href":"https:\/\/visitaltotamegaebarroso.pt\/fr\/wp-json\/wp\/v2\/comments?post=22771"}],"wp:featuredmedia":[{"embeddable":true,"href":"https:\/\/visitaltotamegaebarroso.pt\/fr\/wp-json\/wp\/v2\/media\/22722"}],"wp:attachment":[{"href":"https:\/\/visitaltotamegaebarroso.pt\/fr\/wp-json\/wp\/v2\/media?parent=22771"}],"wp:term":[{"taxonomy":"post_tag","embeddable":true,"href":"https:\/\/visitaltotamegaebarroso.pt\/fr\/wp-json\/wp\/v2\/tags?post=22771"},{"taxonomy":"mec_category","embeddable":true,"href":"https:\/\/visitaltotamegaebarroso.pt\/fr\/wp-json\/wp\/v2\/mec_category?post=22771"}],"curies":[{"name":"wp","href":"https:\/\/api.w.org\/{rel}","templated":true}]}}

<p>Le GP mondial d&rsquo;enduro Portugal 2023 se déroulera du 29 septembre au 1er octobre à Valpaços.</p>
