{"id":22769,"date":"2023-09-25T17:45:40","date_gmt":"2023-09-25T16:45:40","guid":{"rendered":"https:\/\/visitaltotamegaebarroso.pt\/events\/pisoes-e-tradicoes-burel-en-barroso\/"},"modified":"2023-09-25T17:45:40","modified_gmt":"2023-09-25T16:45:40","slug":"pisoes-e-tradicoes-burel-en-barroso","status":"publish","type":"mec-events","link":"https:\/\/visitaltotamegaebarroso.pt\/fr\/events\/pisoes-e-tradicoes-burel-en-barroso\/","title":{"rendered":"Pis\u00f5es e Tradi\u00e7\u00f5es, burel en Barroso"},"content":{"rendered":"<p>En 2019, Paula Oliveira et son projet Cabril Ecorural ont remis en question la tradition s\u00e9culaire de la fabrication de burels et ont entrepris de r\u00e9activer le Pis\u00e3o de Tabuadela, situ\u00e9 dans la paroisse de Salto.<\/p>\n<p>En partenariat avec le ma\u00eetre parqueteur M. Francisco, h\u00e9ritier de l&rsquo;artisanat traditionnel, ils se sont lanc\u00e9s dans un projet de collaboration qui a d\u00e9bouch\u00e9 sur la fabrication de burels.<\/p>\n<p>projet de collaboration qui a abouti \u00e0 la fabrication du fameux tissu burel 100 % traditionnel.<\/p>\n<p>La chronique de cette aventure m\u00e9morable est visible dans l&rsquo;auditorium de la maison du capitaine.<\/p>\n","protected":false},"excerpt":{"rendered":"<p>En 2019, Paula Oliveira et son projet Cabril Ecorural ont remis en question la tradition s\u00e9culaire de la fabrication de burels et ont entrepris de r\u00e9activer le Pis\u00e3o de Tabuadela, situ\u00e9 dans la paroisse de Salto. En partenariat avec le [&hellip;]<\/p>\n","protected":false},"author":5,"featured_media":22736,"comment_status":"closed","ping_status":"closed","template":"","tags":[],"mec_category":[715],"_links":{"self":[{"href":"https:\/\/visitaltotamegaebarroso.pt\/fr\/wp-json\/wp\/v2\/mec-events\/22769"}],"collection":[{"href":"https:\/\/visitaltotamegaebarroso.pt\/fr\/wp-json\/wp\/v2\/mec-events"}],"about":[{"href":"https:\/\/visitaltotamegaebarroso.pt\/fr\/wp-json\/wp\/v2\/types\/mec-events"}],"author":[{"embeddable":true,"href":"https:\/\/visitaltotamegaebarroso.pt\/fr\/wp-json\/wp\/v2\/users\/5"}],"replies":[{"embeddable":true,"href":"https:\/\/visitaltotamegaebarroso.pt\/fr\/wp-json\/wp\/v2\/comments?post=22769"}],"wp:featuredmedia":[{"embeddable":true,"href":"https:\/\/visitaltotamegaebarroso.pt\/fr\/wp-json\/wp\/v2\/media\/22736"}],"wp:attachment":[{"href":"https:\/\/visitaltotamegaebarroso.pt\/fr\/wp-json\/wp\/v2\/media?parent=22769"}],"wp:term":[{"taxonomy":"post_tag","embeddable":true,"href":"https:\/\/visitaltotamegaebarroso.pt\/fr\/wp-json\/wp\/v2\/tags?post=22769"},{"taxonomy":"mec_category","embeddable":true,"href":"https:\/\/visitaltotamegaebarroso.pt\/fr\/wp-json\/wp\/v2\/mec_category?post=22769"}],"curies":[{"name":"wp","href":"https:\/\/api.w.org\/{rel}","templated":true}]}}

Pisões e Tradições, burel en Barroso

<p>En 2019, Paula Oliveira et son projet Cabril Ecorural ont remis en question la tradition séculaire de la fabrication de burels et ont entrepris de réactiver le Pisão de Tabuadela, situé dans la paroisse de Salto.</p>
<p>En partenariat avec le maître parqueteur M. Francisco, héritier de l&rsquo;artisanat traditionnel, ils se sont lancés dans un projet de collaboration qui a débouché sur la fabrication de burels.</p>
<p>projet de collaboration qui a abouti à la fabrication du fameux tissu burel 100 % traditionnel.</p>
<p>La chronique de cette aventure mémorable est visible dans l&rsquo;auditorium de la maison du capitaine.</p>

<p>En 2019, Paula Oliveira et son projet Cabril Ecorural ont remis en question la tradition séculaire de la fabrication de burels et ont entrepris de réactiver le Pisão de Tabuadela, situé dans la paroisse de Salto. En partenariat avec le [&hellip;]</p>
