{"id":22153,"date":"2023-08-04T00:36:16","date_gmt":"2023-08-04T00:36:16","guid":{"rendered":"https:\/\/visitaltotamegaebarroso.pt\/?post_type=mec-events&#038;p=22153"},"modified":"2023-08-14T21:24:09","modified_gmt":"2023-08-14T21:24:09","slug":"foire-de-montalegre-en-aout","status":"publish","type":"mec-events","link":"https:\/\/visitaltotamegaebarroso.pt\/fr\/events\/foire-de-montalegre-en-aout\/","title":{"rendered":"Foire de Montalegre en ao\u00fbt"},"content":{"rendered":"<p>L&rsquo;ex\u00e9cutif municipal de Montalegre a d\u00e9cid\u00e9 que la traditionnelle \u00ab Feira de Montalegre \u00bb aura lieu tous les jeudis du mois d&rsquo;ao\u00fbt. Une d\u00e9cision pour favoriser l&rsquo;\u00e9conomie locale. Ainsi, le \u00ab Campo da Feira \u00bb est le th\u00e9\u00e2tre des affaires les 3, 10, 17, 24 et 31.<\/p>\n","protected":false},"excerpt":{"rendered":"<p>L&rsquo;ex\u00e9cutif municipal de Montalegre a d\u00e9cid\u00e9 que la traditionnelle \u00ab Feira de Montalegre \u00bb aura lieu tous les jeudis du mois d&rsquo;ao\u00fbt. Une d\u00e9cision pour favoriser l&rsquo;\u00e9conomie locale. Ainsi, le \u00ab Campo da Feira \u00bb est le th\u00e9\u00e2tre des affaires [&hellip;]<\/p>\n","protected":false},"author":1,"featured_media":21419,"comment_status":"closed","ping_status":"closed","template":"","tags":[],"mec_category":[715],"_links":{"self":[{"href":"https:\/\/visitaltotamegaebarroso.pt\/fr\/wp-json\/wp\/v2\/mec-events\/22153"}],"collection":[{"href":"https:\/\/visitaltotamegaebarroso.pt\/fr\/wp-json\/wp\/v2\/mec-events"}],"about":[{"href":"https:\/\/visitaltotamegaebarroso.pt\/fr\/wp-json\/wp\/v2\/types\/mec-events"}],"author":[{"embeddable":true,"href":"https:\/\/visitaltotamegaebarroso.pt\/fr\/wp-json\/wp\/v2\/users\/1"}],"replies":[{"embeddable":true,"href":"https:\/\/visitaltotamegaebarroso.pt\/fr\/wp-json\/wp\/v2\/comments?post=22153"}],"wp:featuredmedia":[{"embeddable":true,"href":"https:\/\/visitaltotamegaebarroso.pt\/fr\/wp-json\/wp\/v2\/media\/21419"}],"wp:attachment":[{"href":"https:\/\/visitaltotamegaebarroso.pt\/fr\/wp-json\/wp\/v2\/media?parent=22153"}],"wp:term":[{"taxonomy":"post_tag","embeddable":true,"href":"https:\/\/visitaltotamegaebarroso.pt\/fr\/wp-json\/wp\/v2\/tags?post=22153"},{"taxonomy":"mec_category","embeddable":true,"href":"https:\/\/visitaltotamegaebarroso.pt\/fr\/wp-json\/wp\/v2\/mec_category?post=22153"}],"curies":[{"name":"wp","href":"https:\/\/api.w.org\/{rel}","templated":true}]}}

Foire de Montalegre en août

<p>L&rsquo;exécutif municipal de Montalegre a décidé que la traditionnelle « Feira de Montalegre » aura lieu tous les jeudis du mois d&rsquo;août. Une décision pour favoriser l&rsquo;économie locale. Ainsi, le « Campo da Feira » est le théâtre des affaires les 3, 10, 17, 24 et 31.</p>

<p>L&rsquo;exécutif municipal de Montalegre a décidé que la traditionnelle « Feira de Montalegre » aura lieu tous les jeudis du mois d&rsquo;août. Une décision pour favoriser l&rsquo;économie locale. Ainsi, le « Campo da Feira » est le théâtre des affaires [&hellip;]</p>
