{"id":21910,"date":"2023-08-04T00:44:15","date_gmt":"2023-08-04T00:44:15","guid":{"rendered":"https:\/\/visitaltotamegaebarroso.pt\/events\/les-demons-de-mon-grand-pere\/"},"modified":"2023-08-04T00:44:15","modified_gmt":"2023-08-04T00:44:15","slug":"les-demons-de-mon-grand-pere","status":"publish","type":"mec-events","link":"https:\/\/visitaltotamegaebarroso.pt\/fr\/events\/les-demons-de-mon-grand-pere\/","title":{"rendered":"Les d\u00e9mons de mon grand-p\u00e8re"},"content":{"rendered":"<p>Rosa retourne \u00e0 l&rsquo;endroit o\u00f9 elle a grandi, lorsqu&rsquo;elle apprend que son grand-p\u00e8re, avec qui elle n&rsquo;a pas pass\u00e9 beaucoup de temps ces derni\u00e8res ann\u00e9es, est d\u00e9c\u00e9d\u00e9. L\u00e0, elle d\u00e9couvre l&rsquo;h\u00e9ritage qui lui reste et d\u00e9cide de tout r\u00e9cup\u00e9rer \u00e0 l&rsquo;aide de d\u00e9mons d&rsquo;argile que son grand-p\u00e8re avait model\u00e9s, qui prennent vie et lui parlent.<\/p>\n<p>A ne pas manquer le 6 ao\u00fbt, \u00e0 l&rsquo;Auditorium d&rsquo;art et de culture Lu\u00eds Teixeira, \u00e0 16h.<\/p>\n","protected":false},"excerpt":{"rendered":"<p>Rosa retourne \u00e0 l&rsquo;endroit o\u00f9 elle a grandi, lorsqu&rsquo;elle apprend que son grand-p\u00e8re, avec qui elle n&rsquo;a pas pass\u00e9 beaucoup de temps ces derni\u00e8res ann\u00e9es, est d\u00e9c\u00e9d\u00e9. L\u00e0, elle d\u00e9couvre l&rsquo;h\u00e9ritage qui lui reste et d\u00e9cide de tout r\u00e9cup\u00e9rer \u00e0 [&hellip;]<\/p>\n","protected":false},"author":2,"featured_media":21870,"comment_status":"","ping_status":"closed","template":"","tags":[],"mec_category":[715],"_links":{"self":[{"href":"https:\/\/visitaltotamegaebarroso.pt\/fr\/wp-json\/wp\/v2\/mec-events\/21910"}],"collection":[{"href":"https:\/\/visitaltotamegaebarroso.pt\/fr\/wp-json\/wp\/v2\/mec-events"}],"about":[{"href":"https:\/\/visitaltotamegaebarroso.pt\/fr\/wp-json\/wp\/v2\/types\/mec-events"}],"author":[{"embeddable":true,"href":"https:\/\/visitaltotamegaebarroso.pt\/fr\/wp-json\/wp\/v2\/users\/2"}],"replies":[{"embeddable":true,"href":"https:\/\/visitaltotamegaebarroso.pt\/fr\/wp-json\/wp\/v2\/comments?post=21910"}],"wp:featuredmedia":[{"embeddable":true,"href":"https:\/\/visitaltotamegaebarroso.pt\/fr\/wp-json\/wp\/v2\/media\/21870"}],"wp:attachment":[{"href":"https:\/\/visitaltotamegaebarroso.pt\/fr\/wp-json\/wp\/v2\/media?parent=21910"}],"wp:term":[{"taxonomy":"post_tag","embeddable":true,"href":"https:\/\/visitaltotamegaebarroso.pt\/fr\/wp-json\/wp\/v2\/tags?post=21910"},{"taxonomy":"mec_category","embeddable":true,"href":"https:\/\/visitaltotamegaebarroso.pt\/fr\/wp-json\/wp\/v2\/mec_category?post=21910"}],"curies":[{"name":"wp","href":"https:\/\/api.w.org\/{rel}","templated":true}]}}

Les démons de mon grand-père

<p>Rosa retourne à l&rsquo;endroit où elle a grandi, lorsqu&rsquo;elle apprend que son grand-père, avec qui elle n&rsquo;a pas passé beaucoup de temps ces dernières années, est décédé. Là, elle découvre l&rsquo;héritage qui lui reste et décide de tout récupérer à l&rsquo;aide de démons d&rsquo;argile que son grand-père avait modelés, qui prennent vie et lui parlent.</p>
<p>A ne pas manquer le 6 août, à l&rsquo;Auditorium d&rsquo;art et de culture Luís Teixeira, à 16h.</p>

<p>Rosa retourne à l&rsquo;endroit où elle a grandi, lorsqu&rsquo;elle apprend que son grand-père, avec qui elle n&rsquo;a pas passé beaucoup de temps ces dernières années, est décédé. Là, elle découvre l&rsquo;héritage qui lui reste et décide de tout récupérer à [&hellip;]</p>
