{"id":49460,"date":"2026-09-03T16:37:38","date_gmt":"2026-09-03T15:37:38","guid":{"rendered":"https:\/\/visitaltotamegaebarroso.pt\/events\/chaves-flaviae-road-homenaje-a-the-beatles\/"},"modified":"2026-09-03T16:37:38","modified_gmt":"2026-09-03T15:37:38","slug":"chaves-flaviae-road-homenaje-a-the-beatles","status":"publish","type":"mec-events","link":"https:\/\/visitaltotamegaebarroso.pt\/es\/events\/chaves-flaviae-road-homenaje-a-the-beatles\/","title":{"rendered":"Chaves | Flaviae Road &#8211; Homenaje a The Beatles"},"content":{"rendered":"<p>El concierto homenaje a la ic\u00f3nica banda brit\u00e1nica \u00abThe Beatles\u00bb correr\u00e1 a cargo de artistas de Chaves pertenecientes al grupo \u00abFlaviae Road\u00bb, formado por cinco m\u00fasicos: bater\u00eda, bajo, piano\/\u00f3rgano, guitarras, tres voces y, adem\u00e1s, una cantante invitada.<\/p>\n<p>El repertorio est\u00e1 compuesto por una selecci\u00f3n de las canciones m\u00e1s emblem\u00e1ticas de la banda (por ejemplo: \u00abHey Jude\u00bb, \u00abLet It Be\u00bb o \u00abWhile My Guitar Gently Weeps\u00bb), que se interpretar\u00e1n en orden cronol\u00f3gico.<br \/>\nEl espect\u00e1culo se complementar\u00e1 con una experiencia multisensorial, en la que se integrar\u00e1n proyecciones visuales con im\u00e1genes hist\u00f3ricas de los Beatles durante las actuaciones, creando un<br \/>\nambiente inmersivo e interactivo.<\/p>\n<p>Si eres fan de la legendaria banda The Beatles, no te pierdas la oportunidad de formar parte de este homenaje especial, asistiendo a un espect\u00e1culo que promete reavivar las llamas de la nostalgia. Entrada gratuita.<br \/>\nOrganizaci\u00f3n: Ayuntamiento de Chaves<\/p>\n","protected":false},"excerpt":{"rendered":"<p>El concierto homenaje a la ic\u00f3nica banda brit\u00e1nica \u00abThe Beatles\u00bb correr\u00e1 a cargo de artistas de Chaves pertenecientes al grupo \u00abFlaviae Road\u00bb, formado por cinco m\u00fasicos: bater\u00eda, bajo, piano\/\u00f3rgano, guitarras, tres voces y, adem\u00e1s, una cantante invitada. El repertorio est\u00e1 [&hellip;]<\/p>\n","protected":false},"author":7,"featured_media":49456,"comment_status":"closed","ping_status":"closed","template":"","tags":[],"mec_category":[1445],"_links":{"self":[{"href":"https:\/\/visitaltotamegaebarroso.pt\/es\/wp-json\/wp\/v2\/mec-events\/49460"}],"collection":[{"href":"https:\/\/visitaltotamegaebarroso.pt\/es\/wp-json\/wp\/v2\/mec-events"}],"about":[{"href":"https:\/\/visitaltotamegaebarroso.pt\/es\/wp-json\/wp\/v2\/types\/mec-events"}],"author":[{"embeddable":true,"href":"https:\/\/visitaltotamegaebarroso.pt\/es\/wp-json\/wp\/v2\/users\/7"}],"replies":[{"embeddable":true,"href":"https:\/\/visitaltotamegaebarroso.pt\/es\/wp-json\/wp\/v2\/comments?post=49460"}],"wp:featuredmedia":[{"embeddable":true,"href":"https:\/\/visitaltotamegaebarroso.pt\/es\/wp-json\/wp\/v2\/media\/49456"}],"wp:attachment":[{"href":"https:\/\/visitaltotamegaebarroso.pt\/es\/wp-json\/wp\/v2\/media?parent=49460"}],"wp:term":[{"taxonomy":"post_tag","embeddable":true,"href":"https:\/\/visitaltotamegaebarroso.pt\/es\/wp-json\/wp\/v2\/tags?post=49460"},{"taxonomy":"mec_category","embeddable":true,"href":"https:\/\/visitaltotamegaebarroso.pt\/es\/wp-json\/wp\/v2\/mec_category?post=49460"}],"curies":[{"name":"wp","href":"https:\/\/api.w.org\/{rel}","templated":true}]}}

<p>El concierto homenaje a la icónica banda británica «The Beatles» correrá a cargo de artistas de Chaves pertenecientes al grupo «Flaviae Road», formado por cinco músicos: batería, bajo, piano/órgano, guitarras, tres voces y, además, una cantante invitada.</p>
<p>El repertorio está compuesto por una selección de las canciones más emblemáticas de la banda (por ejemplo: «Hey Jude», «Let It Be» o «While My Guitar Gently Weeps»), que se interpretarán en orden cronológico.<br />
El espectáculo se complementará con una experiencia multisensorial, en la que se integrarán proyecciones visuales con imágenes históricas de los Beatles durante las actuaciones, creando un<br />
ambiente inmersivo e interactivo.</p>
<p>Si eres fan de la legendaria banda The Beatles, no te pierdas la oportunidad de formar parte de este homenaje especial, asistiendo a un espectáculo que promete reavivar las llamas de la nostalgia. Entrada gratuita.<br />
Organización: Ayuntamiento de Chaves</p>

<p>El concierto homenaje a la icónica banda británica «The Beatles» correrá a cargo de artistas de Chaves pertenecientes al grupo «Flaviae Road», formado por cinco músicos: batería, bajo, piano/órgano, guitarras, tres voces y, además, una cantante invitada. El repertorio está [&hellip;]</p>
