{"id":49410,"date":"2026-09-03T13:01:55","date_gmt":"2026-09-03T12:01:55","guid":{"rendered":"https:\/\/visitaltotamegaebarroso.pt\/events\/chaves-fiestas-en-honor-a-nuestra-senora-de-las-gracias\/"},"modified":"2026-09-03T13:01:55","modified_gmt":"2026-09-03T12:01:55","slug":"chaves-fiestas-en-honor-a-nuestra-senora-de-las-gracias","status":"publish","type":"mec-events","link":"https:\/\/visitaltotamegaebarroso.pt\/es\/events\/chaves-fiestas-en-honor-a-nuestra-senora-de-las-gracias\/","title":{"rendered":"Chaves | Fiestas en honor a Nuestra Se\u00f1ora de las Gracias"},"content":{"rendered":"<p>Las fiestas en honor a Nuestra Se\u00f1ora de las Gracias son las celebraciones religiosas m\u00e1s importantes del municipio de Chaves y re\u00fanen cada a\u00f1o a miles de devotos procedentes de diversos puntos de la regi\u00f3n y del pa\u00eds.<\/p>\n<p>Programa<br \/>\n16:00 h \u2013 Celebraci\u00f3n de la Eucarist\u00eda, en el Jard\u00edn P\u00fablico de Chaves<br \/>\n17:00 h \u2013 Procesi\u00f3n con las patronas de las parroquias y las bandas filarm\u00f3nicas del municipio de Chaves, desde el Jard\u00edn P\u00fablico hasta la Plaza de Cam\u00f5es.<\/p>\n<p>Organizaci\u00f3n: Ayuntamiento de Chaves, Parroquia de Santa Mar\u00eda Maior de Chaves y Parroquia de la Madalena<br \/>\nColaboraci\u00f3n: Juntas de barrio y parroquias del municipio de Chaves<\/p>\n","protected":false},"excerpt":{"rendered":"<p>Las fiestas en honor a Nuestra Se\u00f1ora de las Gracias son las celebraciones religiosas m\u00e1s importantes del municipio de Chaves y re\u00fanen cada a\u00f1o a miles de devotos procedentes de diversos puntos de la regi\u00f3n y del pa\u00eds. Programa 16:00 [&hellip;]<\/p>\n","protected":false},"author":7,"featured_media":49406,"comment_status":"closed","ping_status":"closed","template":"","tags":[],"mec_category":[1913],"_links":{"self":[{"href":"https:\/\/visitaltotamegaebarroso.pt\/es\/wp-json\/wp\/v2\/mec-events\/49410"}],"collection":[{"href":"https:\/\/visitaltotamegaebarroso.pt\/es\/wp-json\/wp\/v2\/mec-events"}],"about":[{"href":"https:\/\/visitaltotamegaebarroso.pt\/es\/wp-json\/wp\/v2\/types\/mec-events"}],"author":[{"embeddable":true,"href":"https:\/\/visitaltotamegaebarroso.pt\/es\/wp-json\/wp\/v2\/users\/7"}],"replies":[{"embeddable":true,"href":"https:\/\/visitaltotamegaebarroso.pt\/es\/wp-json\/wp\/v2\/comments?post=49410"}],"wp:featuredmedia":[{"embeddable":true,"href":"https:\/\/visitaltotamegaebarroso.pt\/es\/wp-json\/wp\/v2\/media\/49406"}],"wp:attachment":[{"href":"https:\/\/visitaltotamegaebarroso.pt\/es\/wp-json\/wp\/v2\/media?parent=49410"}],"wp:term":[{"taxonomy":"post_tag","embeddable":true,"href":"https:\/\/visitaltotamegaebarroso.pt\/es\/wp-json\/wp\/v2\/tags?post=49410"},{"taxonomy":"mec_category","embeddable":true,"href":"https:\/\/visitaltotamegaebarroso.pt\/es\/wp-json\/wp\/v2\/mec_category?post=49410"}],"curies":[{"name":"wp","href":"https:\/\/api.w.org\/{rel}","templated":true}]}}

Chaves | Fiestas en honor a Nuestra Señora de las Gracias

<p>Las fiestas en honor a Nuestra Señora de las Gracias son las celebraciones religiosas más importantes del municipio de Chaves y reúnen cada año a miles de devotos procedentes de diversos puntos de la región y del país.</p>
<p>Programa<br />
16:00 h – Celebración de la Eucaristía, en el Jardín Público de Chaves<br />
17:00 h – Procesión con las patronas de las parroquias y las bandas filarmónicas del municipio de Chaves, desde el Jardín Público hasta la Plaza de Camões.</p>
<p>Organización: Ayuntamiento de Chaves, Parroquia de Santa María Maior de Chaves y Parroquia de la Madalena<br />
Colaboración: Juntas de barrio y parroquias del municipio de Chaves</p>

<p>Las fiestas en honor a Nuestra Señora de las Gracias son las celebraciones religiosas más importantes del municipio de Chaves y reúnen cada año a miles de devotos procedentes de diversos puntos de la región y del país. Programa 16:00 [&hellip;]</p>
