{"id":49370,"date":"2026-09-03T11:21:38","date_gmt":"2026-09-03T10:21:38","guid":{"rendered":"https:\/\/visitaltotamegaebarroso.pt\/?post_type=mec-events&#038;p=49370"},"modified":"2026-09-03T11:29:31","modified_gmt":"2026-09-03T10:29:31","slug":"chaves-truz-truz-la-hora-del-cuento","status":"publish","type":"mec-events","link":"https:\/\/visitaltotamegaebarroso.pt\/es\/events\/chaves-truz-truz-la-hora-del-cuento\/","title":{"rendered":"Chaves | \u00abTruz truz\u00bb &#8211; La hora del cuento"},"content":{"rendered":"<p>La biblioteca ofrece a los m\u00e1s peque\u00f1os una hora de descubrimiento e imaginaci\u00f3n, en el marco de la promoci\u00f3n de la lectura, con el objetivo de fomentar el intercambio de libros.<\/p>\n<p>\u00abTruz truz\u00bb, texto de Natalina C\u00f3ias e ilustraciones de Paulo Galindro. \u00ab\u00a1Truz truz! \u00bfQui\u00e9n es?! \u00a1Es la ni\u00f1a peque\u00f1ita que lleva un calcet\u00edn roto en el pie!\u00bb<\/p>\n<p>P\u00fablico objetivo: Preescolar<\/p>\n","protected":false},"excerpt":{"rendered":"<p>La biblioteca ofrece a los m\u00e1s peque\u00f1os una hora de descubrimiento e imaginaci\u00f3n, en el marco de la promoci\u00f3n de la lectura, con el objetivo de fomentar el intercambio de libros. \u00abTruz truz\u00bb, texto de Natalina C\u00f3ias e ilustraciones de [&hellip;]<\/p>\n","protected":false},"author":6,"featured_media":49366,"comment_status":"closed","ping_status":"closed","template":"","tags":[],"mec_category":[716,1523],"_links":{"self":[{"href":"https:\/\/visitaltotamegaebarroso.pt\/es\/wp-json\/wp\/v2\/mec-events\/49370"}],"collection":[{"href":"https:\/\/visitaltotamegaebarroso.pt\/es\/wp-json\/wp\/v2\/mec-events"}],"about":[{"href":"https:\/\/visitaltotamegaebarroso.pt\/es\/wp-json\/wp\/v2\/types\/mec-events"}],"author":[{"embeddable":true,"href":"https:\/\/visitaltotamegaebarroso.pt\/es\/wp-json\/wp\/v2\/users\/6"}],"replies":[{"embeddable":true,"href":"https:\/\/visitaltotamegaebarroso.pt\/es\/wp-json\/wp\/v2\/comments?post=49370"}],"wp:featuredmedia":[{"embeddable":true,"href":"https:\/\/visitaltotamegaebarroso.pt\/es\/wp-json\/wp\/v2\/media\/49366"}],"wp:attachment":[{"href":"https:\/\/visitaltotamegaebarroso.pt\/es\/wp-json\/wp\/v2\/media?parent=49370"}],"wp:term":[{"taxonomy":"post_tag","embeddable":true,"href":"https:\/\/visitaltotamegaebarroso.pt\/es\/wp-json\/wp\/v2\/tags?post=49370"},{"taxonomy":"mec_category","embeddable":true,"href":"https:\/\/visitaltotamegaebarroso.pt\/es\/wp-json\/wp\/v2\/mec_category?post=49370"}],"curies":[{"name":"wp","href":"https:\/\/api.w.org\/{rel}","templated":true}]}}

<p>La biblioteca ofrece a los más pequeños una hora de descubrimiento e imaginación, en el marco de la promoción de la lectura, con el objetivo de fomentar el intercambio de libros.</p>
<p>«Truz truz», texto de Natalina Cóias e ilustraciones de Paulo Galindro. «¡Truz truz! ¿Quién es?! ¡Es la niña pequeñita que lleva un calcetín roto en el pie!»</p>
<p>Público objetivo: Preescolar</p>

<p>La biblioteca ofrece a los más pequeños una hora de descubrimiento e imaginación, en el marco de la promoción de la lectura, con el objetivo de fomentar el intercambio de libros. «Truz truz», texto de Natalina Cóias e ilustraciones de [&hellip;]</p>
