{"id":49268,"date":"2026-08-20T11:54:20","date_gmt":"2026-08-20T10:54:20","guid":{"rendered":"https:\/\/visitaltotamegaebarroso.pt\/?post_type=mec-events&#038;p=49268"},"modified":"2026-08-20T12:35:41","modified_gmt":"2026-08-20T11:35:41","slug":"chaves-to-trips","status":"publish","type":"mec-events","link":"https:\/\/visitaltotamegaebarroso.pt\/es\/events\/chaves-to-trips\/","title":{"rendered":"Chaves | T\u00f3 Trips"},"content":{"rendered":"<p>T\u00f3 Trips subir\u00e1 al escenario de la Sala Multiusos del Quarteir\u00e3o Cultural de Chaves el pr\u00f3ximo 19 de septiembre, para ofrecer un concierto en el que la guitarra habla por s\u00ed misma.<\/p>\n<p>Reconocido como una de las figuras m\u00e1s destacadas de la m\u00fasica portuguesa, T\u00f3 Trips ha labrado una trayectoria \u00fanica, marcada por un sonido intenso y profundamente evocador. Sobre el escenario, cada tema se convierte en un viaje entre la tradici\u00f3n, la experimentaci\u00f3n y la emoci\u00f3n.<\/p>\n<p>Una noche para escuchar de cerca, descubrir nuevos caminos y reencontrarse con uno de los m\u00fasicos m\u00e1s destacados de la m\u00fasica portuguesa contempor\u00e1nea.<\/p>\n<p>M\u00e1s informaci\u00f3n en:<br \/>\nwww.indieror.pt<\/p>\n","protected":false},"excerpt":{"rendered":"<p>T\u00f3 Trips subir\u00e1 al escenario de la Sala Multiusos del Quarteir\u00e3o Cultural de Chaves el pr\u00f3ximo 19 de septiembre, para ofrecer un concierto en el que la guitarra habla por s\u00ed misma. Reconocido como una de las figuras m\u00e1s destacadas [&hellip;]<\/p>\n","protected":false},"author":6,"featured_media":49264,"comment_status":"closed","ping_status":"closed","template":"","tags":[],"mec_category":[1445],"_links":{"self":[{"href":"https:\/\/visitaltotamegaebarroso.pt\/es\/wp-json\/wp\/v2\/mec-events\/49268"}],"collection":[{"href":"https:\/\/visitaltotamegaebarroso.pt\/es\/wp-json\/wp\/v2\/mec-events"}],"about":[{"href":"https:\/\/visitaltotamegaebarroso.pt\/es\/wp-json\/wp\/v2\/types\/mec-events"}],"author":[{"embeddable":true,"href":"https:\/\/visitaltotamegaebarroso.pt\/es\/wp-json\/wp\/v2\/users\/6"}],"replies":[{"embeddable":true,"href":"https:\/\/visitaltotamegaebarroso.pt\/es\/wp-json\/wp\/v2\/comments?post=49268"}],"wp:featuredmedia":[{"embeddable":true,"href":"https:\/\/visitaltotamegaebarroso.pt\/es\/wp-json\/wp\/v2\/media\/49264"}],"wp:attachment":[{"href":"https:\/\/visitaltotamegaebarroso.pt\/es\/wp-json\/wp\/v2\/media?parent=49268"}],"wp:term":[{"taxonomy":"post_tag","embeddable":true,"href":"https:\/\/visitaltotamegaebarroso.pt\/es\/wp-json\/wp\/v2\/tags?post=49268"},{"taxonomy":"mec_category","embeddable":true,"href":"https:\/\/visitaltotamegaebarroso.pt\/es\/wp-json\/wp\/v2\/mec_category?post=49268"}],"curies":[{"name":"wp","href":"https:\/\/api.w.org\/{rel}","templated":true}]}}

Chaves | Tó Trips

<p>Tó Trips subirá al escenario de la Sala Multiusos del Quarteirão Cultural de Chaves el próximo 19 de septiembre, para ofrecer un concierto en el que la guitarra habla por sí misma.</p>
<p>Reconocido como una de las figuras más destacadas de la música portuguesa, Tó Trips ha labrado una trayectoria única, marcada por un sonido intenso y profundamente evocador. Sobre el escenario, cada tema se convierte en un viaje entre la tradición, la experimentación y la emoción.</p>
<p>Una noche para escuchar de cerca, descubrir nuevos caminos y reencontrarse con uno de los músicos más destacados de la música portuguesa contemporánea.</p>
<p>Más información en:<br />
www.indieror.pt</p>

<p>Tó Trips subirá al escenario de la Sala Multiusos del Quarteirão Cultural de Chaves el próximo 19 de septiembre, para ofrecer un concierto en el que la guitarra habla por sí misma. Reconocido como una de las figuras más destacadas [&hellip;]</p>
