{"id":49190,"date":"2026-08-17T15:35:23","date_gmt":"2026-08-17T14:35:23","guid":{"rendered":"https:\/\/visitaltotamegaebarroso.pt\/?post_type=mec-events&#038;p=49190"},"modified":"2026-08-17T15:42:40","modified_gmt":"2026-08-17T14:42:40","slug":"valpacos-portugalidad-distancia-de-carlos-dias","status":"publish","type":"mec-events","link":"https:\/\/visitaltotamegaebarroso.pt\/es\/events\/valpacos-portugalidad-distancia-de-carlos-dias\/","title":{"rendered":"Valpa\u00e7os | \u00abPortugalidad\/Distancia\u00bb, de Carlos Dias"},"content":{"rendered":"<p>A trav\u00e9s de la pintura, el artista explora conceptos de identidad, pertenencia y distancia, invitando a la reflexi\u00f3n sobre el v\u00ednculo emocional y cultural con Portugal. Los paisajes, colores y matices presentes en las obras invitan al p\u00fablico a descubrir diferentes formas de sentir e interpretar la portugualidad.<\/p>\n<p>Una oportunidad para conocer la obra y la sensibilidad art\u00edstica de Carlos Dias, en un espacio dedicado a la cultura y al arte.<\/p>\n<p>Visita la exposici\u00f3n y d\u00e9jate llevar por este viaje entre la identidad portuguesa y el distanciamiento.<\/p>\n","protected":false},"excerpt":{"rendered":"<p>A trav\u00e9s de la pintura, el artista explora conceptos de identidad, pertenencia y distancia, invitando a la reflexi\u00f3n sobre el v\u00ednculo emocional y cultural con Portugal. Los paisajes, colores y matices presentes en las obras invitan al p\u00fablico a descubrir [&hellip;]<\/p>\n","protected":false},"author":6,"featured_media":49186,"comment_status":"closed","ping_status":"closed","template":"","tags":[],"mec_category":[1668],"_links":{"self":[{"href":"https:\/\/visitaltotamegaebarroso.pt\/es\/wp-json\/wp\/v2\/mec-events\/49190"}],"collection":[{"href":"https:\/\/visitaltotamegaebarroso.pt\/es\/wp-json\/wp\/v2\/mec-events"}],"about":[{"href":"https:\/\/visitaltotamegaebarroso.pt\/es\/wp-json\/wp\/v2\/types\/mec-events"}],"author":[{"embeddable":true,"href":"https:\/\/visitaltotamegaebarroso.pt\/es\/wp-json\/wp\/v2\/users\/6"}],"replies":[{"embeddable":true,"href":"https:\/\/visitaltotamegaebarroso.pt\/es\/wp-json\/wp\/v2\/comments?post=49190"}],"wp:featuredmedia":[{"embeddable":true,"href":"https:\/\/visitaltotamegaebarroso.pt\/es\/wp-json\/wp\/v2\/media\/49186"}],"wp:attachment":[{"href":"https:\/\/visitaltotamegaebarroso.pt\/es\/wp-json\/wp\/v2\/media?parent=49190"}],"wp:term":[{"taxonomy":"post_tag","embeddable":true,"href":"https:\/\/visitaltotamegaebarroso.pt\/es\/wp-json\/wp\/v2\/tags?post=49190"},{"taxonomy":"mec_category","embeddable":true,"href":"https:\/\/visitaltotamegaebarroso.pt\/es\/wp-json\/wp\/v2\/mec_category?post=49190"}],"curies":[{"name":"wp","href":"https:\/\/api.w.org\/{rel}","templated":true}]}}

Valpaços | «Portugalidad/Distancia», de Carlos Dias

<p>A través de la pintura, el artista explora conceptos de identidad, pertenencia y distancia, invitando a la reflexión sobre el vínculo emocional y cultural con Portugal. Los paisajes, colores y matices presentes en las obras invitan al público a descubrir diferentes formas de sentir e interpretar la portugualidad.</p>
<p>Una oportunidad para conocer la obra y la sensibilidad artística de Carlos Dias, en un espacio dedicado a la cultura y al arte.</p>
<p>Visita la exposición y déjate llevar por este viaje entre la identidad portuguesa y el distanciamiento.</p>

<p>A través de la pintura, el artista explora conceptos de identidad, pertenencia y distancia, invitando a la reflexión sobre el vínculo emocional y cultural con Portugal. Los paisajes, colores y matices presentes en las obras invitan al público a descubrir [&hellip;]</p>
