{"id":49044,"date":"2026-08-06T17:56:03","date_gmt":"2026-08-06T16:56:03","guid":{"rendered":"https:\/\/visitaltotamegaebarroso.pt\/?post_type=mec-events&#038;p=49044"},"modified":"2026-08-06T18:02:02","modified_gmt":"2026-08-06T17:02:02","slug":"montalegre-fritz-simoneta","status":"publish","type":"mec-events","link":"https:\/\/visitaltotamegaebarroso.pt\/es\/events\/montalegre-fritz-simoneta\/","title":{"rendered":"Montalegre | Fritz Simoneta"},"content":{"rendered":"<p>Dos exposiciones, una misma mirada.<\/p>\n<p>Entre los cuentos reinventados y la fuerza de la monta\u00f1a, la artista Fritz Simoneta presenta dos exposiciones que invitan al p\u00fablico a adentrarse en un universo de imaginaci\u00f3n, memoria y naturaleza.<br \/>\n\u00abEl lobo y el capuchino (sin adjetivos)\u00bb y \u00abMujer monta\u00f1a\u00bb estar\u00e1n expuestas en el Ecomuseo de Barroso \u2014Espacio Padre Fontes\u2014, en Montalegre, del 15 de agosto al 15 de septiembre de 2026.<br \/>\nUna oportunidad para descubrir dos enfoques distintos, marcados por la sensibilidad y el trazo singular de la artista, en una experiencia expositiva que establece un di\u00e1logo entre el universo de los cuentos y la identidad del paisaje.<\/p>\n<p>Vis\u00edtanos y d\u00e9jate sorprender.<\/p>\n","protected":false},"excerpt":{"rendered":"<p>Dos exposiciones, una misma mirada. Entre los cuentos reinventados y la fuerza de la monta\u00f1a, la artista Fritz Simoneta presenta dos exposiciones que invitan al p\u00fablico a adentrarse en un universo de imaginaci\u00f3n, memoria y naturaleza. \u00abEl lobo y el [&hellip;]<\/p>\n","protected":false},"author":6,"featured_media":49040,"comment_status":"closed","ping_status":"closed","template":"","tags":[],"mec_category":[1668],"_links":{"self":[{"href":"https:\/\/visitaltotamegaebarroso.pt\/es\/wp-json\/wp\/v2\/mec-events\/49044"}],"collection":[{"href":"https:\/\/visitaltotamegaebarroso.pt\/es\/wp-json\/wp\/v2\/mec-events"}],"about":[{"href":"https:\/\/visitaltotamegaebarroso.pt\/es\/wp-json\/wp\/v2\/types\/mec-events"}],"author":[{"embeddable":true,"href":"https:\/\/visitaltotamegaebarroso.pt\/es\/wp-json\/wp\/v2\/users\/6"}],"replies":[{"embeddable":true,"href":"https:\/\/visitaltotamegaebarroso.pt\/es\/wp-json\/wp\/v2\/comments?post=49044"}],"wp:featuredmedia":[{"embeddable":true,"href":"https:\/\/visitaltotamegaebarroso.pt\/es\/wp-json\/wp\/v2\/media\/49040"}],"wp:attachment":[{"href":"https:\/\/visitaltotamegaebarroso.pt\/es\/wp-json\/wp\/v2\/media?parent=49044"}],"wp:term":[{"taxonomy":"post_tag","embeddable":true,"href":"https:\/\/visitaltotamegaebarroso.pt\/es\/wp-json\/wp\/v2\/tags?post=49044"},{"taxonomy":"mec_category","embeddable":true,"href":"https:\/\/visitaltotamegaebarroso.pt\/es\/wp-json\/wp\/v2\/mec_category?post=49044"}],"curies":[{"name":"wp","href":"https:\/\/api.w.org\/{rel}","templated":true}]}}

<p>Dos exposiciones, una misma mirada.</p>
<p>Entre los cuentos reinventados y la fuerza de la montaña, la artista Fritz Simoneta presenta dos exposiciones que invitan al público a adentrarse en un universo de imaginación, memoria y naturaleza.<br />
«El lobo y el capuchino (sin adjetivos)» y «Mujer montaña» estarán expuestas en el Ecomuseo de Barroso —Espacio Padre Fontes—, en Montalegre, del 15 de agosto al 15 de septiembre de 2026.<br />
Una oportunidad para descubrir dos enfoques distintos, marcados por la sensibilidad y el trazo singular de la artista, en una experiencia expositiva que establece un diálogo entre el universo de los cuentos y la identidad del paisaje.</p>
<p>Visítanos y déjate sorprender.</p>

<p>Dos exposiciones, una misma mirada. Entre los cuentos reinventados y la fuerza de la montaña, la artista Fritz Simoneta presenta dos exposiciones que invitan al público a adentrarse en un universo de imaginación, memoria y naturaleza. «El lobo y el [&hellip;]</p>
