{"id":46444,"date":"2026-04-28T10:01:46","date_gmt":"2026-04-28T09:01:46","guid":{"rendered":"https:\/\/visitaltotamegaebarroso.pt\/events\/chaves-margarida\/"},"modified":"2026-04-28T10:01:46","modified_gmt":"2026-04-28T09:01:46","slug":"chaves-margarida","status":"publish","type":"mec-events","link":"https:\/\/visitaltotamegaebarroso.pt\/es\/events\/chaves-margarida\/","title":{"rendered":"Chaves | Margarida"},"content":{"rendered":"<p>La cantante y compositora Margarida presentar\u00e1 el pr\u00f3ximo s\u00e1bado, 2 de mayo, a las 22:00 h, sus canciones de autor, que reflejan sus vivencias y su juventud.<\/p>\n<p>Un evento organizado por el Ayuntamiento de Chaves, con el apoyo de Turismo de Portugal, en el marco de ANIMAT 2026.<\/p>\n","protected":false},"excerpt":{"rendered":"<p>La cantante y compositora Margarida presentar\u00e1 el pr\u00f3ximo s\u00e1bado, 2 de mayo, a las 22:00 h, sus canciones de autor, que reflejan sus vivencias y su juventud. Un evento organizado por el Ayuntamiento de Chaves, con el apoyo de Turismo [&hellip;]<\/p>\n","protected":false},"author":7,"featured_media":46440,"comment_status":"closed","ping_status":"closed","template":"","tags":[],"mec_category":[1445],"_links":{"self":[{"href":"https:\/\/visitaltotamegaebarroso.pt\/es\/wp-json\/wp\/v2\/mec-events\/46444"}],"collection":[{"href":"https:\/\/visitaltotamegaebarroso.pt\/es\/wp-json\/wp\/v2\/mec-events"}],"about":[{"href":"https:\/\/visitaltotamegaebarroso.pt\/es\/wp-json\/wp\/v2\/types\/mec-events"}],"author":[{"embeddable":true,"href":"https:\/\/visitaltotamegaebarroso.pt\/es\/wp-json\/wp\/v2\/users\/7"}],"replies":[{"embeddable":true,"href":"https:\/\/visitaltotamegaebarroso.pt\/es\/wp-json\/wp\/v2\/comments?post=46444"}],"wp:featuredmedia":[{"embeddable":true,"href":"https:\/\/visitaltotamegaebarroso.pt\/es\/wp-json\/wp\/v2\/media\/46440"}],"wp:attachment":[{"href":"https:\/\/visitaltotamegaebarroso.pt\/es\/wp-json\/wp\/v2\/media?parent=46444"}],"wp:term":[{"taxonomy":"post_tag","embeddable":true,"href":"https:\/\/visitaltotamegaebarroso.pt\/es\/wp-json\/wp\/v2\/tags?post=46444"},{"taxonomy":"mec_category","embeddable":true,"href":"https:\/\/visitaltotamegaebarroso.pt\/es\/wp-json\/wp\/v2\/mec_category?post=46444"}],"curies":[{"name":"wp","href":"https:\/\/api.w.org\/{rel}","templated":true}]}}

<p>La cantante y compositora Margarida presentará el próximo sábado, 2 de mayo, a las 22:00 h, sus canciones de autor, que reflejan sus vivencias y su juventud.</p>
<p>Un evento organizado por el Ayuntamiento de Chaves, con el apoyo de Turismo de Portugal, en el marco de ANIMAT 2026.</p>

<p>La cantante y compositora Margarida presentará el próximo sábado, 2 de mayo, a las 22:00 h, sus canciones de autor, que reflejan sus vivencias y su juventud. Un evento organizado por el Ayuntamiento de Chaves, con el apoyo de Turismo [&hellip;]</p>
