{"id":39778,"date":"2025-06-20T14:59:54","date_gmt":"2025-06-20T13:59:54","guid":{"rendered":"https:\/\/visitaltotamegaebarroso.pt\/events\/bie-festival-n2\/"},"modified":"2025-06-21T10:57:30","modified_gmt":"2025-06-21T09:57:30","slug":"bie-festival-n2","status":"publish","type":"mec-events","link":"https:\/\/visitaltotamegaebarroso.pt\/es\/events\/bie-festival-n2\/","title":{"rendered":"Chaves | Bi\u00e9 &#8211; Festival N2"},"content":{"rendered":"<p>Escenario Paragem<\/p>\n<p>El 2 de agosto, el Palco Paragem recibe a BI\u00c9, \u00a1con nuevo equipaje y un dep\u00f3sito lleno de sonido Tr\u00e1s-os-Montes!<\/p>\n<p>Compositor, multiinstrumentista e int\u00e9rprete, BI\u00c9 es el alter ego de Rafael Fernandes, que se inici\u00f3 en la m\u00fasica a los 17 a\u00f1os. En 2022, se puso las anteojeras y cambi\u00f3 de marcha: empez\u00f3 a escribir en portugu\u00e9s, explor\u00f3 nuevos paisajes sonoros y ya tiene dos \u00e1lbumes a sus espaldas, con frescura creativa y combustible para mucho m\u00e1s.<\/p>\n<p>En el escenario, domina lo \u00edntimo y lo sobrecogedor. Con un pie en la tierra y el otro en los senderos de lo que est\u00e1 por venir, BI\u00c9 nos invita a viajar sin mapa &#8211; s\u00f3lo con la m\u00fasica como combustible.<\/p>\n<p><iframe loading=\"lazy\" title=\"Bi\u00e9 - Linguagem da Respira\u00e7\u00e3o\" width=\"1100\" height=\"619\" src=\"https:\/\/www.youtube.com\/embed\/8TgciCcn0jw?start=1&#038;feature=oembed\" frameborder=\"0\" allow=\"accelerometer; autoplay; clipboard-write; encrypted-media; gyroscope; picture-in-picture; web-share\" referrerpolicy=\"strict-origin-when-cross-origin\" allowfullscreen><\/iframe><\/p>\n","protected":false},"excerpt":{"rendered":"<p>Escenario Paragem El 2 de agosto, el Palco Paragem recibe a BI\u00c9, \u00a1con nuevo equipaje y un dep\u00f3sito lleno de sonido Tr\u00e1s-os-Montes! Compositor, multiinstrumentista e int\u00e9rprete, BI\u00c9 es el alter ego de Rafael Fernandes, que se inici\u00f3 en la m\u00fasica [&hellip;]<\/p>\n","protected":false},"author":5,"featured_media":39741,"comment_status":"closed","ping_status":"closed","template":"","tags":[],"mec_category":[1445,716],"_links":{"self":[{"href":"https:\/\/visitaltotamegaebarroso.pt\/es\/wp-json\/wp\/v2\/mec-events\/39778"}],"collection":[{"href":"https:\/\/visitaltotamegaebarroso.pt\/es\/wp-json\/wp\/v2\/mec-events"}],"about":[{"href":"https:\/\/visitaltotamegaebarroso.pt\/es\/wp-json\/wp\/v2\/types\/mec-events"}],"author":[{"embeddable":true,"href":"https:\/\/visitaltotamegaebarroso.pt\/es\/wp-json\/wp\/v2\/users\/5"}],"replies":[{"embeddable":true,"href":"https:\/\/visitaltotamegaebarroso.pt\/es\/wp-json\/wp\/v2\/comments?post=39778"}],"wp:featuredmedia":[{"embeddable":true,"href":"https:\/\/visitaltotamegaebarroso.pt\/es\/wp-json\/wp\/v2\/media\/39741"}],"wp:attachment":[{"href":"https:\/\/visitaltotamegaebarroso.pt\/es\/wp-json\/wp\/v2\/media?parent=39778"}],"wp:term":[{"taxonomy":"post_tag","embeddable":true,"href":"https:\/\/visitaltotamegaebarroso.pt\/es\/wp-json\/wp\/v2\/tags?post=39778"},{"taxonomy":"mec_category","embeddable":true,"href":"https:\/\/visitaltotamegaebarroso.pt\/es\/wp-json\/wp\/v2\/mec_category?post=39778"}],"curies":[{"name":"wp","href":"https:\/\/api.w.org\/{rel}","templated":true}]}}

Chaves | Bié &#8211; Festival N2

<p>Escenario Paragem</p>
<p>El 2 de agosto, el Palco Paragem recibe a BIÉ, ¡con nuevo equipaje y un depósito lleno de sonido Trás-os-Montes!</p>
<p>Compositor, multiinstrumentista e intérprete, BIÉ es el alter ego de Rafael Fernandes, que se inició en la música a los 17 años. En 2022, se puso las anteojeras y cambió de marcha: empezó a escribir en portugués, exploró nuevos paisajes sonoros y ya tiene dos álbumes a sus espaldas, con frescura creativa y combustible para mucho más.</p>
<p>En el escenario, domina lo íntimo y lo sobrecogedor. Con un pie en la tierra y el otro en los senderos de lo que está por venir, BIÉ nos invita a viajar sin mapa &#8211; sólo con la música como combustible.</p>
<p><iframe loading="lazy" title="Bié - Linguagem da Respiração" width="1100" height="619" src="https://www.youtube.com/embed/8TgciCcn0jw?start=1&#038;feature=oembed" frameborder="0" allow="accelerometer; autoplay; clipboard-write; encrypted-media; gyroscope; picture-in-picture; web-share" referrerpolicy="strict-origin-when-cross-origin" allowfullscreen></iframe></p>

<p>Escenario Paragem El 2 de agosto, el Palco Paragem recibe a BIÉ, ¡con nuevo equipaje y un depósito lleno de sonido Trás-os-Montes! Compositor, multiinstrumentista e intérprete, BIÉ es el alter ego de Rafael Fernandes, que se inició en la música [&hellip;]</p>
