{"id":39628,"date":"2025-06-17T09:43:29","date_gmt":"2025-06-17T08:43:29","guid":{"rendered":"https:\/\/visitaltotamegaebarroso.pt\/?post_type=mec-events&#038;p=39628"},"modified":"2025-06-17T10:31:16","modified_gmt":"2025-06-17T09:31:16","slug":"20-a-26-de-junio-cibos-da-terra-barrosa-promovido-en-el-ptat","status":"publish","type":"mec-events","link":"https:\/\/visitaltotamegaebarroso.pt\/es\/events\/20-a-26-de-junio-cibos-da-terra-barrosa-promovido-en-el-ptat\/","title":{"rendered":"20 a 26 de Junio | \u00abCibos da Terra Barros\u00e3\u00bb promovido en el PTAT"},"content":{"rendered":"<p>El 5\u00ba Festival de Turismo y Naturaleza \u00abCibos da Terra Barros\u00e3\u00bb &#8211; que tendr\u00e1 lugar en el Parque de la Naturaleza y de la Biodiversidad de las Boticas los d\u00edas 19 y 20 de julio &#8211; se promocionar\u00e1 en la Oficina de Turismo del Alto T\u00e2mega e Barroso (PTAT) del 20 al 26 de junio.<\/p>\n<p>Se trata de un festival tem\u00e1tico que incluye diversas actividades relacionadas con la cultura, la tradici\u00f3n, la gastronom\u00eda y, por supuesto, la naturaleza.<\/p>\n<p>Durante su promoci\u00f3n en el PTAT, podr\u00e1s disfrutar de una degustaci\u00f3n de productos regionales del municipio de Boticas los d\u00edas 21 y 22 de junio, ver un v\u00eddeo promocional que te ayudar\u00e1 a conocer no s\u00f3lo este evento, sino tambi\u00e9n el espacio donde se celebrar\u00e1, y tambi\u00e9n tendr\u00e1s acceso a carteles y folletos promocionales.<\/p>\n<p>El PTAT, situado en la Alameda do Tabolado, en Chaves, ya est\u00e1 funcionando con un horario ampliado, propio de la actual temporada alta: de lunes a domingo, de 09h00 a 20h00.<\/p>\n<p>\u00a1Esperamos verle por all\u00ed!<\/p>\n","protected":false},"excerpt":{"rendered":"<p>El 5\u00ba Festival de Turismo y Naturaleza \u00abCibos da Terra Barros\u00e3\u00bb &#8211; que tendr\u00e1 lugar en el Parque de la Naturaleza y de la Biodiversidad de las Boticas los d\u00edas 19 y 20 de julio &#8211; se promocionar\u00e1 en la [&hellip;]<\/p>\n","protected":false},"author":5,"featured_media":39612,"comment_status":"closed","ping_status":"closed","template":"","tags":[],"mec_category":[1668],"_links":{"self":[{"href":"https:\/\/visitaltotamegaebarroso.pt\/es\/wp-json\/wp\/v2\/mec-events\/39628"}],"collection":[{"href":"https:\/\/visitaltotamegaebarroso.pt\/es\/wp-json\/wp\/v2\/mec-events"}],"about":[{"href":"https:\/\/visitaltotamegaebarroso.pt\/es\/wp-json\/wp\/v2\/types\/mec-events"}],"author":[{"embeddable":true,"href":"https:\/\/visitaltotamegaebarroso.pt\/es\/wp-json\/wp\/v2\/users\/5"}],"replies":[{"embeddable":true,"href":"https:\/\/visitaltotamegaebarroso.pt\/es\/wp-json\/wp\/v2\/comments?post=39628"}],"wp:featuredmedia":[{"embeddable":true,"href":"https:\/\/visitaltotamegaebarroso.pt\/es\/wp-json\/wp\/v2\/media\/39612"}],"wp:attachment":[{"href":"https:\/\/visitaltotamegaebarroso.pt\/es\/wp-json\/wp\/v2\/media?parent=39628"}],"wp:term":[{"taxonomy":"post_tag","embeddable":true,"href":"https:\/\/visitaltotamegaebarroso.pt\/es\/wp-json\/wp\/v2\/tags?post=39628"},{"taxonomy":"mec_category","embeddable":true,"href":"https:\/\/visitaltotamegaebarroso.pt\/es\/wp-json\/wp\/v2\/mec_category?post=39628"}],"curies":[{"name":"wp","href":"https:\/\/api.w.org\/{rel}","templated":true}]}}

20 a 26 de Junio | «Cibos da Terra Barrosã» promovido en el PTAT

<p>El 5º Festival de Turismo y Naturaleza «Cibos da Terra Barrosã» &#8211; que tendrá lugar en el Parque de la Naturaleza y de la Biodiversidad de las Boticas los días 19 y 20 de julio &#8211; se promocionará en la Oficina de Turismo del Alto Tâmega e Barroso (PTAT) del 20 al 26 de junio.</p>
<p>Se trata de un festival temático que incluye diversas actividades relacionadas con la cultura, la tradición, la gastronomía y, por supuesto, la naturaleza.</p>
<p>Durante su promoción en el PTAT, podrás disfrutar de una degustación de productos regionales del municipio de Boticas los días 21 y 22 de junio, ver un vídeo promocional que te ayudará a conocer no sólo este evento, sino también el espacio donde se celebrará, y también tendrás acceso a carteles y folletos promocionales.</p>
<p>El PTAT, situado en la Alameda do Tabolado, en Chaves, ya está funcionando con un horario ampliado, propio de la actual temporada alta: de lunes a domingo, de 09h00 a 20h00.</p>
<p>¡Esperamos verle por allí!</p>

<p>El 5º Festival de Turismo y Naturaleza «Cibos da Terra Barrosã» &#8211; que tendrá lugar en el Parque de la Naturaleza y de la Biodiversidad de las Boticas los días 19 y 20 de julio &#8211; se promocionará en la [&hellip;]</p>
