{"id":39535,"date":"2025-06-14T14:46:03","date_gmt":"2025-06-14T13:46:03","guid":{"rendered":"https:\/\/visitaltotamegaebarroso.pt\/events\/montalegre-rota-do-sentir\/"},"modified":"2025-06-14T14:46:03","modified_gmt":"2025-06-14T13:46:03","slug":"montalegre-rota-do-sentir","status":"publish","type":"mec-events","link":"https:\/\/visitaltotamegaebarroso.pt\/es\/events\/montalegre-rota-do-sentir\/","title":{"rendered":"Montalegre | Rota do Sentir"},"content":{"rendered":"<p>En el marco del Plan Nacional de las Artes, Montalegre acoge los d\u00edas 26 y 27 de junio la \u00abRota do Sentir\u00bb. A iniciativa pretende, atrav\u00e9s da pr\u00e1tica art\u00edstica, criar processos de reflex\u00e3o cr\u00edtica, develar o poder das artes como ferramentas essenciais para a dinamiza\u00e7\u00e3o cultural e social e observar o valor da diversidade, nomeadamente pelo habitat que elei para abrir caminho.<br \/>\nConsiderando que la diversidad es hoy uno de los principales problemas a los que se enfrentan los sistemas educativos de las democracias modernas, este seminario invita a la reflexi\u00f3n y al debate sobre el tema de la creaci\u00f3n art\u00edstica con adolescentes en una regi\u00f3n debilitada por la desertizaci\u00f3n humana. Nos interesa tanto el punto de vista de los educadores (educaci\u00f3n art\u00edstica) como el de los artistas.<\/p>\n","protected":false},"excerpt":{"rendered":"<p>En el marco del Plan Nacional de las Artes, Montalegre acoge los d\u00edas 26 y 27 de junio la \u00abRota do Sentir\u00bb. A iniciativa pretende, atrav\u00e9s da pr\u00e1tica art\u00edstica, criar processos de reflex\u00e3o cr\u00edtica, develar o poder das artes como [&hellip;]<\/p>\n","protected":false},"author":5,"featured_media":39531,"comment_status":"closed","ping_status":"closed","template":"","tags":[],"mec_category":[716,1648],"_links":{"self":[{"href":"https:\/\/visitaltotamegaebarroso.pt\/es\/wp-json\/wp\/v2\/mec-events\/39535"}],"collection":[{"href":"https:\/\/visitaltotamegaebarroso.pt\/es\/wp-json\/wp\/v2\/mec-events"}],"about":[{"href":"https:\/\/visitaltotamegaebarroso.pt\/es\/wp-json\/wp\/v2\/types\/mec-events"}],"author":[{"embeddable":true,"href":"https:\/\/visitaltotamegaebarroso.pt\/es\/wp-json\/wp\/v2\/users\/5"}],"replies":[{"embeddable":true,"href":"https:\/\/visitaltotamegaebarroso.pt\/es\/wp-json\/wp\/v2\/comments?post=39535"}],"wp:featuredmedia":[{"embeddable":true,"href":"https:\/\/visitaltotamegaebarroso.pt\/es\/wp-json\/wp\/v2\/media\/39531"}],"wp:attachment":[{"href":"https:\/\/visitaltotamegaebarroso.pt\/es\/wp-json\/wp\/v2\/media?parent=39535"}],"wp:term":[{"taxonomy":"post_tag","embeddable":true,"href":"https:\/\/visitaltotamegaebarroso.pt\/es\/wp-json\/wp\/v2\/tags?post=39535"},{"taxonomy":"mec_category","embeddable":true,"href":"https:\/\/visitaltotamegaebarroso.pt\/es\/wp-json\/wp\/v2\/mec_category?post=39535"}],"curies":[{"name":"wp","href":"https:\/\/api.w.org\/{rel}","templated":true}]}}

<p>En el marco del Plan Nacional de las Artes, Montalegre acoge los días 26 y 27 de junio la «Rota do Sentir». A iniciativa pretende, através da prática artística, criar processos de reflexão crítica, develar o poder das artes como ferramentas essenciais para a dinamização cultural e social e observar o valor da diversidade, nomeadamente pelo habitat que elei para abrir caminho.<br />
Considerando que la diversidad es hoy uno de los principales problemas a los que se enfrentan los sistemas educativos de las democracias modernas, este seminario invita a la reflexión y al debate sobre el tema de la creación artística con adolescentes en una región debilitada por la desertización humana. Nos interesa tanto el punto de vista de los educadores (educación artística) como el de los artistas.</p>

<p>En el marco del Plan Nacional de las Artes, Montalegre acoge los días 26 y 27 de junio la «Rota do Sentir». A iniciativa pretende, através da prática artística, criar processos de reflexão crítica, develar o poder das artes como [&hellip;]</p>
