{"id":39442,"date":"2025-06-10T09:35:00","date_gmt":"2025-06-10T08:35:00","guid":{"rendered":"https:\/\/visitaltotamegaebarroso.pt\/?post_type=mec-events&#038;p=39442"},"modified":"2025-06-10T09:39:32","modified_gmt":"2025-06-10T08:39:32","slug":"chaves-pintura-de-julio-ramada","status":"publish","type":"mec-events","link":"https:\/\/visitaltotamegaebarroso.pt\/es\/events\/chaves-pintura-de-julio-ramada\/","title":{"rendered":"Chaves | Pintura de J\u00falio Ramada"},"content":{"rendered":"<p>La Ejecutiva de la Uni\u00f3n de Parroquias de Vidago quiere informarles que el d\u00eda 14 de junio de 2025, a las 18h, inauguraremos la Galer\u00eda de Arte en la Capela do Cabo, con pinturas de nuestro amigo y profesor vidaguense J\u00falio Ramada.<\/p>\n<p>Por lo tanto, nos gustar\u00eda invitar a todos a estar presentes en este momento tan importante para la ciudad de Vidago.<\/p>\n<p>M\u00e1s adelante les comunicaremos el horario de apertura de la Galer\u00eda de Arte.<\/p>\n<p>Conmemoraciones del Centenario de la Villa de Vidago.<\/p>\n","protected":false},"excerpt":{"rendered":"<p>La Ejecutiva de la Uni\u00f3n de Parroquias de Vidago quiere informarles que el d\u00eda 14 de junio de 2025, a las 18h, inauguraremos la Galer\u00eda de Arte en la Capela do Cabo, con pinturas de nuestro amigo y profesor vidaguense [&hellip;]<\/p>\n","protected":false},"author":5,"featured_media":39438,"comment_status":"closed","ping_status":"closed","template":"","tags":[],"mec_category":[1668],"_links":{"self":[{"href":"https:\/\/visitaltotamegaebarroso.pt\/es\/wp-json\/wp\/v2\/mec-events\/39442"}],"collection":[{"href":"https:\/\/visitaltotamegaebarroso.pt\/es\/wp-json\/wp\/v2\/mec-events"}],"about":[{"href":"https:\/\/visitaltotamegaebarroso.pt\/es\/wp-json\/wp\/v2\/types\/mec-events"}],"author":[{"embeddable":true,"href":"https:\/\/visitaltotamegaebarroso.pt\/es\/wp-json\/wp\/v2\/users\/5"}],"replies":[{"embeddable":true,"href":"https:\/\/visitaltotamegaebarroso.pt\/es\/wp-json\/wp\/v2\/comments?post=39442"}],"wp:featuredmedia":[{"embeddable":true,"href":"https:\/\/visitaltotamegaebarroso.pt\/es\/wp-json\/wp\/v2\/media\/39438"}],"wp:attachment":[{"href":"https:\/\/visitaltotamegaebarroso.pt\/es\/wp-json\/wp\/v2\/media?parent=39442"}],"wp:term":[{"taxonomy":"post_tag","embeddable":true,"href":"https:\/\/visitaltotamegaebarroso.pt\/es\/wp-json\/wp\/v2\/tags?post=39442"},{"taxonomy":"mec_category","embeddable":true,"href":"https:\/\/visitaltotamegaebarroso.pt\/es\/wp-json\/wp\/v2\/mec_category?post=39442"}],"curies":[{"name":"wp","href":"https:\/\/api.w.org\/{rel}","templated":true}]}}

Chaves | Pintura de Júlio Ramada

<p>La Ejecutiva de la Unión de Parroquias de Vidago quiere informarles que el día 14 de junio de 2025, a las 18h, inauguraremos la Galería de Arte en la Capela do Cabo, con pinturas de nuestro amigo y profesor vidaguense Júlio Ramada.</p>
<p>Por lo tanto, nos gustaría invitar a todos a estar presentes en este momento tan importante para la ciudad de Vidago.</p>
<p>Más adelante les comunicaremos el horario de apertura de la Galería de Arte.</p>
<p>Conmemoraciones del Centenario de la Villa de Vidago.</p>

<p>La Ejecutiva de la Unión de Parroquias de Vidago quiere informarles que el día 14 de junio de 2025, a las 18h, inauguraremos la Galería de Arte en la Capela do Cabo, con pinturas de nuestro amigo y profesor vidaguense [&hellip;]</p>
