{"id":39203,"date":"2025-06-03T12:33:53","date_gmt":"2025-06-03T11:33:53","guid":{"rendered":"https:\/\/visitaltotamegaebarroso.pt\/events\/ribeira-de-pena-17-o-encuentro-de-concertinas-y-cantos-al-desafio\/"},"modified":"2025-06-03T12:33:53","modified_gmt":"2025-06-03T11:33:53","slug":"ribeira-de-pena-17-o-encuentro-de-concertinas-y-cantos-al-desafio","status":"publish","type":"mec-events","link":"https:\/\/visitaltotamegaebarroso.pt\/es\/events\/ribeira-de-pena-17-o-encuentro-de-concertinas-y-cantos-al-desafio\/","title":{"rendered":"Ribeira de Pena | 17.\u00ba Encuentro de Concertinas y Cantos al Desaf\u00edo"},"content":{"rendered":"<p>El pr\u00f3ximo 8 de junio, a las 15:00 h, la sede de la Asociaci\u00f3n Cultural y Deportiva de Agunchos acoger\u00e1 el 17.\u00ba Encuentro de Concertinas y Cantos al Desaf\u00edo.<\/p>\n<p>Este evento est\u00e1 organizado por la Asociaci\u00f3n local con el apoyo de la Junta de Freguesia de Cerva e Lim\u00f5es y del Municipio de Ribeira de Pena.<\/p>\n<p>\u00danase a nosotros y forme parte de esta celebraci\u00f3n \u00fanica, que valora nuestras ra\u00edces y da vida a nuestras tradiciones.<\/p>\n","protected":false},"excerpt":{"rendered":"<p>El pr\u00f3ximo 8 de junio, a las 15:00 h, la sede de la Asociaci\u00f3n Cultural y Deportiva de Agunchos acoger\u00e1 el 17.\u00ba Encuentro de Concertinas y Cantos al Desaf\u00edo. Este evento est\u00e1 organizado por la Asociaci\u00f3n local con el apoyo [&hellip;]<\/p>\n","protected":false},"author":5,"featured_media":39199,"comment_status":"closed","ping_status":"closed","template":"","tags":[],"mec_category":[1445,716],"_links":{"self":[{"href":"https:\/\/visitaltotamegaebarroso.pt\/es\/wp-json\/wp\/v2\/mec-events\/39203"}],"collection":[{"href":"https:\/\/visitaltotamegaebarroso.pt\/es\/wp-json\/wp\/v2\/mec-events"}],"about":[{"href":"https:\/\/visitaltotamegaebarroso.pt\/es\/wp-json\/wp\/v2\/types\/mec-events"}],"author":[{"embeddable":true,"href":"https:\/\/visitaltotamegaebarroso.pt\/es\/wp-json\/wp\/v2\/users\/5"}],"replies":[{"embeddable":true,"href":"https:\/\/visitaltotamegaebarroso.pt\/es\/wp-json\/wp\/v2\/comments?post=39203"}],"wp:featuredmedia":[{"embeddable":true,"href":"https:\/\/visitaltotamegaebarroso.pt\/es\/wp-json\/wp\/v2\/media\/39199"}],"wp:attachment":[{"href":"https:\/\/visitaltotamegaebarroso.pt\/es\/wp-json\/wp\/v2\/media?parent=39203"}],"wp:term":[{"taxonomy":"post_tag","embeddable":true,"href":"https:\/\/visitaltotamegaebarroso.pt\/es\/wp-json\/wp\/v2\/tags?post=39203"},{"taxonomy":"mec_category","embeddable":true,"href":"https:\/\/visitaltotamegaebarroso.pt\/es\/wp-json\/wp\/v2\/mec_category?post=39203"}],"curies":[{"name":"wp","href":"https:\/\/api.w.org\/{rel}","templated":true}]}}

Ribeira de Pena | 17.º Encuentro de Concertinas y Cantos al Desafío

<p>El próximo 8 de junio, a las 15:00 h, la sede de la Asociación Cultural y Deportiva de Agunchos acogerá el 17.º Encuentro de Concertinas y Cantos al Desafío.</p>
<p>Este evento está organizado por la Asociación local con el apoyo de la Junta de Freguesia de Cerva e Limões y del Municipio de Ribeira de Pena.</p>
<p>Únase a nosotros y forme parte de esta celebración única, que valora nuestras raíces y da vida a nuestras tradiciones.</p>

<p>El próximo 8 de junio, a las 15:00 h, la sede de la Asociación Cultural y Deportiva de Agunchos acogerá el 17.º Encuentro de Concertinas y Cantos al Desafío. Este evento está organizado por la Asociación local con el apoyo [&hellip;]</p>
