{"id":39140,"date":"2025-06-02T15:18:46","date_gmt":"2025-06-02T14:18:46","guid":{"rendered":"https:\/\/visitaltotamegaebarroso.pt\/events\/chaves-marchas-populares-de-chaves-2025\/"},"modified":"2025-06-02T15:18:46","modified_gmt":"2025-06-02T14:18:46","slug":"chaves-marchas-populares-de-chaves-2025","status":"publish","type":"mec-events","link":"https:\/\/visitaltotamegaebarroso.pt\/es\/events\/chaves-marchas-populares-de-chaves-2025\/","title":{"rendered":"Chaves | Marchas Populares de Chaves 2025"},"content":{"rendered":"<div>Con la 4\u00aa edici\u00f3n de las Marchas Populares Chaves 2025, la Asociaci\u00f3n Cultural Flavio pretende estimular y promover las ra\u00edces populares, encontr\u00e1ndose con los gustos y tradiciones populares, reforzando el sentido de la fiesta como espacio de construcci\u00f3n colectiva de una entidad com\u00fan, estimulando la preservaci\u00f3n de las tradiciones para garantizar su perpetuaci\u00f3n.<\/div>\n<div>Las comparsas desfilar\u00e1n desde la Pra\u00e7a de Cam\u00f5es, llevando color, alegr\u00eda y m\u00fasica a las calles de la ciudad, hasta la Alameda Galinheira, en la Madalena, donde har\u00e1n una presentaci\u00f3n p\u00fablica de la marcha en competici\u00f3n, que despu\u00e9s ser\u00e1 sometida a la evaluaci\u00f3n de un jurado.<\/div>\n<div>El recinto ferial se llenar\u00e1 de animaci\u00f3n y gastronom\u00eda, as\u00ed como de una feria de productos locales, y la velada terminar\u00e1 con un baile al son de la m\u00fasica popular.<\/div>\n<div><\/div>\n<div>Organiza: Associa\u00e7\u00e3o Cultural Flaviense<\/div>\n<div>Apoyo: Ayuntamiento de Chaves<\/div>\n","protected":false},"excerpt":{"rendered":"<p>Con la 4\u00aa edici\u00f3n de las Marchas Populares Chaves 2025, la Asociaci\u00f3n Cultural Flavio pretende estimular y promover las ra\u00edces populares, encontr\u00e1ndose con los gustos y tradiciones populares, reforzando el sentido de la fiesta como espacio de construcci\u00f3n colectiva de [&hellip;]<\/p>\n","protected":false},"author":5,"featured_media":39136,"comment_status":"closed","ping_status":"closed","template":"","tags":[],"mec_category":[716],"_links":{"self":[{"href":"https:\/\/visitaltotamegaebarroso.pt\/es\/wp-json\/wp\/v2\/mec-events\/39140"}],"collection":[{"href":"https:\/\/visitaltotamegaebarroso.pt\/es\/wp-json\/wp\/v2\/mec-events"}],"about":[{"href":"https:\/\/visitaltotamegaebarroso.pt\/es\/wp-json\/wp\/v2\/types\/mec-events"}],"author":[{"embeddable":true,"href":"https:\/\/visitaltotamegaebarroso.pt\/es\/wp-json\/wp\/v2\/users\/5"}],"replies":[{"embeddable":true,"href":"https:\/\/visitaltotamegaebarroso.pt\/es\/wp-json\/wp\/v2\/comments?post=39140"}],"wp:featuredmedia":[{"embeddable":true,"href":"https:\/\/visitaltotamegaebarroso.pt\/es\/wp-json\/wp\/v2\/media\/39136"}],"wp:attachment":[{"href":"https:\/\/visitaltotamegaebarroso.pt\/es\/wp-json\/wp\/v2\/media?parent=39140"}],"wp:term":[{"taxonomy":"post_tag","embeddable":true,"href":"https:\/\/visitaltotamegaebarroso.pt\/es\/wp-json\/wp\/v2\/tags?post=39140"},{"taxonomy":"mec_category","embeddable":true,"href":"https:\/\/visitaltotamegaebarroso.pt\/es\/wp-json\/wp\/v2\/mec_category?post=39140"}],"curies":[{"name":"wp","href":"https:\/\/api.w.org\/{rel}","templated":true}]}}

<div>Con la 4ª edición de las Marchas Populares Chaves 2025, la Asociación Cultural Flavio pretende estimular y promover las raíces populares, encontrándose con los gustos y tradiciones populares, reforzando el sentido de la fiesta como espacio de construcción colectiva de una entidad común, estimulando la preservación de las tradiciones para garantizar su perpetuación.</div>
<div>Las comparsas desfilarán desde la Praça de Camões, llevando color, alegría y música a las calles de la ciudad, hasta la Alameda Galinheira, en la Madalena, donde harán una presentación pública de la marcha en competición, que después será sometida a la evaluación de un jurado.</div>
<div>El recinto ferial se llenará de animación y gastronomía, así como de una feria de productos locales, y la velada terminará con un baile al son de la música popular.</div>
<div></div>
<div>Organiza: Associação Cultural Flaviense</div>
<div>Apoyo: Ayuntamiento de Chaves</div>

<p>Con la 4ª edición de las Marchas Populares Chaves 2025, la Asociación Cultural Flavio pretende estimular y promover las raíces populares, encontrándose con los gustos y tradiciones populares, reforzando el sentido de la fiesta como espacio de construcción colectiva de [&hellip;]</p>
